{"id":202,"date":"2026-01-28T12:18:14","date_gmt":"2026-01-28T15:18:14","guid":{"rendered":"https:\/\/www.ufmg.br\/drca\/?page_id=202"},"modified":"2026-04-23T09:41:34","modified_gmt":"2026-04-23T12:41:34","slug":"equipe","status":"publish","type":"page","link":"https:\/\/www.ufmg.br\/drca\/equipe\/","title":{"rendered":"Equipe"},"content":{"rendered":"\n<div class=\"wp-block-group\"><div class=\"wp-block-group__inner-container is-layout-constrained wp-block-group-is-layout-constrained\">\n<figure class=\"wp-block-table\"><table class=\"has-vivid-cyan-blue-color has-text-color has-link-color has-fixed-layout\"><thead><tr><th><strong>SETOR<\/strong><\/th><th><strong>CHEFIA<\/strong><\/th><\/tr><\/thead><tbody><tr><td>DIRETORIA<\/td><td>Diretora: Mara Inez Corr\u00eaa de Souza Pires<br>Vice-diretora: Gl\u00e1ucia Santos dos Reis<\/td><\/tr><tr><td>ASSIST\u00caNCIA<\/td><td>Coordenadora: Ma\u00edra de Souza Borges Begalli<br><\/td><\/tr><tr><td>DIVIS\u00c3O DE REGISTRO E CONTROLE ACAD\u00caMICO DE GRADUA\u00c7\u00c3O<\/td><td>Diretor: Diego Sousa Porto<br>Subchefe: Jo\u00e3o Luiz Carvalho Vieira<\/td><\/tr><tr><td>DIVIS\u00c3O DE REGISTRO E CONTROLE ACAD\u00caMICO DE P\u00d3S-GRADUA\u00c7\u00c3O<\/td><td>Diretora: Ana Paula da Cunha Campos<br>Subchefe: Jusciane de Sousa Silva Rodrigues<\/td><\/tr><tr><td>DIVIS\u00c3O DE REGISTRO DE DIPLOMAS<\/td><td>Diretora: Luciana Moreira de Avelar<br>Subchefe: Beatriz Maria Raymundo Marchito<\/td><\/tr><tr><td>COORDENA\u00c7\u00c3O DE OFERTA E MATR\u00cdCULA<\/td><td>Coordenador: Luiz Paulo de Souza<br>Subcoordenadora: Marina de Freitas Fernandes<\/td><\/tr><tr><td>GEST\u00c3O E COLETA DE DADOS<strong><br><\/strong><\/td><td>Chefe de Se\u00e7\u00e3o: Polyana Barbosa Santos<\/td><\/tr><tr><td>DIVIS\u00c3O ADMINISTRATIVA<br><\/td><td>Coordenador: Edson Ferreira da Rocha<br><\/td><\/tr><tr><td>SUPORTE DE INFORM\u00c1TICA<br><\/td><td>Chefe de Se\u00e7\u00e3o: Maycon Costa Pereira<\/td><\/tr><\/tbody><\/table><\/figure>\n<\/div><\/div>\n","protected":false},"excerpt":{"rendered":"<p>SETOR CHEFIA DIRETORIA Diretora: Mara Inez Corr\u00eaa de Souza PiresVice-diretora: Gl\u00e1ucia Santos dos Reis ASSIST\u00caNCIA Coordenadora: Ma\u00edra de Souza Borges Begalli DIVIS\u00c3O DE REGISTRO E CONTROLE ACAD\u00caMICO DE GRADUA\u00c7\u00c3O Diretor: Diego Sousa PortoSubchefe: Jo\u00e3o Luiz Carvalho Vieira DIVIS\u00c3O DE REGISTRO E CONTROLE ACAD\u00caMICO DE P\u00d3S-GRADUA\u00c7\u00c3O Diretora: Ana Paula da Cunha CamposSubchefe: Jusciane de Sousa Silva [&hellip;]<\/p>\n","protected":false},"author":4,"featured_media":0,"parent":0,"menu_order":0,"comment_status":"closed","ping_status":"closed","template":"","meta":{"_acf_changed":false,"_crdt_document":"{\"document\":\"AAAG1a+pgR8eFQgOqDEBAxACAQIKAEoQAgECCgEESgArKAMnAAQAJwAEACcAKAQnACgGJwAHACgDJwAoAScABwAoAycAKAAnACgEJ\/wQwBBzdGF0ZXZlcnNpb25kb2N1bWVudGRhdGVkb2N1bWVudHNsdWdkb2N1bWVudHN0YXR1c2RvY3VtZW50dGl0bGVFcXVpcGVkb2N1bWVudGNvbnRlbnQ8IS0tIHdwOmdyb3VwIHsibGF5b3V0Ijp7InR5cGUiOiJjb25zdHJhaW5lZCJ9fSAtLT4KPGRpdiBjbGFzcz0id3AtYmxvY2stZ3JvdXAiPjwhLS0gd3A6dGFibGUgeyJzdHlsZSI6eyJlbGVtZW50cyI6eyJsaW5rIjp7ImNvbG9yIjp7InRleHQiOiJ2YXI6cHJlc2V0fGNvbG9yfHZpdmlkLWN5YW4tYmx1ZSJ9fX19LCJ0ZXh0Q29sb3IiOiJ2aXZpZC1jeWFuLWJsdWUifSAtLT4KPGZpZ3VyZSBjbGFzcz0id3AtYmxvY2stdGFibGUiPjx0YWJsZSBjbGFzcz0iaGFzLXZpdmlkLWN5YW4tYmx1ZS1jb2xvciBoYXMtdGV4dC1jb2xvciBoYXMtbGluay1jb2xvciBoYXMtZml4ZWQtbGF5b3V0Ij48dGhlYWQ+PHRyPjx0aD48c3Ryb25nPlNFVE9SPC9zdHJvbmc+PC90aD48dGg+PHN0cm9uZz5DSEVGSUE8L3N0cm9uZz48L3RoPjwvdHI+PC90aGVhZD48dGJvZHk+PHRyPjx0ZD5ESVJFVE9SSUE8L3RkPjx0ZD5EaXJldG9yYTogTWFyYSBJbmV6IENvcnLDqmEgZGUgU291emEgUGlyZXM8YnI+VmljZS1kaXJldG9yYTogR2zDoXVjaWEgU2FudG9zIGRvcyBSZWlzPC90ZD48L3RyPjx0cj48dGQ+QVNTSVNUw4pOQ0lBPC90ZD48dGQ+Q29vcmRlbmFkb3JhOiBNYcOtcmEgZGUgU291emEgQm9yZ2VzIEJlZ2FsbGk8YnI+PC90ZD48L3RyPjx0cj48dGQ+RElWSVPDg08gREUgUkVHSVNUUk8gRSBDT05UUk9MRSBBQ0FEw4pNSUNPIERFIEdSQURVQcOHw4NPPC90ZD48dGQ+RGlyZXRvcjogRGllZ28gU291c2EgUG9ydG88YnI+U3ViY2hlZmU6IEpvw6NvIEx1aXogQ2FydmFsaG8gVmllaXJhPC90ZD48L3RyPjx0cj48dGQ+RElWSVPDg08gREUgUkVHSVNUUk8gRSBDT05UUk9MRSBBQ0FEw4pNSUNPIERFIFDDk1MtR1JBRFVBw4fDg088L3RkPjx0ZD5EaXJldG9yYTogQW5hIFBhdWxhIGRhIEN1bmhhIENhbXBvczxicj5TdWJjaGVmZTogSnVzY2lhbmUgZGUgU291c2EgU2lsdmEgUm9kcmlndWVzPC90ZD48L3RyPjx0cj48dGQ+RElWSVPDg08gREUgUkVHSVNUUk8gREUgRElQTE9NQVM8L3RkPjx0ZD5EaXJldG9yYTogTHVjaWFuYSBNb3JlaXJhIGRlIEF2ZWxhcjxicj5TdWJjaGVmZTogQmVhdHJpeiBNYXJpYSBSYXltdW5kbyBNYXJjaGl0bzwvdGQ+PC90cj48dHI+PHRkPkNPT1JERU5Bw4fDg08gREUgT0ZFUlRBIEUgTUFUUsONQ1VMQTwvdGQ+PHRkPkNvb3JkZW5hZG9yOiBMdWl6IFBhdWxvIGRlIFNvdXphPGJyPlN1YmNvb3JkZW5hZG9yYTogTWFyaW5hIGRlIEZyZWl0YXMgRmVybmFuZGVzPC90ZD48L3RyPjx0cj48dGQ+R0VTVMODTyBFIENPTEVUQSBERSBEQURPUzxzdHJvbmc+PGJyPjwvc3Ryb25nPjwvdGQ+PHRkPkNoZWZlIGRlIFNlw6fDo286IFBvbHlhbmEgQmFyYm9zYSBTYW50b3M8L3RkPjwvdHI+PHRyPjx0ZD5ESVZJU8ODTyBBRE1JTklTVFJBVElWQTxicj48L3RkPjx0ZD5Db29yZGVuYWRvcjogRWRzb24gRmVycmVpcmEgZGEgUm9jaGE8YnI+PC90ZD48L3RyPjx0cj48dGQ+U1VQT1JURSBERSBJTkZPUk3DgVRJQ0E8YnI+PC90ZD48dGQ+Q2hlZmUgZGUgU2XDp8OjbzogTWF5Y29uIENvc3RhIFBlcmVpcmE8L3RkPjwvdHI+PC90Ym9keT48L3RhYmxlPjwvZmlndXJlPgo8IS0tIC93cDp0YWJsZSAtLT48L2Rpdj4KPCEtLSAvd3A6Z3JvdXAgLS0+ZG9jdW1lbnRleGNlcnB0ZG9jdW1lbnRhdXRob3Jkb2N1bWVudGZlYXR1cmVkX21lZGlhZG9jdW1lbnRjb21tZW50X3N0YXR1c2RvY3VtZW50cGluZ19zdGF0dXNkb2N1bWVudHRlbXBsYXRlZG9jdW1lbnRtZXRhX2FjZl9jaGFuZ2VkZm9vdG5vdGVzX2VsZW1lbnRvcl9lZGl0X21vZGVfZWxlbWVudG9yX3RlbXBsYXRlX3R5cGVfZWxlbWVudG9yX2RhdGFfZWxlbWVudG9yX3BhZ2Vfc2V0dGluZ3Nkb2N1bWVudGZvbGRlcmRvY3VtZW50YmxvY2tzY2xpZW50SWRpc1ZhbGlkb3JpZ2luYWxDb250ZW50bmFtZWF0dHJpYnV0ZXN0YWdOYW1lbGF5b3V0aW5uZXJCbG9ja3NjbGllbnRJZGlzVmFsaWRvcmlnaW5hbENvbnRlbnRuYW1lYXR0cmlidXRlc2hhc0ZpeGVkTGF5b3V0Y2FwdGlvbmhlYWRib2R5Zm9vdHN0eWxldGV4dENvbG9yaW5uZXJCbG9ja3MFBwgECAQIBggFBggHrRgIBwgGCA4IDggLSAEEDAkUGA8YCAYIBggHDwQKBwYLCAcPBAoOB0QBBQkLDwEEAAABAAAAAQYABQEBAAtCAQEAQQAAQQACAAJBHgEuAH0BdxMyMDI2LTAxLTI4VDEyOjE4OjE0dwZlcXVpcGV3B3B1Ymxpc2h9BH0AdwZjbG9zZWR3BmNsb3NlZHcAeXcAdwB3AHcAfnUAdyQzMDY3N2IyYS1jOTc1LTQ1NTAtYjY0Mi1jMjgwZjZlZTkzMjl4dyI8ZGl2IGNsYXNzPSJ3cC1ibG9jay1ncm91cCI+PC9kaXY+dwpjb3JlL2dyb3VwdwNkaXZ2AQR0eXBldwtjb25zdHJhaW5lZHckMmE5NTgzNTItZWQxZS00OTM5LThjM2QtNTIxZTdhMmIxZDFieHfECjxmaWd1cmUgY2xhc3M9IndwLWJsb2NrLXRhYmxlIj48dGFibGUgY2xhc3M9Imhhcy12aXZpZC1jeWFuLWJsdWUtY29sb3IgaGFzLXRleHQtY29sb3IgaGFzLWxpbmstY29sb3IgaGFzLWZpeGVkLWxheW91dCI+PHRoZWFkPjx0cj48dGg+PHN0cm9uZz5TRVRPUjwvc3Ryb25nPjwvdGg+PHRoPjxzdHJvbmc+Q0hFRklBPC9zdHJvbmc+PC90aD48L3RyPjwvdGhlYWQ+PHRib2R5Pjx0cj48dGQ+RElSRVRPUklBPC90ZD48dGQ+RGlyZXRvcmE6IE1hcmEgSW5leiBDb3Jyw6phIGRlIFNvdXphIFBpcmVzPGJyPlZpY2UtZGlyZXRvcmE6IEdsw6F1Y2lhIFNhbnRvcyBkb3MgUmVpczwvdGQ+PC90cj48dHI+PHRkPkFTU0lTVMOKTkNJQTwvdGQ+PHRkPkNvb3JkZW5hZG9yYTogTWHDrXJhIGRlIFNvdXphIEJvcmdlcyBCZWdhbGxpPGJyPjwvdGQ+PC90cj48dHI+PHRkPkRJVklTw4NPIERFIFJFR0lTVFJPIEUgQ09OVFJPTEUgQUNBRMOKTUlDTyBERSBHUkFEVUHDh8ODTzwvdGQ+PHRkPkRpcmV0b3I6IERpZWdvIFNvdXNhIFBvcnRvPGJyPlN1YmNoZWZlOiBKb8OjbyBMdWl6IENhcnZhbGhvIFZpZWlyYTwvdGQ+PC90cj48dHI+PHRkPkRJVklTw4NPIERFIFJFR0lTVFJPIEUgQ09OVFJPTEUgQUNBRMOKTUlDTyBERSBQw5NTLUdSQURVQcOHw4NPPC90ZD48dGQ+RGlyZXRvcmE6IEFuYSBQYXVsYSBkYSBDdW5oYSBDYW1wb3M8YnI+U3ViY2hlZmU6IEp1c2NpYW5lIGRlIFNvdXNhIFNpbHZhIFJvZHJpZ3VlczwvdGQ+PC90cj48dHI+PHRkPkRJVklTw4NPIERFIFJFR0lTVFJPIERFIERJUExPTUFTPC90ZD48dGQ+RGlyZXRvcmE6IEx1Y2lhbmEgTW9yZWlyYSBkZSBBdmVsYXI8YnI+U3ViY2hlZmU6IEJlYXRyaXogTWFyaWEgUmF5bXVuZG8gTWFyY2hpdG88L3RkPjwvdHI+PHRyPjx0ZD5DT09SREVOQcOHw4NPIERFIE9GRVJUQSBFIE1BVFLDjUNVTEE8L3RkPjx0ZD5Db29yZGVuYWRvcjogTHVpeiBQYXVsbyBkZSBTb3V6YTxicj5TdWJjb29yZGVuYWRvcmE6IE1hcmluYSBkZSBGcmVpdGFzIEZlcm5hbmRlczwvdGQ+PC90cj48dHI+PHRkPkdFU1TDg08gRSBDT0xFVEEgREUgREFET1M8c3Ryb25nPjxicj48L3N0cm9uZz48L3RkPjx0ZD5DaGVmZSBkZSBTZcOnw6NvOiBQb2x5YW5hIEJhcmJvc2EgU2FudG9zPC90ZD48L3RyPjx0cj48dGQ+RElWSVPDg08gQURNSU5JU1RSQVRJVkE8YnI+PC90ZD48dGQ+Q29vcmRlbmFkb3I6IEVkc29uIEZlcnJlaXJhIGRhIFJvY2hhPGJyPjwvdGQ+PC90cj48dHI+PHRkPlNVUE9SVEUgREUgSU5GT1JNw4FUSUNBPGJyPjwvdGQ+PHRkPkNoZWZlIGRlIFNlw6fDo286IE1heWNvbiBDb3N0YSBQZXJlaXJhPC90ZD48L3RyPjwvdGJvZHk+PC90YWJsZT48L2ZpZ3VyZT53CmNvcmUvdGFibGV4dQF2AQVjZWxsc3UCdgYHY29udGVudHcWPHN0cm9uZz5TRVRPUjwvc3Ryb25nPgN0YWd3AnRoBXNjb3BlfwVhbGlnbn8HY29sc3Bhbn8Hcm93c3Bhbn92Bgdjb250ZW50dxc8c3Ryb25nPkNIRUZJQTwvc3Ryb25nPgN0YWd3AnRoBXNjb3BlfwVhbGlnbn8HY29sc3Bhbn8Hcm93c3Bhbn91CXYBBWNlbGxzdQJ2Bgdjb250ZW50dwlESVJFVE9SSUEDdGFndwJ0ZAVzY29wZX8FYWxpZ25\/B2NvbHNwYW5\/B3Jvd3NwYW5\/dgYHY29udGVudHdVRGlyZXRvcmE6IE1hcmEgSW5leiBDb3Jyw6phIGRlIFNvdXphIFBpcmVzPGJyPlZpY2UtZGlyZXRvcmE6IEdsw6F1Y2lhIFNhbnRvcyBkb3MgUmVpcwN0YWd3AnRkBXNjb3BlfwVhbGlnbn8HY29sc3Bhbn8Hcm93c3Bhbn92AQVjZWxsc3UCdgYHY29udGVudHcMQVNTSVNUw4pOQ0lBA3RhZ3cCdGQFc2NvcGV\/BWFsaWdufwdjb2xzcGFufwdyb3dzcGFuf3YGB2NvbnRlbnR3MENvb3JkZW5hZG9yYTogTWHDrXJhIGRlIFNvdXphIEJvcmdlcyBCZWdhbGxpPGJyPgN0YWd3AnRkBXNjb3BlfwVhbGlnbn8HY29sc3Bhbn8Hcm93c3Bhbn92AQVjZWxsc3UCdgYHY29udGVudHc5RElWSVPDg08gREUgUkVHSVNUUk8gRSBDT05UUk9MRSBBQ0FEw4pNSUNPIERFIEdSQURVQcOHw4NPA3RhZ3cCdGQFc2NvcGV\/BWFsaWdufwdjb2xzcGFufwdyb3dzcGFuf3YGB2NvbnRlbnR3QkRpcmV0b3I6IERpZWdvIFNvdXNhIFBvcnRvPGJyPlN1YmNoZWZlOiBKb8OjbyBMdWl6IENhcnZhbGhvIFZpZWlyYQN0YWd3AnRkBXNjb3BlfwVhbGlnbn8HY29sc3Bhbn8Hcm93c3Bhbn92AQVjZWxsc3UCdgYHY29udGVudHc+RElWSVPDg08gREUgUkVHSVNUUk8gRSBDT05UUk9MRSBBQ0FEw4pNSUNPIERFIFDDk1MtR1JBRFVBw4fDg08DdGFndwJ0ZAVzY29wZX8FYWxpZ25\/B2NvbHNwYW5\/B3Jvd3NwYW5\/dgYHY29udGVudHdSRGlyZXRvcmE6IEFuYSBQYXVsYSBkYSBDdW5oYSBDYW1wb3M8YnI+U3ViY2hlZmU6IEp1c2NpYW5lIGRlIFNvdXNhIFNpbHZhIFJvZHJpZ3VlcwN0YWd3AnRkBXNjb3BlfwVhbGlnbn8HY29sc3Bhbn8Hcm93c3Bhbn92AQVjZWxsc3UCdgYHY29udGVudHcgRElWSVPDg08gREUgUkVHSVNUUk8gREUgRElQTE9NQVMDdGFndwJ0ZAVzY29wZX8FYWxpZ25\/B2NvbHNwYW5\/B3Jvd3NwYW5\/dgYHY29udGVudHdQRGlyZXRvcmE6IEx1Y2lhbmEgTW9yZWlyYSBkZSBBdmVsYXI8YnI+U3ViY2hlZmU6IEJlYXRyaXogTWFyaWEgUmF5bXVuZG8gTWFyY2hpdG8DdGFndwJ0ZAVzY29wZX8FYWxpZ25\/B2NvbHNwYW5\/B3Jvd3NwYW5\/dgEFY2VsbHN1AnYGB2NvbnRlbnR3JENPT1JERU5Bw4fDg08gREUgT0ZFUlRBIEUgTUFUUsONQ1VMQQN0YWd3AnRkBXNjb3BlfwVhbGlnbn8HY29sc3Bhbn8Hcm93c3Bhbn92Bgdjb250ZW50d1BDb29yZGVuYWRvcjogTHVpeiBQYXVsbyBkZSBTb3V6YTxicj5TdWJjb29yZGVuYWRvcmE6IE1hcmluYSBkZSBGcmVpdGFzIEZlcm5hbmRlcwN0YWd3AnRkBXNjb3BlfwVhbGlnbn8HY29sc3Bhbn8Hcm93c3Bhbn92AQVjZWxsc3UCdgYHY29udGVudHcuR0VTVMODTyBFIENPTEVUQSBERSBEQURPUzxzdHJvbmc+PGJyPjwvc3Ryb25nPgN0YWd3AnRkBXNjb3BlfwVhbGlnbn8HY29sc3Bhbn8Hcm93c3Bhbn92Bgdjb250ZW50dyhDaGVmZSBkZSBTZcOnw6NvOiBQb2x5YW5hIEJhcmJvc2EgU2FudG9zA3RhZ3cCdGQFc2NvcGV\/BWFsaWdufwdjb2xzcGFufwdyb3dzcGFuf3YBBWNlbGxzdQJ2Bgdjb250ZW50dxtESVZJU8ODTyBBRE1JTklTVFJBVElWQTxicj4DdGFndwJ0ZAVzY29wZX8FYWxpZ25\/B2NvbHNwYW5\/B3Jvd3NwYW5\/dgYHY29udGVudHcoQ29vcmRlbmFkb3I6IEVkc29uIEZlcnJlaXJhIGRhIFJvY2hhPGJyPgN0YWd3AnRkBXNjb3BlfwVhbGlnbn8HY29sc3Bhbn8Hcm93c3Bhbn92AQVjZWxsc3UCdgYHY29udGVudHcbU1VQT1JURSBERSBJTkZPUk3DgVRJQ0E8YnI+A3RhZ3cCdGQFc2NvcGV\/BWFsaWdufwdjb2xzcGFufwdyb3dzcGFuf3YGB2NvbnRlbnR3JkNoZWZlIGRlIFNlw6fDo286IE1heWNvbiBDb3N0YSBQZXJlaXJhA3RhZ3cCdGQFc2NvcGV\/BWFsaWdufwdjb2xzcGFufwdyb3dzcGFuf3UAdgEIZWxlbWVudHN2AQRsaW5rdgEFY29sb3J2AQR0ZXh0dyB2YXI6cHJlc2V0fGNvbG9yfHZpdmlkLWN5YW4tYmx1ZXcPdml2aWQtY3lhbi1ibHVlAA==\",\"updateId\":448078103}","footnotes":""},"folder":[],"class_list":["post-202","page","type-page","status-publish","hentry"],"acf":[],"_links":{"self":[{"href":"https:\/\/www.ufmg.br\/drca\/wp-json\/wp\/v2\/pages\/202","targetHints":{"allow":["GET"]}}],"collection":[{"href":"https:\/\/www.ufmg.br\/drca\/wp-json\/wp\/v2\/pages"}],"about":[{"href":"https:\/\/www.ufmg.br\/drca\/wp-json\/wp\/v2\/types\/page"}],"author":[{"embeddable":true,"href":"https:\/\/www.ufmg.br\/drca\/wp-json\/wp\/v2\/users\/4"}],"replies":[{"embeddable":true,"href":"https:\/\/www.ufmg.br\/drca\/wp-json\/wp\/v2\/comments?post=202"}],"version-history":[{"count":11,"href":"https:\/\/www.ufmg.br\/drca\/wp-json\/wp\/v2\/pages\/202\/revisions"}],"predecessor-version":[{"id":1524,"href":"https:\/\/www.ufmg.br\/drca\/wp-json\/wp\/v2\/pages\/202\/revisions\/1524"}],"wp:attachment":[{"href":"https:\/\/www.ufmg.br\/drca\/wp-json\/wp\/v2\/media?parent=202"}],"wp:term":[{"taxonomy":"folder","embeddable":true,"href":"https:\/\/www.ufmg.br\/drca\/wp-json\/wp\/v2\/folder?post=202"}],"curies":[{"name":"wp","href":"https:\/\/api.w.org\/{rel}","templated":true}]}}