
{"id":16,"date":"2020-11-20T10:14:52","date_gmt":"2020-11-20T13:14:52","guid":{"rendered":"https:\/\/www.ufmg.br\/dri\/desafiosglobais\/?page_id=16"},"modified":"2021-03-02T15:51:38","modified_gmt":"2021-03-02T18:51:38","slug":"comprar-colecao-fisica","status":"publish","type":"page","link":"https:\/\/www.ufmg.br\/dri\/desafiosglobais\/comprar-colecao-fisica\/","title":{"rendered":"Comprar a Cole\u00e7\u00e3o"},"content":{"rendered":"\n<p><\/p>\n\n\n\n<p>Para comprar a vers\u00e3o impressa da Cole\u00e7\u00e3o Desafios Globais, clique sobre o bot\u00e3o abaixo. Voc\u00ea ser\u00e1 redirecionado para o site da Editora UFMG.<\/p>\n\n\n\n<div class=\"wp-block-buttons aligncenter\">\n<div class=\"wp-block-button\"><a class=\"wp-block-button__link has-text-color has-background\" href=\"https:\/\/www.editora.ufmg.br\/\" style=\"border-radius:2px;background-color:#ba0c49;color:#fffffa\" target=\"_blank\" rel=\"noopener noreferrer\">Ir para o site da Editora UFMG<\/a><\/div>\n<\/div>\n\n\n\n<p><\/p>\n","protected":false},"excerpt":{"rendered":"<p>Para comprar a vers\u00e3o impressa da Cole\u00e7\u00e3o Desafios Globais, clique sobre o bot\u00e3o abaixo. Voc\u00ea ser\u00e1 redirecionado para o site da Editora UFMG.<\/p>\n","protected":false},"author":1,"featured_media":0,"parent":0,"menu_order":0,"comment_status":"closed","ping_status":"closed","template":"","meta":[],"categories":[],"_links":{"self":[{"href":"https:\/\/www.ufmg.br\/dri\/desafiosglobais\/wp-json\/wp\/v2\/pages\/16"}],"collection":[{"href":"https:\/\/www.ufmg.br\/dri\/desafiosglobais\/wp-json\/wp\/v2\/pages"}],"about":[{"href":"https:\/\/www.ufmg.br\/dri\/desafiosglobais\/wp-json\/wp\/v2\/types\/page"}],"author":[{"embeddable":true,"href":"https:\/\/www.ufmg.br\/dri\/desafiosglobais\/wp-json\/wp\/v2\/users\/1"}],"replies":[{"embeddable":true,"href":"https:\/\/www.ufmg.br\/dri\/desafiosglobais\/wp-json\/wp\/v2\/comments?post=16"}],"version-history":[{"count":4,"href":"https:\/\/www.ufmg.br\/dri\/desafiosglobais\/wp-json\/wp\/v2\/pages\/16\/revisions"}],"predecessor-version":[{"id":98,"href":"https:\/\/www.ufmg.br\/dri\/desafiosglobais\/wp-json\/wp\/v2\/pages\/16\/revisions\/98"}],"wp:attachment":[{"href":"https:\/\/www.ufmg.br\/dri\/desafiosglobais\/wp-json\/wp\/v2\/media?parent=16"}],"wp:term":[{"taxonomy":"category","embeddable":true,"href":"https:\/\/www.ufmg.br\/dri\/desafiosglobais\/wp-json\/wp\/v2\/categories?post=16"}],"curies":[{"name":"wp","href":"https:\/\/api.w.org\/{rel}","templated":true}]}}