{"id":1351,"date":"2023-11-01T08:52:00","date_gmt":"2023-11-01T11:52:00","guid":{"rendered":"https:\/\/www.ufmg.br\/egdi\/?page_id=1351"},"modified":"2024-11-11T22:26:15","modified_gmt":"2024-11-12T00:26:15","slug":"glossario","status":"publish","type":"page","link":"https:\/\/www.ufmg.br\/egdi\/glossario\/","title":{"rendered":"Gloss\u00e1rio"},"content":{"rendered":"\n<p><strong>Servidores docentes<\/strong>&nbsp;\u2013 professores efetivos, estatut\u00e1rios; n\u00e3o inclui os professores tempor\u00e1rios e volunt\u00e1rios da UFMG.<\/p>\n\n\n\n<p><strong>Servidores t\u00e9cnicos-administrativos<\/strong>&nbsp;\u2013 t\u00e9cnicos-administrativos em educa\u00e7\u00e3o, estatut\u00e1rios; n\u00e3o inclui os trabalhadores celetistas da UFMG.<\/p>\n\n\n\n<p><strong>Estudantes<\/strong>\u00a0\u2013 estudantes matriculados, ativos em cursos de educa\u00e7\u00e3o b\u00e1sica, profissional e superior da UFMG, al\u00e9m de residentes m\u00e9dicos. <\/p>\n\n\n\n<p><strong>Cursos<\/strong>&nbsp;\u2013 percursos de forma\u00e7\u00e3o a serem cumpridos por estudantes da UFMG, durante a vig\u00eancia de suas matr\u00edculas.<\/p>\n\n\n\n<p><strong>Programas de p\u00f3s-gradua\u00e7\u00e3o<\/strong>&nbsp;\u2013 unidades organizacionais da p\u00f3s-gradua\u00e7\u00e3o, compreendem os cursos de mestrado e\/ou de doutorado da UFMG.<\/p>\n\n\n\n<p><strong>Grupos de pesquisa<\/strong>&nbsp;\u2013 grupos de investiga\u00e7\u00e3o cient\u00edfica cadastrados no Diret\u00f3rio de Grupos de Pesquisa do CNPq (Conselho Nacional de Desenvolvimento Cient\u00edfico e Tecnol\u00f3gico).<\/p>\n\n\n\n<p><strong>Projetos<\/strong>&nbsp;\u2013 projetos formais, de pesquisa ou de extens\u00e3o, em andamento, relacionados na Plataforma Sucupira da CAPES (Coordena\u00e7\u00e3o de Aperfei\u00e7oamento de Pessoal de N\u00edvel Superior) ou no SIEX (Sistema de Informa\u00e7\u00e3o da Extens\u00e3o) da UFMG.<\/p>\n","protected":false},"excerpt":{"rendered":"<p>Servidores docentes&nbsp;\u2013 professores efetivos, estatut\u00e1rios; n\u00e3o inclui os professores tempor\u00e1rios e volunt\u00e1rios da UFMG. Servidores t\u00e9cnicos-administrativos&nbsp;\u2013 t\u00e9cnicos-administrativos em educa\u00e7\u00e3o, estatut\u00e1rios; n\u00e3o inclui os trabalhadores celetistas da UFMG. Estudantes\u00a0\u2013 estudantes matriculados, ativos em cursos de educa\u00e7\u00e3o b\u00e1sica, profissional e superior da UFMG, al\u00e9m de residentes m\u00e9dicos. Cursos&nbsp;\u2013 percursos de forma\u00e7\u00e3o a serem cumpridos por estudantes da [&hellip;]<\/p>\n","protected":false},"author":1,"featured_media":0,"parent":0,"menu_order":14,"comment_status":"closed","ping_status":"closed","template":"","meta":[],"acf":[],"_links":{"self":[{"href":"https:\/\/www.ufmg.br\/egdi\/wp-json\/wp\/v2\/pages\/1351"}],"collection":[{"href":"https:\/\/www.ufmg.br\/egdi\/wp-json\/wp\/v2\/pages"}],"about":[{"href":"https:\/\/www.ufmg.br\/egdi\/wp-json\/wp\/v2\/types\/page"}],"author":[{"embeddable":true,"href":"https:\/\/www.ufmg.br\/egdi\/wp-json\/wp\/v2\/users\/1"}],"replies":[{"embeddable":true,"href":"https:\/\/www.ufmg.br\/egdi\/wp-json\/wp\/v2\/comments?post=1351"}],"version-history":[{"count":4,"href":"https:\/\/www.ufmg.br\/egdi\/wp-json\/wp\/v2\/pages\/1351\/revisions"}],"predecessor-version":[{"id":1829,"href":"https:\/\/www.ufmg.br\/egdi\/wp-json\/wp\/v2\/pages\/1351\/revisions\/1829"}],"wp:attachment":[{"href":"https:\/\/www.ufmg.br\/egdi\/wp-json\/wp\/v2\/media?parent=1351"}],"curies":[{"name":"wp","href":"https:\/\/api.w.org\/{rel}","templated":true}]}}