{"id":1909,"date":"2025-04-07T15:15:07","date_gmt":"2025-04-07T18:15:07","guid":{"rendered":"https:\/\/www.ufmg.br\/egdi\/?page_id=1909"},"modified":"2025-06-06T17:26:40","modified_gmt":"2025-06-06T20:26:40","slug":"notable-people","status":"publish","type":"page","link":"https:\/\/www.ufmg.br\/egdi\/en\/notable-people\/","title":{"rendered":"Notable Alumni"},"content":{"rendered":"\t\t<div data-elementor-type=\"wp-page\" data-elementor-id=\"1909\" class=\"elementor elementor-1909\">\n\t\t\t\t\t\t\t\t\t<section class=\"elementor-section elementor-top-section elementor-element elementor-element-531aae52 elementor-section-boxed elementor-section-height-default elementor-section-height-default\" data-id=\"531aae52\" data-element_type=\"section\">\n\t\t\t\t\t\t<div class=\"elementor-container elementor-column-gap-default\">\n\t\t\t\t\t<div class=\"elementor-column elementor-col-100 elementor-top-column elementor-element elementor-element-7ff62f1f\" data-id=\"7ff62f1f\" data-element_type=\"column\">\n\t\t\t<div class=\"elementor-widget-wrap elementor-element-populated\">\n\t\t\t\t\t\t\t\t<div class=\"elementor-element elementor-element-3cc76b0d elementor-widget elementor-widget-text-editor\" data-id=\"3cc76b0d\" data-element_type=\"widget\" data-widget_type=\"text-editor.default\">\n\t\t\t\t<div class=\"elementor-widget-container\">\n\t\t\t<style>\/*! elementor - v3.6.5 - 27-04-2022 *\/\n.elementor-widget-text-editor.elementor-drop-cap-view-stacked .elementor-drop-cap{background-color:#818a91;color:#fff}.elementor-widget-text-editor.elementor-drop-cap-view-framed .elementor-drop-cap{color:#818a91;border:3px solid;background-color:transparent}.elementor-widget-text-editor:not(.elementor-drop-cap-view-default) .elementor-drop-cap{margin-top:8px}.elementor-widget-text-editor:not(.elementor-drop-cap-view-default) .elementor-drop-cap-letter{width:1em;height:1em}.elementor-widget-text-editor .elementor-drop-cap{float:left;text-align:center;line-height:1;font-size:50px}.elementor-widget-text-editor .elementor-drop-cap-letter{display:inline-block}<\/style>\t\t\t\t<p><!-- wp:paragraph --><\/p>\n<p><a href=\"https:\/\/pt.wikipedia.org\/wiki\/Abgar_Renault\" target=\"_blank\" rel=\"external noopener\">Abgar Renault<\/a>, Minister of Education, member of the Brazilian Academy of Letters<\/p>\n<p><a href=\"https:\/\/www.direito.ufmg.br\/?page_id=7268\" target=\"_blank\" rel=\"external noopener\">Affonso Penna<\/a>, President of Brazil<\/p>\n<p><a href=\"https:\/\/pt.wikipedia.org\/wiki\/Affonso_Romano_de_Sant%27Anna\" target=\"_blank\" rel=\"external noopener\">Affonso Romano de Sant\u2019Anna<\/a>, writer<\/p>\n<p><a href=\"https:\/\/pt.wikipedia.org\/wiki\/Afonso_Arinos_de_Melo_Franco#:~:text=6%20Liga%C3%A7%C3%B5es%20externas-,Vida,vindo%20a%20falecer%20na%20Espanha.\" target=\"_blank\" rel=\"external noopener\">Afonso Arinos<\/a>, member of the Brazilian Academy of Letters, founder of the Free Law School (current UFMG Law School)<\/p>\n<p><a href=\"https:\/\/www.ufmg.br\/ieat\/catedras\/calas-ieat-2\/ailton-krenak\/\">Ailton Krenak<\/a>, Indigenous leader, member of the Brazilian Academy of Letters<\/p>\n<p><a href=\"https:\/\/www.medicina.ufmg.br\/alzira-reis-primeira-mulher-a-se-formar-na-faculdade-e-tema-de-exposicao-do-cememor\/\" target=\"_blank\" rel=\"external noopener\">Alzira Nogueira Reis<\/a>, first female physician in the state of Minas Gerais<\/p>\n<p><a href=\"https:\/\/www.iacbrasil-online.com\/acervo-amilcar-de-castro\" target=\"_blank\" rel=\"external noopener\">Am\u00edlcar de Castro<\/a>, visual artist<\/p>\n<p><a href=\"https:\/\/ufmg.br\/comunicacao\/noticias\/morre-o-juiz-antonio-cancado-trindade-doutor-honoris-causa-da-ufmg\" target=\"_blank\" rel=\"external noopener\">Ant\u00f4nio Augusto Can\u00e7ado Trindade<\/a>, Judge at the International Court of Justice<\/p>\n<p><a href=\"https:\/\/rmmg.org\/artigo\/detalhes\/182\" target=\"_blank\" rel=\"external noopener\">Arthur Bernardes<\/a>, President of Brazil<\/p>\n<p><a href=\"https:\/\/sites.letras.ufmg.br\/aem\/autran-dourado\/\" target=\"_blank\" rel=\"external noopener\">Autran Dourado<\/a>, writer<\/p>\n<p><a href=\"https:\/\/ufmg.br\/comunicacao\/noticias\/o-legado-de-betinho\" target=\"_blank\" rel=\"external noopener\">Betinho<\/a>, sociologist<\/p>\n<p><a href=\"https:\/\/ufmg.br\/comunicacao\/noticias\/drummond-o-poeta-farmaceutico\" target=\"_blank\" rel=\"external noopener\">Carlos Drummond de Andrade<\/a>, writer<\/p>\n<p><a href=\"https:\/\/pt.wikipedia.org\/wiki\/Carlos_Luz\" target=\"_blank\" rel=\"external noopener\">Carlos Luz<\/a>, President of Brazil<\/p>\n<p><a href=\"https:\/\/ufmg.br\/comunicacao\/noticias\/ministra-carmen-lucia-do-stf-e-pesquisador-do-reino-unido-fazem-conferencias-sobre-desinformacao\" target=\"_blank\" rel=\"external noopener\">C\u00e1rmen L\u00facia Antunes Rocha<\/a>, Justice of the Federal Supreme Court<\/p>\n<p><a href=\"https:\/\/www.ufmg.br\/95anos\/diversa-95\/um-pe-no-mundo-outro-na-aldeia\/\">C\u00e9lia Xakriab\u00e1<\/a>, Indigenous leader and federal congresswoman<\/p>\n<p><a href=\"https:\/\/www.academia.org.br\/academicos\/cyro-dos-anjos\/biografia\" target=\"_blank\" rel=\"external noopener\">Ciro dos Anjos<\/a>, journalist and writer, member of the Brazilian Academy of Letters<\/p>\n<p><a href=\"https:\/\/ufmg.br\/comunicacao\/noticias\/desmont-tutu-expoente-da-luta-contra-o-apartheid-era-doutor-honoris-causa-da-ufmg\" target=\"_blank\" rel=\"external noopener\">Desmond Tutu<\/a>, Nobel Peace Prize laureate<\/p>\n<p><a href=\"https:\/\/www.otempo.com.br\/cidades\/ufmg-95-anos-veja-ex-presidentes-e-ex-governadores-de-mg-que-estudaram-no-local-1.2725343\" target=\"_blank\" rel=\"external noopener\">Dilma Rousseff<\/a>, President of Brazil<\/p>\n<p><a href=\"https:\/\/abradep.org\/directory-membros\/listagem\/edilene-lobo\/\" target=\"_blank\" rel=\"external noopener\">Edilene L\u00f4bo<\/a>, Justice of the Superior Electoral Court<\/p>\n<p><a href=\"https:\/\/sbsociologia.com.br\/project\/eleonora-menicucci-de-oliveira\/\" target=\"_blank\" rel=\"external noopener\">Eleonora Menicucci<\/a>, sociologist, Minister of the Special Secretariat for Women\u2019s Policies<\/p>\n<p><a href=\"https:\/\/ufmg.br\/comunicacao\/noticias\/serie-90-anos-de-historias-entrevista-fernanda-takai\" target=\"_blank\" rel=\"external noopener\">Fernanda Takai<\/a>, singer and writer<\/p>\n<p><a href=\"https:\/\/www.ufmg.br\/online\/arquivos\/038842.shtml\">Fernando Brant<\/a>, singer and songwriter<\/p>\n<p><a href=\"https:\/\/www.ufmg.br\/online\/arquivos\/020269.shtml\">Helena Greco<\/a>, human rights activist, first elected councilwoman of Belo Horizonte<\/p>\n<p><a href=\"https:\/\/ims.com.br\/por-dentro-acervos\/helio-pellegrino-czar-de-todas-as-russias-por-elvia-bezerra\/\" target=\"_blank\" rel=\"external noopener\">H\u00e9lio Pellegrino<\/a>, psychoanalyst and writer<\/p>\n<p><a href=\"https:\/\/www.academia.org.br\/academicos\/ivo-pitanguy\/biografia\" target=\"_blank\" rel=\"external noopener\">Ivo Pitanguy<\/a>, physician, member of the Brazilian Academy of Letters<\/p>\n<p><a href=\"https:\/\/www.academia.org.br\/academicos\/joao-guimaraes-rosa\/biografia\" target=\"_blank\" rel=\"external noopener\">Jo\u00e3o Guimar\u00e3es Rosa<\/a>, diplomat and writer, member of the Brazilian Academy of Letters<\/p>\n<p><a href=\"https:\/\/www.ufmg.br\/online\/arquivos\/007904.shtml\">Jos\u00e9 Francisco Rezek<\/a>, Justice of the Federal Supreme Court and Judge at the International Court of Justice<\/p>\n<p><a href=\"https:\/\/www.scielo.br\/j\/qn\/a\/kLczjHSRZX9Gwstb4tvKzPF\/?lang=pt\" target=\"_blank\" rel=\"external noopener\">Jos\u00e9 Israel Vargas<\/a>, Minister of Science and Technology and Minister of Mines and Energy<\/p>\n<p><a href=\"https:\/\/www.senado.gov.br\/senado\/grandesmomentos\/josemaria.shtm\" target=\"_blank\" rel=\"external noopener\">Jos\u00e9 Maria Alkmin<\/a>, Vice President of Brazil and Minister of Finance<\/p>\n<p><a href=\"https:\/\/www.abc.org.br\/membro\/jose-murilo-de-carvalho\/\" target=\"_blank\" rel=\"external noopener\">Jos\u00e9 Murilo de Carvalho<\/a>, historian, member of the Brazilian Academy of Letters<\/p>\n<p><a href=\"https:\/\/ufmg.br\/comunicacao\/publicacoes\/boletim\/edicao\/1229\/universidade-entrega-a-saramago-doutor-honoris-causa-1\" target=\"_blank\" rel=\"external noopener\">Jos\u00e9 Saramago<\/a>, Nobel Prize in Literature laureate<\/p>\n<p><a href=\"https:\/\/presidentes.an.gov.br\/index.php\/arquivo-nacional\/60-servicos\/registro-de-autoridade\/113-juscelinol-kubitschek\" target=\"_blank\" rel=\"external noopener\">Juscelino Kubitschek de Oliveira<\/a>, President of Brazil<\/p>\n<p><a href=\"https:\/\/sites.letras.ufmg.br\/aem\/lais-correa-de-araujo\/\" target=\"_blank\" rel=\"external noopener\">La\u00eds Corr\u00eaa de Ara\u00fajo<\/a>, writer<\/p>\n<p><a href=\"https:\/\/pt.wikipedia.org\/wiki\/Maca%C3%A9_Evaristo\" target=\"_blank\" rel=\"external noopener\">Maca\u00e9 Evaristo<\/a>, Minister of Human Rights and Citizenship<\/p>\n<p><a href=\"https:\/\/www.stm.jus.br\/informacao\/agencia-de-noticias\/item\/14393-ministra-maria-elizabeth-assume-a-presidencia-do-stm-em-12-de-marco\" target=\"_blank\" rel=\"external noopener\">Maria Elizabeth Rocha<\/a>, first female president of the Superior Military Court<\/p>\n<p><a href=\"https:\/\/www.ufmg.br\/90anos\/tag\/maria-lucia-godoy\/\">Maria Lucia Godoy<\/a>, opera singer<\/p>\n<p><a href=\"https:\/\/pt.wikipedia.org\/wiki\/Murilo_Rubi%C3%A3o\" target=\"_blank\" rel=\"external noopener\">Murilo Rubi\u00e3o<\/a>, writer<\/p>\n<p><a href=\"http:\/\/www.letras.ufmg.br\/literafro\/autoras\/368-nilma-lino-gomes\" target=\"_blank\" rel=\"external noopener\">Nilma Lino Gomes<\/a>, Minister of Racial Equality<\/p>\n<p><a href=\"https:\/\/www.ufmg.br\/boletim\/bol1302\/quarta.shtml\">Nilm\u00e1rio Miranda<\/a>, Minister of Human Rights and Citizenship<\/p>\n<p><a href=\"https:\/\/www.academia.org.br\/academicos\/oscar-dias-correa\" target=\"_blank\" rel=\"external noopener\">Oscar Dias Correa<\/a>, Minister of Justice, Justice of the Federal Supreme Court, member of the Brazilian Academy of Letters<\/p>\n<p><a href=\"https:\/\/www.academia.org.br\/academicos\/otto-lara-resende\/biografia\" target=\"_blank\" rel=\"external noopener\">Otto Lara Resende<\/a>, journalist and writer<\/p>\n<p><a href=\"https:\/\/www.ufmg.br\/online\/tv\/arquivos\/025422.shtml\">Patrus Ananias<\/a>, Mayor of Belo Horizonte, Minister of Social and Agrarian Development<\/p>\n<p><a href=\"https:\/\/pt.wikipedia.org\/wiki\/Pedro_Aleixo\" target=\"_blank\" rel=\"external noopener\">Pedro Aleixo<\/a>, President of Brazil<\/p>\n<p><a href=\"https:\/\/www.ufmg.br\/noticias\/ev_03062003_nava2.shtml\">Pedro Nava<\/a>, writer<\/p>\n<p><a href=\"https:\/\/www.cobogo.com.br\/ronaldo-fraga\" target=\"_blank\" rel=\"external noopener\">Ronaldo Fraga<\/a>, fashion designer<\/p>\n<p><a href=\"https:\/\/pt.wikipedia.org\/wiki\/Samuel_Rosa\" target=\"_blank\" rel=\"external noopener\">Samuel Rosa<\/a>, singer and songwriter<\/p>\n<p><a href=\"https:\/\/academiamineiradeletras.org.br\/academicos\/silvianosantiago\/\" target=\"_blank\" rel=\"external noopener\">Silviano Santiago<\/a>, writer, literary critic, member of the Minas Gerais Academy of Letters<\/p>\n<p><a href=\"https:\/\/www.otempo.com.br\/cidades\/ufmg-95-anos-veja-ex-presidentes-e-ex-governadores-de-mg-que-estudaram-no-local-1.2725343\" target=\"_blank\" rel=\"external noopener\">Tancredo Neves<\/a>, President of Brazil<\/p>\n<p><a href=\"https:\/\/www.medicina.ufmg.br\/do-campo-para-a-clinica\/\" target=\"_blank\" rel=\"external noopener\">Tost\u00e3o<\/a>, 1970 FIFA World Cup champion<\/p>\n<p><a href=\"https:\/\/www.ufmg.br\/90anos\/ziraldo-sera-homenageado-pela-faculdade-de-direito-nesta-segunda\/\">Ziraldo<\/a>, writer, member of the Brazilian Academy of Letters<\/p>\n<p><!-- \/wp:paragraph --><\/p>\t\t\t\t\t\t<\/div>\n\t\t\t\t<\/div>\n\t\t\t\t\t<\/div>\n\t\t<\/div>\n\t\t\t\t\t\t\t<\/div>\n\t\t<\/section>\n\t\t\t\t\t\t\t<\/div>\n\t\t","protected":false},"excerpt":{"rendered":"<p>Abgar Renault, Minister of Education, member of the Brazilian Academy of Letters Affonso Penna, President of Brazil Affonso Romano de Sant\u2019Anna, writer Afonso Arinos, member of the Brazilian Academy of Letters, founder of the Free Law School (current UFMG Law School) Ailton Krenak, Indigenous leader, member of the Brazilian Academy of Letters Alzira Nogueira Reis, [&hellip;]<\/p>\n","protected":false},"author":3,"featured_media":0,"parent":0,"menu_order":1,"comment_status":"closed","ping_status":"closed","template":"","meta":[],"acf":[],"_links":{"self":[{"href":"https:\/\/www.ufmg.br\/egdi\/wp-json\/wp\/v2\/pages\/1909"}],"collection":[{"href":"https:\/\/www.ufmg.br\/egdi\/wp-json\/wp\/v2\/pages"}],"about":[{"href":"https:\/\/www.ufmg.br\/egdi\/wp-json\/wp\/v2\/types\/page"}],"author":[{"embeddable":true,"href":"https:\/\/www.ufmg.br\/egdi\/wp-json\/wp\/v2\/users\/3"}],"replies":[{"embeddable":true,"href":"https:\/\/www.ufmg.br\/egdi\/wp-json\/wp\/v2\/comments?post=1909"}],"version-history":[{"count":8,"href":"https:\/\/www.ufmg.br\/egdi\/wp-json\/wp\/v2\/pages\/1909\/revisions"}],"predecessor-version":[{"id":1950,"href":"https:\/\/www.ufmg.br\/egdi\/wp-json\/wp\/v2\/pages\/1909\/revisions\/1950"}],"wp:attachment":[{"href":"https:\/\/www.ufmg.br\/egdi\/wp-json\/wp\/v2\/media?parent=1909"}],"curies":[{"name":"wp","href":"https:\/\/api.w.org\/{rel}","templated":true}]}}

<div data-elementor-type="wp-page" data-elementor-id="1909" class="elementor elementor-1909">
									<section class="elementor-section elementor-top-section elementor-element elementor-element-531aae52 elementor-section-boxed elementor-section-height-default elementor-section-height-default" data-id="531aae52" data-element_type="section">
						<div class="elementor-container elementor-column-gap-default">
					<div class="elementor-column elementor-col-100 elementor-top-column elementor-element elementor-element-7ff62f1f" data-id="7ff62f1f" data-element_type="column">
			<div class="elementor-widget-wrap elementor-element-populated">
								<div class="elementor-element elementor-element-3cc76b0d elementor-widget elementor-widget-text-editor" data-id="3cc76b0d" data-element_type="widget" data-widget_type="text-editor.default">
				<div class="elementor-widget-container">
			<style>/*! elementor - v3.6.5 - 27-04-2022 */
.elementor-widget-text-editor.elementor-drop-cap-view-stacked .elementor-drop-cap{background-color:#818a91;color:#fff}.elementor-widget-text-editor.elementor-drop-cap-view-framed .elementor-drop-cap{color:#818a91;border:3px solid;background-color:transparent}.elementor-widget-text-editor:not(.elementor-drop-cap-view-default) .elementor-drop-cap{margin-top:8px}.elementor-widget-text-editor:not(.elementor-drop-cap-view-default) .elementor-drop-cap-letter{width:1em;height:1em}.elementor-widget-text-editor .elementor-drop-cap{float:left;text-align:center;line-height:1;font-size:50px}.elementor-widget-text-editor .elementor-drop-cap-letter{display:inline-block}</style>				<p><!-- wp:paragraph --></p>
<p><a href="https://pt.wikipedia.org/wiki/Abgar_Renault" target="_blank" rel="external noopener">Abgar Renault</a>, Minister of Education, member of the Brazilian Academy of Letters</p>
<p><a href="https://www.direito.ufmg.br/?page_id=7268" target="_blank" rel="external noopener">Affonso Penna</a>, President of Brazil</p>
<p><a href="https://pt.wikipedia.org/wiki/Affonso_Romano_de_Sant%27Anna" target="_blank" rel="external noopener">Affonso Romano de Sant’Anna</a>, writer</p>
<p><a href="https://pt.wikipedia.org/wiki/Afonso_Arinos_de_Melo_Franco#:~:text=6%20Liga%C3%A7%C3%B5es%20externas-,Vida,vindo%20a%20falecer%20na%20Espanha." target="_blank" rel="external noopener">Afonso Arinos</a>, member of the Brazilian Academy of Letters, founder of the Free Law School (current UFMG Law School)</p>
<p><a href="https://www.ufmg.br/ieat/catedras/calas-ieat-2/ailton-krenak/">Ailton Krenak</a>, Indigenous leader, member of the Brazilian Academy of Letters</p>
<p><a href="https://www.medicina.ufmg.br/alzira-reis-primeira-mulher-a-se-formar-na-faculdade-e-tema-de-exposicao-do-cememor/" target="_blank" rel="external noopener">Alzira Nogueira Reis</a>, first female physician in the state of Minas Gerais</p>
<p><a href="https://www.iacbrasil-online.com/acervo-amilcar-de-castro" target="_blank" rel="external noopener">Amílcar de Castro</a>, visual artist</p>
<p><a href="https://ufmg.br/comunicacao/noticias/morre-o-juiz-antonio-cancado-trindade-doutor-honoris-causa-da-ufmg" target="_blank" rel="external noopener">Antônio Augusto Cançado Trindade</a>, Judge at the International Court of Justice</p>
<p><a href="https://rmmg.org/artigo/detalhes/182" target="_blank" rel="external noopener">Arthur Bernardes</a>, President of Brazil</p>
<p><a href="https://sites.letras.ufmg.br/aem/autran-dourado/" target="_blank" rel="external noopener">Autran Dourado</a>, writer</p>
<p><a href="https://ufmg.br/comunicacao/noticias/o-legado-de-betinho" target="_blank" rel="external noopener">Betinho</a>, sociologist</p>
<p><a href="https://ufmg.br/comunicacao/noticias/drummond-o-poeta-farmaceutico" target="_blank" rel="external noopener">Carlos Drummond de Andrade</a>, writer</p>
<p><a href="https://pt.wikipedia.org/wiki/Carlos_Luz" target="_blank" rel="external noopener">Carlos Luz</a>, President of Brazil</p>
<p><a href="https://ufmg.br/comunicacao/noticias/ministra-carmen-lucia-do-stf-e-pesquisador-do-reino-unido-fazem-conferencias-sobre-desinformacao" target="_blank" rel="external noopener">Cármen Lúcia Antunes Rocha</a>, Justice of the Federal Supreme Court</p>
<p><a href="https://www.ufmg.br/95anos/diversa-95/um-pe-no-mundo-outro-na-aldeia/">Célia Xakriabá</a>, Indigenous leader and federal congresswoman</p>
<p><a href="https://www.academia.org.br/academicos/cyro-dos-anjos/biografia" target="_blank" rel="external noopener">Ciro dos Anjos</a>, journalist and writer, member of the Brazilian Academy of Letters</p>
<p><a href="https://ufmg.br/comunicacao/noticias/desmont-tutu-expoente-da-luta-contra-o-apartheid-era-doutor-honoris-causa-da-ufmg" target="_blank" rel="external noopener">Desmond Tutu</a>, Nobel Peace Prize laureate</p>
<p><a href="https://www.otempo.com.br/cidades/ufmg-95-anos-veja-ex-presidentes-e-ex-governadores-de-mg-que-estudaram-no-local-1.2725343" target="_blank" rel="external noopener">Dilma Rousseff</a>, President of Brazil</p>
<p><a href="https://abradep.org/directory-membros/listagem/edilene-lobo/" target="_blank" rel="external noopener">Edilene Lôbo</a>, Justice of the Superior Electoral Court</p>
<p><a href="https://sbsociologia.com.br/project/eleonora-menicucci-de-oliveira/" target="_blank" rel="external noopener">Eleonora Menicucci</a>, sociologist, Minister of the Special Secretariat for Women’s Policies</p>
<p><a href="https://ufmg.br/comunicacao/noticias/serie-90-anos-de-historias-entrevista-fernanda-takai" target="_blank" rel="external noopener">Fernanda Takai</a>, singer and writer</p>
<p><a href="https://www.ufmg.br/online/arquivos/038842.shtml">Fernando Brant</a>, singer and songwriter</p>
<p><a href="https://www.ufmg.br/online/arquivos/020269.shtml">Helena Greco</a>, human rights activist, first elected councilwoman of Belo Horizonte</p>
<p><a href="https://ims.com.br/por-dentro-acervos/helio-pellegrino-czar-de-todas-as-russias-por-elvia-bezerra/" target="_blank" rel="external noopener">Hélio Pellegrino</a>, psychoanalyst and writer</p>
<p><a href="https://www.academia.org.br/academicos/ivo-pitanguy/biografia" target="_blank" rel="external noopener">Ivo Pitanguy</a>, physician, member of the Brazilian Academy of Letters</p>
<p><a href="https://www.academia.org.br/academicos/joao-guimaraes-rosa/biografia" target="_blank" rel="external noopener">João Guimarães Rosa</a>, diplomat and writer, member of the Brazilian Academy of Letters</p>
<p><a href="https://www.ufmg.br/online/arquivos/007904.shtml">José Francisco Rezek</a>, Justice of the Federal Supreme Court and Judge at the International Court of Justice</p>
<p><a href="https://www.scielo.br/j/qn/a/kLczjHSRZX9Gwstb4tvKzPF/?lang=pt" target="_blank" rel="external noopener">José Israel Vargas</a>, Minister of Science and Technology and Minister of Mines and Energy</p>
<p><a href="https://www.senado.gov.br/senado/grandesmomentos/josemaria.shtm" target="_blank" rel="external noopener">José Maria Alkmin</a>, Vice President of Brazil and Minister of Finance</p>
<p><a href="https://www.abc.org.br/membro/jose-murilo-de-carvalho/" target="_blank" rel="external noopener">José Murilo de Carvalho</a>, historian, member of the Brazilian Academy of Letters</p>
<p><a href="https://ufmg.br/comunicacao/publicacoes/boletim/edicao/1229/universidade-entrega-a-saramago-doutor-honoris-causa-1" target="_blank" rel="external noopener">José Saramago</a>, Nobel Prize in Literature laureate</p>
<p><a href="https://presidentes.an.gov.br/index.php/arquivo-nacional/60-servicos/registro-de-autoridade/113-juscelinol-kubitschek" target="_blank" rel="external noopener">Juscelino Kubitschek de Oliveira</a>, President of Brazil</p>
<p><a href="https://sites.letras.ufmg.br/aem/lais-correa-de-araujo/" target="_blank" rel="external noopener">Laís Corrêa de Araújo</a>, writer</p>
<p><a href="https://pt.wikipedia.org/wiki/Maca%C3%A9_Evaristo" target="_blank" rel="external noopener">Macaé Evaristo</a>, Minister of Human Rights and Citizenship</p>
<p><a href="https://www.stm.jus.br/informacao/agencia-de-noticias/item/14393-ministra-maria-elizabeth-assume-a-presidencia-do-stm-em-12-de-marco" target="_blank" rel="external noopener">Maria Elizabeth Rocha</a>, first female president of the Superior Military Court</p>
<p><a href="https://www.ufmg.br/90anos/tag/maria-lucia-godoy/">Maria Lucia Godoy</a>, opera singer</p>
<p><a href="https://pt.wikipedia.org/wiki/Murilo_Rubi%C3%A3o" target="_blank" rel="external noopener">Murilo Rubião</a>, writer</p>
<p><a href="http://www.letras.ufmg.br/literafro/autoras/368-nilma-lino-gomes" target="_blank" rel="external noopener">Nilma Lino Gomes</a>, Minister of Racial Equality</p>
<p><a href="https://www.ufmg.br/boletim/bol1302/quarta.shtml">Nilmário Miranda</a>, Minister of Human Rights and Citizenship</p>
<p><a href="https://www.academia.org.br/academicos/oscar-dias-correa" target="_blank" rel="external noopener">Oscar Dias Correa</a>, Minister of Justice, Justice of the Federal Supreme Court, member of the Brazilian Academy of Letters</p>
<p><a href="https://www.academia.org.br/academicos/otto-lara-resende/biografia" target="_blank" rel="external noopener">Otto Lara Resende</a>, journalist and writer</p>
<p><a href="https://www.ufmg.br/online/tv/arquivos/025422.shtml">Patrus Ananias</a>, Mayor of Belo Horizonte, Minister of Social and Agrarian Development</p>
<p><a href="https://pt.wikipedia.org/wiki/Pedro_Aleixo" target="_blank" rel="external noopener">Pedro Aleixo</a>, President of Brazil</p>
<p><a href="https://www.ufmg.br/noticias/ev_03062003_nava2.shtml">Pedro Nava</a>, writer</p>
<p><a href="https://www.cobogo.com.br/ronaldo-fraga" target="_blank" rel="external noopener">Ronaldo Fraga</a>, fashion designer</p>
<p><a href="https://pt.wikipedia.org/wiki/Samuel_Rosa" target="_blank" rel="external noopener">Samuel Rosa</a>, singer and songwriter</p>
<p><a href="https://academiamineiradeletras.org.br/academicos/silvianosantiago/" target="_blank" rel="external noopener">Silviano Santiago</a>, writer, literary critic, member of the Minas Gerais Academy of Letters</p>
<p><a href="https://www.otempo.com.br/cidades/ufmg-95-anos-veja-ex-presidentes-e-ex-governadores-de-mg-que-estudaram-no-local-1.2725343" target="_blank" rel="external noopener">Tancredo Neves</a>, President of Brazil</p>
<p><a href="https://www.medicina.ufmg.br/do-campo-para-a-clinica/" target="_blank" rel="external noopener">Tostão</a>, 1970 FIFA World Cup champion</p>
<p><a href="https://www.ufmg.br/90anos/ziraldo-sera-homenageado-pela-faculdade-de-direito-nesta-segunda/">Ziraldo</a>, writer, member of the Brazilian Academy of Letters</p>
<p><!-- /wp:paragraph --></p>						</div>
				</div>
					</div>
		</div>
							</div>
		</section>
							</div>
