{"id":295,"date":"2024-08-29T08:39:56","date_gmt":"2024-08-29T11:39:56","guid":{"rendered":"https:\/\/www.ufmg.br\/enprop\/?page_id=295"},"modified":"2024-08-29T08:41:50","modified_gmt":"2024-08-29T11:41:50","slug":"universidade-federal-de-minas-gerais","status":"publish","type":"page","link":"https:\/\/www.ufmg.br\/enprop\/universidade-federal-de-minas-gerais\/","title":{"rendered":"UNIVERSIDADE FEDERAL DE MINAS GERAIS"},"content":{"rendered":"\n<p>A Universidade Federal de Minas Gerais (UFMG) \u00e9 uma institui\u00e7\u00e3o p\u00fablica que realiza com empenho e responsabilidade a respeit\u00e1vel miss\u00e3o de atender \u00e0s diversas demandas da sociedade provenientes do campo do ensino, da pesquisa, da extens\u00e3o. Com o objetivo de alcan\u00e7ar suas finalidades e cumprir seu compromisso de respeitar os interesses sociais, as a\u00e7\u00f5es da UFMG s\u00e3o planejadas buscando o desenvolvimento econ\u00f4mico, pol\u00edtico, cultural e o bem-estar da sociedade.<\/p>\n\n\n\n<p>Ao longo de 96 anos, respeitando sua miss\u00e3o, a UFMG tem-se notabilizado pela relev\u00e2ncia na forma\u00e7\u00e3o de qualidade, cr\u00edtica e \u00e9tica, oferecendo uma s\u00f3lida base cient\u00edfica e uma consistente concep\u00e7\u00e3o human\u00edstica para preparar pessoas comprometidas com uma sociedade mais desenvolvida e mais equ\u00e2nime.<\/p>\n\n\n\n<figure class=\"wp-block-embed aligncenter is-type-video is-provider-youtube wp-block-embed-youtube wp-embed-aspect-16-9 wp-has-aspect-ratio\"><div class=\"wp-block-embed__wrapper\">\n<iframe loading=\"lazy\" title=\"UFMG rumo aos 100\" width=\"500\" height=\"281\" src=\"https:\/\/www.youtube.com\/embed\/ekyc9MtwTcQ?feature=oembed\" frameborder=\"0\" allow=\"accelerometer; autoplay; clipboard-write; encrypted-media; gyroscope; picture-in-picture; web-share\" referrerpolicy=\"strict-origin-when-cross-origin\" allowfullscreen><\/iframe>\n<\/div><\/figure>\n","protected":false},"excerpt":{"rendered":"<p>A Universidade Federal de Minas Gerais (UFMG) \u00e9 uma institui\u00e7\u00e3o p\u00fablica que realiza com empenho e responsabilidade a respeit\u00e1vel miss\u00e3o de atender \u00e0s diversas demandas da sociedade provenientes do campo do ensino, da pesquisa, da extens\u00e3o. Com o objetivo de alcan\u00e7ar suas finalidades e cumprir seu compromisso de respeitar os interesses sociais, as a\u00e7\u00f5es da [&hellip;]<\/p>\n","protected":false},"author":2,"featured_media":0,"parent":0,"menu_order":2,"comment_status":"closed","ping_status":"closed","template":"","meta":[],"acf":[],"_links":{"self":[{"href":"https:\/\/www.ufmg.br\/enprop\/wp-json\/wp\/v2\/pages\/295"}],"collection":[{"href":"https:\/\/www.ufmg.br\/enprop\/wp-json\/wp\/v2\/pages"}],"about":[{"href":"https:\/\/www.ufmg.br\/enprop\/wp-json\/wp\/v2\/types\/page"}],"author":[{"embeddable":true,"href":"https:\/\/www.ufmg.br\/enprop\/wp-json\/wp\/v2\/users\/2"}],"replies":[{"embeddable":true,"href":"https:\/\/www.ufmg.br\/enprop\/wp-json\/wp\/v2\/comments?post=295"}],"version-history":[{"count":2,"href":"https:\/\/www.ufmg.br\/enprop\/wp-json\/wp\/v2\/pages\/295\/revisions"}],"predecessor-version":[{"id":297,"href":"https:\/\/www.ufmg.br\/enprop\/wp-json\/wp\/v2\/pages\/295\/revisions\/297"}],"wp:attachment":[{"href":"https:\/\/www.ufmg.br\/enprop\/wp-json\/wp\/v2\/media?parent=295"}],"curies":[{"name":"wp","href":"https:\/\/api.w.org\/{rel}","templated":true}]}}