{"id":340,"date":"2024-08-30T15:48:10","date_gmt":"2024-08-30T18:48:10","guid":{"rendered":"https:\/\/www.ufmg.br\/enprop\/?page_id=340"},"modified":"2024-08-30T15:48:10","modified_gmt":"2024-08-30T18:48:10","slug":"foprop-2","status":"publish","type":"page","link":"https:\/\/www.ufmg.br\/enprop\/foprop-2\/","title":{"rendered":"FOPROP"},"content":{"rendered":"\n<p>O F\u00f3rum de Pr\u00f3-Reitores de P\u00f3s-Gradua\u00e7\u00e3o e Pesquisa (FOPROP) surgiu em 1985, com 51 participantes, a maioria do sudeste, no bojo da redemocratiza\u00e7\u00e3o do pa\u00eds e no contexto das discuss\u00f5es sobre os grandes temas nacionais, entre os quais o papel da universidade, da ci\u00eancia e da tecnologia em um pa\u00eds em processo de abertura pol\u00edtica, econ\u00f4mica e cultural.<\/p>\n\n\n\n<p>A reuni\u00e3o que deu origem \u00e0 entidade, realizada entre os dias 20 e 22 de mar\u00e7o, na Universidade Federal Fluminense (Niter\u00f3i\/RJ), ocorreu tr\u00eas meses ap\u00f3s a elei\u00e7\u00e3o indireta de Tancredo Neves para a Presid\u00eancia da Rep\u00fablica, uma semana ap\u00f3s a cria\u00e7\u00e3o do Minist\u00e9rio de Ci\u00eancia e Tecnologia, e poucos meses antes da realiza\u00e7\u00e3o da I Confer\u00eancia de Ci\u00eancia e Tecnologia. A comunidade acad\u00eamica, a exemplo do que vinha ocorrendo com os diferentes setores da sociedade brasileira, reclamava por democracia e pela amplia\u00e7\u00e3o dos espa\u00e7os de participa\u00e7\u00e3o no processo decis\u00f3rio das pol\u00edticas setoriais e nacionais.<\/p>\n\n\n\n<p>Os prop\u00f3sitos do F\u00f3rum na \u00e9poca de sua cria\u00e7\u00e3o eram modestos e circunscritos a um grupo relativamente pequeno de institui\u00e7\u00f5es federais de ensino superior. No in\u00edcio, a organiza\u00e7\u00e3o era composta principalmente por institui\u00e7\u00f5es federais de ensino superior dos estados de S\u00e3o Paulo, Minas Gerais e Rio de Janeiro, que eram respons\u00e1veis pela quase totalidade dos programas de p\u00f3s-gradua\u00e7\u00e3o e pela maior parte da pesquisa cient\u00edfica e tecnol\u00f3gica produzida no pa\u00eds.<br>Hoje, o FOPROP \u00e9 uma entidade de direito privado com mais de 248 institui\u00e7\u00f5es associadas, que representam diferentes segmentos (p\u00fablicos, comunit\u00e1rios e privados) de todas as regi\u00f5es do pa\u00eds. O FOPROP promove e defende a pesquisa, a p\u00f3s-gradua\u00e7\u00e3o, a tecnologia e a inova\u00e7\u00e3o, identificando as necessidades nacionais e regionais nessas \u00e1reas e propondo pol\u00edticas para ag\u00eancias de fomento.<\/p>\n\n\n\n<p>Em 2013, com a aprova\u00e7\u00e3o de seu novo Estatuto, a Diretoria Executiva deu in\u00edcio ao processo de institucionaliza\u00e7\u00e3o, com defini\u00e7\u00e3o de endere\u00e7o, registro em cart\u00f3rio, cria\u00e7\u00e3o de CNPJ, abertura de conta banc\u00e1ria, organiza\u00e7\u00e3o do processo de filia\u00e7\u00e3o e outras a\u00e7\u00f5es exigidas pelos \u00f3rg\u00e3os fazend\u00e1rios. A sede f\u00edsica da entidade encontra-se em Bras\u00edlia, nas depend\u00eancias do Conselho de Reitores das Universidades Brasileiras (CRUB), tendo uma organiza\u00e7\u00e3o desconcentrada em termos regionais e do ponto de vista dos segmentos (p\u00fablicas federais, estaduais e municipais, comunit\u00e1rias e particulares).<\/p>\n\n\n\n<p>A miss\u00e3o do FOPROP \u00e9 congregar esfor\u00e7os na identifica\u00e7\u00e3o das necessidades nacionais e regionais, nas \u00e1reas de pesquisa, inova\u00e7\u00e3o e p\u00f3s-gradua\u00e7\u00e3o, e propor \u00e0s ag\u00eancias de fomento nacionais, regionais; e\/ou estaduais a ado\u00e7\u00e3o de pol\u00edticas para implementa\u00e7\u00e3o das solu\u00e7\u00f5es apresentadas e assessorar a concep\u00e7\u00e3o, o planejamento, a organiza\u00e7\u00e3o, o desenvolvimento e a execu\u00e7\u00e3o de pol\u00edticas de pesquisa, inova\u00e7\u00e3o e p\u00f3s-gradua\u00e7\u00e3o no pa\u00eds, colaborando com as associa\u00e7\u00f5es de dirigentes universit\u00e1rios e com as institui\u00e7\u00f5es de fomento e apoio ao desenvolvimento de pesquisa e p\u00f3s-gradua\u00e7\u00e3o.<\/p>\n","protected":false},"excerpt":{"rendered":"<p>O F\u00f3rum de Pr\u00f3-Reitores de P\u00f3s-Gradua\u00e7\u00e3o e Pesquisa (FOPROP) surgiu em 1985, com 51 participantes, a maioria do sudeste, no bojo da redemocratiza\u00e7\u00e3o do pa\u00eds e no contexto das discuss\u00f5es sobre os grandes temas nacionais, entre os quais o papel da universidade, da ci\u00eancia e da tecnologia em um pa\u00eds em processo de abertura pol\u00edtica, [&hellip;]<\/p>\n","protected":false},"author":2,"featured_media":0,"parent":0,"menu_order":1,"comment_status":"closed","ping_status":"closed","template":"","meta":[],"acf":[],"_links":{"self":[{"href":"https:\/\/www.ufmg.br\/enprop\/wp-json\/wp\/v2\/pages\/340"}],"collection":[{"href":"https:\/\/www.ufmg.br\/enprop\/wp-json\/wp\/v2\/pages"}],"about":[{"href":"https:\/\/www.ufmg.br\/enprop\/wp-json\/wp\/v2\/types\/page"}],"author":[{"embeddable":true,"href":"https:\/\/www.ufmg.br\/enprop\/wp-json\/wp\/v2\/users\/2"}],"replies":[{"embeddable":true,"href":"https:\/\/www.ufmg.br\/enprop\/wp-json\/wp\/v2\/comments?post=340"}],"version-history":[{"count":1,"href":"https:\/\/www.ufmg.br\/enprop\/wp-json\/wp\/v2\/pages\/340\/revisions"}],"predecessor-version":[{"id":341,"href":"https:\/\/www.ufmg.br\/enprop\/wp-json\/wp\/v2\/pages\/340\/revisions\/341"}],"wp:attachment":[{"href":"https:\/\/www.ufmg.br\/enprop\/wp-json\/wp\/v2\/media?parent=340"}],"curies":[{"name":"wp","href":"https:\/\/api.w.org\/{rel}","templated":true}]}}