{"id":1020,"date":"2020-12-03T22:19:57","date_gmt":"2020-12-04T01:19:57","guid":{"rendered":"https:\/\/www.ufmg.br\/espacodoconhecimento\/mostrauniversidadecidade\/?page_id=1020"},"modified":"2021-01-07T16:55:48","modified_gmt":"2021-01-07T19:55:48","slug":"quarentena-na-tela","status":"publish","type":"page","link":"https:\/\/www.ufmg.br\/espacodoconhecimento\/mostrauniversidadecidade\/quarentena-na-tela\/","title":{"rendered":"Quarentena &#8211; Na Tela"},"content":{"rendered":"\n<p class=\"wp-block-paragraph\">\u201cQuarentena \u2013 Na Tela\u201d tem como foco a participa\u00e7\u00e3o da comunidade local que reside no entorno dos centros culturais da cidade de Belo Horizonte. O projeto consiste na produ\u00e7\u00e3o de v\u00eddeos curtos de 40 segundos, sem tema pr\u00e9-estabelecido, atendendo as demandas e necessidades de cada pessoa que participou do projeto. Quarentena &#8211; Na Tela \u00e9 um desdobramento do projeto inicial, criado especialmente para a Mostra Universidade e Cidade, em parceria com os centros culturais interessados em participar do projeto.<\/p>\n\n\n\n<figure class=\"wp-block-embed-youtube wp-block-embed is-type-video is-provider-youtube wp-embed-aspect-16-9 wp-has-aspect-ratio\"><div class=\"wp-block-embed__wrapper\">\n\t\t\t<div data-mode=\"normal\" data-oembed=\"1\" data-provider=\"youtube\" id=\"arve-youtube-vfw-yiew_xu\" style=\"max-width:400px;\" class=\"arve aligncenter\">\n\t\t\t\t<div class=\"arve-inner\">\n\t\t\t\t\t<div style=\"aspect-ratio:500\/281\" class=\"arve-embed arve-embed--has-aspect-ratio\">\n\t\t\t\t\t\t<div class=\"arve-ar\" style=\"padding-top:56.200000%\"><\/div>\n\t\t\t<iframe allow=\"accelerometer &apos;none&apos;;autoplay &apos;none&apos;;bluetooth &apos;none&apos;;browsing-topics &apos;none&apos;;camera &apos;none&apos;;clipboard-read &apos;none&apos;;clipboard-write;display-capture &apos;none&apos;;encrypted-media &apos;none&apos;;gamepad &apos;none&apos;;geolocation &apos;none&apos;;gyroscope &apos;none&apos;;hid &apos;none&apos;;identity-credentials-get &apos;none&apos;;idle-detection &apos;none&apos;;keyboard-map &apos;none&apos;;local-fonts;magnetometer &apos;none&apos;;microphone &apos;none&apos;;midi &apos;none&apos;;otp-credentials &apos;none&apos;;payment &apos;none&apos;;picture-in-picture;publickey-credentials-create &apos;none&apos;;publickey-credentials-get &apos;none&apos;;screen-wake-lock &apos;none&apos;;serial &apos;none&apos;;summarizer &apos;none&apos;;sync-xhr;usb &apos;none&apos;;web-share;window-management &apos;none&apos;;xr-spatial-tracking &apos;none&apos;;\" allowfullscreen=\"\" class=\"arve-iframe fitvidsignore\" credentialless data-arve=\"arve-youtube-vfw-yiew_xu\" data-lenis-prevent=\"\" data-src-no-ap=\"https:\/\/www.youtube.com\/embed\/VFw-YIEW_xU?feature=oembed&amp;iv_load_policy=3&amp;modestbranding=1&amp;rel=0&amp;autohide=1&amp;playsinline=0&amp;autoplay=0\" frameborder=\"0\" height=\"224.8\" loading=\"lazy\" name=\"\" referrerpolicy=\"strict-origin-when-cross-origin\" sandbox=\"allow-scripts allow-same-origin allow-presentation allow-popups allow-popups-to-escape-sandbox\" scrolling=\"no\" src=\"https:\/\/www.youtube.com\/embed\/VFw-YIEW_xU?feature=oembed&#038;iv_load_policy=3&#038;modestbranding=1&#038;rel=0&#038;autohide=1&#038;playsinline=0&#038;autoplay=0\" title=\"\" width=\"400\"><\/iframe>\n\t\t\t\t\t\t\t\t<\/div>\n\t\t\t\t\t\t\t\t\t<\/div>\n\t\t\t\t\t\t\t\t\t\t\t\t<script type=\"application\/ld+json\">{\"@context\":\"http:\\\/\\\/schema.org\\\/\",\"@id\":\"https:\\\/\\\/www.ufmg.br\\\/espacodoconhecimento\\\/mostrauniversidadecidade\\\/quarentena-na-tela\\\/#arve-youtube-vfw-yiew_xu\",\"@type\":\"VideoObject\",\"embedURL\":\"https:\\\/\\\/www.youtube.com\\\/embed\\\/VFw-YIEW_xU?feature=oembed&iv_load_policy=3&modestbranding=1&rel=0&autohide=1&playsinline=0&autoplay=0\"}<\/script>\t\t\t\t\t\t\t<\/div>\n\t\t\t\n<\/div><\/figure>\n\n\n\n<p class=\"wp-block-paragraph\">Dire\u00e7\u00e3o e coordena\u00e7\u00e3o do projeto: Anamaria Fernandes<br>Produ\u00e7\u00e3o: Jo Caravelli, Juliana Cancio e Samuel Carvalho<br>Assist\u00eancia de produ\u00e7\u00e3o: Duna Dias, Eduardo Henrique e Luana Magalh\u00e3es<br>Logo: Vitor Drumond<br>Montagem dos v\u00eddeos: Juliana Cancio, Samuel Carvalho e Vitor Drumond<br>Centros Culturais participantes: Bairro das Ind\u00fastrias, Padre Eust\u00e1quio, S\u00e3o Geraldo, S\u00e3o Bernardo, Venda Nova, Vila Santa Rita e Zilah Sp\u00f3sito<\/p>\n","protected":false},"excerpt":{"rendered":"<p>\u201cQuarentena \u2013 Na Tela\u201d tem como foco a participa\u00e7\u00e3o da [&hellip;]<\/p>\n","protected":false},"author":1,"featured_media":0,"parent":0,"menu_order":0,"comment_status":"closed","ping_status":"closed","template":"","meta":{"_acf_changed":false,"_monsterinsights_skip_tracking":false,"footnotes":""},"class_list":["post-1020","page","type-page","status-publish","hentry"],"acf":[],"_links":{"self":[{"href":"https:\/\/www.ufmg.br\/espacodoconhecimento\/mostrauniversidadecidade\/wp-json\/wp\/v2\/pages\/1020","targetHints":{"allow":["GET"]}}],"collection":[{"href":"https:\/\/www.ufmg.br\/espacodoconhecimento\/mostrauniversidadecidade\/wp-json\/wp\/v2\/pages"}],"about":[{"href":"https:\/\/www.ufmg.br\/espacodoconhecimento\/mostrauniversidadecidade\/wp-json\/wp\/v2\/types\/page"}],"author":[{"embeddable":true,"href":"https:\/\/www.ufmg.br\/espacodoconhecimento\/mostrauniversidadecidade\/wp-json\/wp\/v2\/users\/1"}],"replies":[{"embeddable":true,"href":"https:\/\/www.ufmg.br\/espacodoconhecimento\/mostrauniversidadecidade\/wp-json\/wp\/v2\/comments?post=1020"}],"version-history":[{"count":2,"href":"https:\/\/www.ufmg.br\/espacodoconhecimento\/mostrauniversidadecidade\/wp-json\/wp\/v2\/pages\/1020\/revisions"}],"predecessor-version":[{"id":1308,"href":"https:\/\/www.ufmg.br\/espacodoconhecimento\/mostrauniversidadecidade\/wp-json\/wp\/v2\/pages\/1020\/revisions\/1308"}],"wp:attachment":[{"href":"https:\/\/www.ufmg.br\/espacodoconhecimento\/mostrauniversidadecidade\/wp-json\/wp\/v2\/media?parent=1020"}],"curies":[{"name":"wp","href":"https:\/\/api.w.org\/{rel}","templated":true}]}}

<p class="wp-block-paragraph">“Quarentena – Na Tela” tem como foco a participação da comunidade local que reside no entorno dos centros culturais da cidade de Belo Horizonte. O projeto consiste na produção de vídeos curtos de 40 segundos, sem tema pré-estabelecido, atendendo as demandas e necessidades de cada pessoa que participou do projeto. Quarentena &#8211; Na Tela é um desdobramento do projeto inicial, criado especialmente para a Mostra Universidade e Cidade, em parceria com os centros culturais interessados em participar do projeto.</p>



<figure class="wp-block-embed-youtube wp-block-embed is-type-video is-provider-youtube wp-embed-aspect-16-9 wp-has-aspect-ratio"><div class="wp-block-embed__wrapper">
			<div data-mode="normal" data-oembed="1" data-provider="youtube" id="arve-youtube-vfw-yiew_xu" style="max-width:400px;" class="arve aligncenter">
				<div class="arve-inner">
					<div style="aspect-ratio:500/281" class="arve-embed arve-embed--has-aspect-ratio">
						<div class="arve-ar" style="padding-top:56.200000%"></div>
			<iframe allow="accelerometer &apos;none&apos;;autoplay &apos;none&apos;;bluetooth &apos;none&apos;;browsing-topics &apos;none&apos;;camera &apos;none&apos;;clipboard-read &apos;none&apos;;clipboard-write;display-capture &apos;none&apos;;encrypted-media &apos;none&apos;;gamepad &apos;none&apos;;geolocation &apos;none&apos;;gyroscope &apos;none&apos;;hid &apos;none&apos;;identity-credentials-get &apos;none&apos;;idle-detection &apos;none&apos;;keyboard-map &apos;none&apos;;local-fonts;magnetometer &apos;none&apos;;microphone &apos;none&apos;;midi &apos;none&apos;;otp-credentials &apos;none&apos;;payment &apos;none&apos;;picture-in-picture;publickey-credentials-create &apos;none&apos;;publickey-credentials-get &apos;none&apos;;screen-wake-lock &apos;none&apos;;serial &apos;none&apos;;summarizer &apos;none&apos;;sync-xhr;usb &apos;none&apos;;web-share;window-management &apos;none&apos;;xr-spatial-tracking &apos;none&apos;;" allowfullscreen="" class="arve-iframe fitvidsignore" credentialless data-arve="arve-youtube-vfw-yiew_xu" data-lenis-prevent="" data-src-no-ap="https://www.youtube.com/embed/VFw-YIEW_xU?feature=oembed&amp;iv_load_policy=3&amp;modestbranding=1&amp;rel=0&amp;autohide=1&amp;playsinline=0&amp;autoplay=0" frameborder="0" height="224.8" loading="lazy" name="" referrerpolicy="strict-origin-when-cross-origin" sandbox="allow-scripts allow-same-origin allow-presentation allow-popups allow-popups-to-escape-sandbox" scrolling="no" src="https://www.youtube.com/embed/VFw-YIEW_xU?feature=oembed&#038;iv_load_policy=3&#038;modestbranding=1&#038;rel=0&#038;autohide=1&#038;playsinline=0&#038;autoplay=0" title="" width="400"></iframe>
								</div>
									</div>
												<script type="application/ld+json">{"@context":"http:\/\/schema.org\/","@id":"https:\/\/www.ufmg.br\/espacodoconhecimento\/mostrauniversidadecidade\/quarentena-na-tela\/#arve-youtube-vfw-yiew_xu","@type":"VideoObject","embedURL":"https:\/\/www.youtube.com\/embed\/VFw-YIEW_xU?feature=oembed&iv_load_policy=3&modestbranding=1&rel=0&autohide=1&playsinline=0&autoplay=0"}</script>							</div>
			
</div></figure>



<p class="wp-block-paragraph">Direção e coordenação do projeto: Anamaria Fernandes<br>Produção: Jo Caravelli, Juliana Cancio e Samuel Carvalho<br>Assistência de produção: Duna Dias, Eduardo Henrique e Luana Magalhães<br>Logo: Vitor Drumond<br>Montagem dos vídeos: Juliana Cancio, Samuel Carvalho e Vitor Drumond<br>Centros Culturais participantes: Bairro das Indústrias, Padre Eustáquio, São Geraldo, São Bernardo, Venda Nova, Vila Santa Rita e Zilah Spósito</p>

<p>“Quarentena – Na Tela” tem como foco a participação da [&hellip;]</p>
