{"id":517,"date":"2020-12-09T12:07:31","date_gmt":"2020-12-09T15:07:31","guid":{"rendered":"https:\/\/www.ufmg.br\/espacodoconhecimento\/mostrauniversidadecidade\/?page_id=517"},"modified":"2021-02-25T18:10:55","modified_gmt":"2021-02-25T21:10:55","slug":"conservatorio-ufmg","status":"publish","type":"page","link":"https:\/\/www.ufmg.br\/espacodoconhecimento\/mostrauniversidadecidade\/conservatorio-ufmg\/","title":{"rendered":""},"content":{"rendered":"<h3 style=\"text-align: left;\"><span style=\"background-color: #c66a1e; color: #ffffff;\"><span style=\"color: #c66a1e;\">_<\/span>Conservat\u00f3rio UFMG <span style=\"color: #c66a1e;\">_<\/span><\/span><\/h3>\n\n\n<div style=\"height:40px\" aria-hidden=\"true\" class=\"wp-block-spacer\"><\/div>\n\n\n<p><span style=\"color: #333333;\">Localizado no centro de Belo Horizonte em edif\u00edcio tombado como patrim\u00f4nio hist\u00f3rico, o <strong>Conservat\u00f3rio UFMG<\/strong> atua h\u00e1 20 anos como espa\u00e7o cultural, promovendo apresenta\u00e7\u00f5es musicais e outras atividades culturais gratuitas. \u201cM\u00fasica para a Cidade\u201d ilustra a voca\u00e7\u00e3o do espa\u00e7o, trazendo trechos de apresenta\u00e7\u00f5es realizadas no Conservat\u00f3rio em 2019 e revelando a diversidade de pessoas, g\u00eaneros musicais e forma\u00e7\u00f5es instrumentais que habitam os palcos do Conservat\u00f3rio.<\/span><\/p>\n\n\n<div style=\"height:40px\" aria-hidden=\"true\" class=\"wp-block-spacer\"><\/div>\n\n\n\n<hr class=\"wp-block-separator\"\/>\n\n\n\n<div style=\"height:40px\" aria-hidden=\"true\" class=\"wp-block-spacer\"><\/div>\n\n\n<h4 style=\"text-align: left;\"><span style=\"background-color: #c66a1e; color: #ffffff;\">\u00a0M\u00fasica para a Cidade<span style=\"color: #c66a1e;\">_<\/span><\/span><\/h4>\n<p>\u00a0<\/p>\n<p><span style=\"color: #333333;\">V\u00eddeos com obras musicais apresentadas no <strong>Conservat\u00f3rio UFMG<\/strong>, por artistas da cidade e convidados de todo o mundo, na variedade de g\u00eaneros, ritmos, forma\u00e7\u00f5es instrumentais e \u00e9pocas de produ\u00e7\u00e3o, revelando a diversidade da m\u00fasica que permeia esse espa\u00e7o cultural localizado no centro de Belo Horizonte.<\/span><\/p>\n<p><span style=\"color: #333333;\"><strong>Edi\u00e7\u00e3o<\/strong>: Jo\u00e3o Lamego<\/span><br \/><span style=\"color: #333333;\"><strong>Produ\u00e7\u00e3o<\/strong>: Fernando Rocha e Bruna Ac\u00e1cio<\/span><\/p>\n\n\n<div style=\"height:20px\" aria-hidden=\"true\" class=\"wp-block-spacer\"><\/div>\n\n\n\n<hr class=\"wp-block-separator\"\/>\n\n\n\n<div style=\"height:20px\" aria-hidden=\"true\" class=\"wp-block-spacer\"><\/div>\n\n\n\n<figure class=\"wp-block-embed-youtube wp-block-embed is-type-video is-provider-youtube wp-embed-aspect-16-9 wp-has-aspect-ratio\"><div class=\"wp-block-embed__wrapper\">\n\t\t\t<div data-mode=\"normal\" data-oembed=\"1\" data-provider=\"youtube\" id=\"arve-youtube-nqnrkgykq9e\" style=\"max-width:400px;\" class=\"arve aligncenter\">\n\t\t\t\t<div class=\"arve-inner\">\n\t\t\t\t\t<div style=\"aspect-ratio:500\/281\" class=\"arve-embed arve-embed--has-aspect-ratio\">\n\t\t\t\t\t\t<div class=\"arve-ar\" style=\"padding-top:56.200000%\"><\/div>\n\t\t\t<iframe allow=\"accelerometer &apos;none&apos;;autoplay &apos;none&apos;;bluetooth &apos;none&apos;;browsing-topics &apos;none&apos;;camera &apos;none&apos;;clipboard-read &apos;none&apos;;clipboard-write;display-capture &apos;none&apos;;encrypted-media &apos;none&apos;;gamepad &apos;none&apos;;geolocation &apos;none&apos;;gyroscope &apos;none&apos;;hid &apos;none&apos;;identity-credentials-get &apos;none&apos;;idle-detection &apos;none&apos;;keyboard-map &apos;none&apos;;local-fonts;magnetometer &apos;none&apos;;microphone &apos;none&apos;;midi &apos;none&apos;;otp-credentials &apos;none&apos;;payment &apos;none&apos;;picture-in-picture;publickey-credentials-create &apos;none&apos;;publickey-credentials-get &apos;none&apos;;screen-wake-lock &apos;none&apos;;serial &apos;none&apos;;summarizer &apos;none&apos;;sync-xhr;usb &apos;none&apos;;web-share;window-management &apos;none&apos;;xr-spatial-tracking &apos;none&apos;;\" allowfullscreen=\"\" class=\"arve-iframe fitvidsignore\" credentialless data-arve=\"arve-youtube-nqnrkgykq9e\" data-lenis-prevent=\"\" data-src-no-ap=\"https:\/\/www.youtube.com\/embed\/NQnrKgyKq9E?feature=oembed&amp;iv_load_policy=3&amp;modestbranding=1&amp;rel=0&amp;autohide=1&amp;playsinline=0&amp;autoplay=0\" frameborder=\"0\" height=\"224.8\" loading=\"lazy\" name=\"\" referrerpolicy=\"strict-origin-when-cross-origin\" sandbox=\"allow-scripts allow-same-origin allow-presentation allow-popups allow-popups-to-escape-sandbox\" scrolling=\"no\" src=\"https:\/\/www.youtube.com\/embed\/NQnrKgyKq9E?feature=oembed&#038;iv_load_policy=3&#038;modestbranding=1&#038;rel=0&#038;autohide=1&#038;playsinline=0&#038;autoplay=0\" title=\"\" width=\"400\"><\/iframe>\n\t\t\t\t\t\t\t\t<\/div>\n\t\t\t\t\t\t\t\t\t<\/div>\n\t\t\t\t\t\t\t\t\t\t\t\t<script type=\"application\/ld+json\">{\"@context\":\"http:\\\/\\\/schema.org\\\/\",\"@id\":\"https:\\\/\\\/www.ufmg.br\\\/espacodoconhecimento\\\/mostrauniversidadecidade\\\/conservatorio-ufmg\\\/#arve-youtube-nqnrkgykq9e\",\"@type\":\"VideoObject\",\"embedURL\":\"https:\\\/\\\/www.youtube.com\\\/embed\\\/NQnrKgyKq9E?feature=oembed&iv_load_policy=3&modestbranding=1&rel=0&autohide=1&playsinline=0&autoplay=0\"}<\/script>\t\t\t\t\t\t\t<\/div>\n\t\t\t\n<\/div><\/figure>\n\n\n\n<p class=\"wp-block-paragraph\"><span class=\"has-inline-color has-very-dark-gray-color\"><strong>V\u00eddeo 1<\/strong><br><strong>Edi\u00e7\u00e3o:<\/strong> Jo\u00e3o Lam\u00eago<br><strong>Produ\u00e7\u00e3o:<\/strong> Bruna Ac\u00e1cio, Fernando Rocha, Rani Costa<br><strong>Trechos de:<\/strong> Babadan Banda de RuaClara Sandroni e O Samba da Pra\u00e7a XI<br>Circuito Contempor\u00e2neo (M\u00fasica Eletroac\u00fastica)<br>Grupo de Percuss\u00e3o da UFMG e Mauro Rodrigues<br>Hugo Pilger e Grupo de Violoncelos da UFMG<br>San-S\u00e3o TrioVozes da Escola Parque Cari\u00fanas<\/span><\/p>\n\n\n\n<hr class=\"wp-block-separator\"\/>\n\n\n\n<div style=\"height:20px\" aria-hidden=\"true\" class=\"wp-block-spacer\"><\/div>\n\n\n\n<figure class=\"wp-block-embed-youtube wp-block-embed is-type-video is-provider-youtube wp-embed-aspect-16-9 wp-has-aspect-ratio\"><div class=\"wp-block-embed__wrapper\">\n\t\t\t<div data-mode=\"normal\" data-oembed=\"1\" data-provider=\"youtube\" id=\"arve-youtube-gotzwqs30q4\" style=\"max-width:400px;\" class=\"arve aligncenter\">\n\t\t\t\t<div class=\"arve-inner\">\n\t\t\t\t\t<div style=\"aspect-ratio:500\/281\" class=\"arve-embed arve-embed--has-aspect-ratio\">\n\t\t\t\t\t\t<div class=\"arve-ar\" style=\"padding-top:56.200000%\"><\/div>\n\t\t\t<iframe allow=\"accelerometer &apos;none&apos;;autoplay &apos;none&apos;;bluetooth &apos;none&apos;;browsing-topics &apos;none&apos;;camera &apos;none&apos;;clipboard-read &apos;none&apos;;clipboard-write;display-capture &apos;none&apos;;encrypted-media &apos;none&apos;;gamepad &apos;none&apos;;geolocation &apos;none&apos;;gyroscope &apos;none&apos;;hid &apos;none&apos;;identity-credentials-get &apos;none&apos;;idle-detection &apos;none&apos;;keyboard-map &apos;none&apos;;local-fonts;magnetometer &apos;none&apos;;microphone &apos;none&apos;;midi &apos;none&apos;;otp-credentials &apos;none&apos;;payment &apos;none&apos;;picture-in-picture;publickey-credentials-create &apos;none&apos;;publickey-credentials-get &apos;none&apos;;screen-wake-lock &apos;none&apos;;serial &apos;none&apos;;summarizer &apos;none&apos;;sync-xhr;usb &apos;none&apos;;web-share;window-management &apos;none&apos;;xr-spatial-tracking &apos;none&apos;;\" allowfullscreen=\"\" class=\"arve-iframe fitvidsignore\" credentialless data-arve=\"arve-youtube-gotzwqs30q4\" data-lenis-prevent=\"\" data-src-no-ap=\"https:\/\/www.youtube.com\/embed\/gOtZWQs30Q4?feature=oembed&amp;iv_load_policy=3&amp;modestbranding=1&amp;rel=0&amp;autohide=1&amp;playsinline=0&amp;autoplay=0\" frameborder=\"0\" height=\"224.8\" loading=\"lazy\" name=\"\" referrerpolicy=\"strict-origin-when-cross-origin\" sandbox=\"allow-scripts allow-same-origin allow-presentation allow-popups allow-popups-to-escape-sandbox\" scrolling=\"no\" src=\"https:\/\/www.youtube.com\/embed\/gOtZWQs30Q4?feature=oembed&#038;iv_load_policy=3&#038;modestbranding=1&#038;rel=0&#038;autohide=1&#038;playsinline=0&#038;autoplay=0\" title=\"\" width=\"400\"><\/iframe>\n\t\t\t\t\t\t\t\t<\/div>\n\t\t\t\t\t\t\t\t\t<\/div>\n\t\t\t\t\t\t\t\t\t\t\t\t<script type=\"application\/ld+json\">{\"@context\":\"http:\\\/\\\/schema.org\\\/\",\"@id\":\"https:\\\/\\\/www.ufmg.br\\\/espacodoconhecimento\\\/mostrauniversidadecidade\\\/conservatorio-ufmg\\\/#arve-youtube-gotzwqs30q4\",\"@type\":\"VideoObject\",\"embedURL\":\"https:\\\/\\\/www.youtube.com\\\/embed\\\/gOtZWQs30Q4?feature=oembed&iv_load_policy=3&modestbranding=1&rel=0&autohide=1&playsinline=0&autoplay=0\"}<\/script>\t\t\t\t\t\t\t<\/div>\n\t\t\t\n<\/div><\/figure>\n\n\n\n<p class=\"wp-block-paragraph\"><strong><span class=\"has-inline-color has-very-dark-gray-color\">V\u00eddeo 2<\/span><\/strong><span class=\"has-inline-color has-very-dark-gray-color\"><br><strong>Edi\u00e7\u00e3o:<\/strong> Jo\u00e3o Lam\u00eago<br><strong>Produ\u00e7\u00e3o:<\/strong> Bruna Ac\u00e1cio, Fernando Rocha, Rani Costa<br><strong>Trechos de:<\/strong> Ars Nova Coral da UFMG<br>Brasil African Voice<br>Choro da Mercearia<br>Circuito Contempor\u00e2neo (M\u00fasica Eletroac\u00fastica)<br>Grupo Modus Novus<br>Rayana Toledo, Doizaum e Chico Amaral<br>T\u00falio Ara\u00fajo e Projeto Dobradura<\/span><\/p>\n\n\n\n<div style=\"height:20px\" aria-hidden=\"true\" class=\"wp-block-spacer\"><\/div>\n\n\n\n<hr class=\"wp-block-separator\"\/>\n\n\n\n<div style=\"height:20px\" aria-hidden=\"true\" class=\"wp-block-spacer\"><\/div>\n\n\n<h4 style=\"text-align: left;\"><span style=\"background-color: #c66a1e; color: #ffffff;\"><span style=\"color: #c66a1e;\">_<\/span>ONDE?<span style=\"color: #c66a1e;\">_<\/span><\/span><\/h4>\n<p>\u00a0<\/p>\n<p><span style=\"color: #333333;\">Av. Afonso Pena, 1534 &#8211; Centro | Belo Horizonte, MG<br \/><\/span><\/p>\n\n\n<div style=\"height:50px\" aria-hidden=\"true\" class=\"wp-block-spacer\"><\/div>\n\n\n\n<figure><iframe loading=\"lazy\" src=\"https:\/\/www.google.com\/maps\/embed?pb=!1m18!1m12!1m3!1d3750.956483407209!2d-43.93665458530624!3d-19.926238543337657!2m3!1f0!2f0!3f0!3m2!1i1024!2i768!4f13.1!3m3!1m2!1s0xa699e606fea01f%3A0x949d463cc83c4dcf!2sConservat%C3%B3rio%20de%20M%C3%BAsica%20UFMG!5e0!3m2!1spt-BR!2sbr!4v1608221346764!5m2!1spt-BR!2sbr\" allowfullscreen=\"\" width=\"800\" height=\"350\"><\/iframe><\/figure>\n\n\n\n<p class=\"wp-block-paragraph\"><\/p>\n","protected":false},"excerpt":{"rendered":"<p>_Conservat\u00f3rio UFMG _ Localizado no centro de Belo Horizonte em [&hellip;]<\/p>\n","protected":false},"author":1,"featured_media":0,"parent":0,"menu_order":0,"comment_status":"closed","ping_status":"closed","template":"","meta":{"_acf_changed":false,"_monsterinsights_skip_tracking":false,"footnotes":""},"class_list":["post-517","page","type-page","status-publish","hentry"],"acf":[],"_links":{"self":[{"href":"https:\/\/www.ufmg.br\/espacodoconhecimento\/mostrauniversidadecidade\/wp-json\/wp\/v2\/pages\/517","targetHints":{"allow":["GET"]}}],"collection":[{"href":"https:\/\/www.ufmg.br\/espacodoconhecimento\/mostrauniversidadecidade\/wp-json\/wp\/v2\/pages"}],"about":[{"href":"https:\/\/www.ufmg.br\/espacodoconhecimento\/mostrauniversidadecidade\/wp-json\/wp\/v2\/types\/page"}],"author":[{"embeddable":true,"href":"https:\/\/www.ufmg.br\/espacodoconhecimento\/mostrauniversidadecidade\/wp-json\/wp\/v2\/users\/1"}],"replies":[{"embeddable":true,"href":"https:\/\/www.ufmg.br\/espacodoconhecimento\/mostrauniversidadecidade\/wp-json\/wp\/v2\/comments?post=517"}],"version-history":[{"count":17,"href":"https:\/\/www.ufmg.br\/espacodoconhecimento\/mostrauniversidadecidade\/wp-json\/wp\/v2\/pages\/517\/revisions"}],"predecessor-version":[{"id":3588,"href":"https:\/\/www.ufmg.br\/espacodoconhecimento\/mostrauniversidadecidade\/wp-json\/wp\/v2\/pages\/517\/revisions\/3588"}],"wp:attachment":[{"href":"https:\/\/www.ufmg.br\/espacodoconhecimento\/mostrauniversidadecidade\/wp-json\/wp\/v2\/media?parent=517"}],"curies":[{"name":"wp","href":"https:\/\/api.w.org\/{rel}","templated":true}]}}

<h3 style="text-align: left;"><span style="background-color: #c66a1e; color: #ffffff;"><span style="color: #c66a1e;">_</span>Conservatório UFMG <span style="color: #c66a1e;">_</span></span></h3>


<div style="height:40px" aria-hidden="true" class="wp-block-spacer"></div>


<p><span style="color: #333333;">Localizado no centro de Belo Horizonte em edifício tombado como patrimônio histórico, o <strong>Conservatório UFMG</strong> atua há 20 anos como espaço cultural, promovendo apresentações musicais e outras atividades culturais gratuitas. “Música para a Cidade” ilustra a vocação do espaço, trazendo trechos de apresentações realizadas no Conservatório em 2019 e revelando a diversidade de pessoas, gêneros musicais e formações instrumentais que habitam os palcos do Conservatório.</span></p>


<div style="height:40px" aria-hidden="true" class="wp-block-spacer"></div>



<hr class="wp-block-separator"/>



<div style="height:40px" aria-hidden="true" class="wp-block-spacer"></div>


<h4 style="text-align: left;"><span style="background-color: #c66a1e; color: #ffffff;"> Música para a Cidade<span style="color: #c66a1e;">_</span></span></h4>
<p> </p>
<p><span style="color: #333333;">Vídeos com obras musicais apresentadas no <strong>Conservatório UFMG</strong>, por artistas da cidade e convidados de todo o mundo, na variedade de gêneros, ritmos, formações instrumentais e épocas de produção, revelando a diversidade da música que permeia esse espaço cultural localizado no centro de Belo Horizonte.</span></p>
<p><span style="color: #333333;"><strong>Edição</strong>: João Lamego</span><br /><span style="color: #333333;"><strong>Produção</strong>: Fernando Rocha e Bruna Acácio</span></p>


<div style="height:20px" aria-hidden="true" class="wp-block-spacer"></div>



<hr class="wp-block-separator"/>



<div style="height:20px" aria-hidden="true" class="wp-block-spacer"></div>



<figure class="wp-block-embed-youtube wp-block-embed is-type-video is-provider-youtube wp-embed-aspect-16-9 wp-has-aspect-ratio"><div class="wp-block-embed__wrapper">
			<div data-mode="normal" data-oembed="1" data-provider="youtube" id="arve-youtube-nqnrkgykq9e" style="max-width:400px;" class="arve aligncenter">
				<div class="arve-inner">
					<div style="aspect-ratio:500/281" class="arve-embed arve-embed--has-aspect-ratio">
						<div class="arve-ar" style="padding-top:56.200000%"></div>
			<iframe allow="accelerometer &apos;none&apos;;autoplay &apos;none&apos;;bluetooth &apos;none&apos;;browsing-topics &apos;none&apos;;camera &apos;none&apos;;clipboard-read &apos;none&apos;;clipboard-write;display-capture &apos;none&apos;;encrypted-media &apos;none&apos;;gamepad &apos;none&apos;;geolocation &apos;none&apos;;gyroscope &apos;none&apos;;hid &apos;none&apos;;identity-credentials-get &apos;none&apos;;idle-detection &apos;none&apos;;keyboard-map &apos;none&apos;;local-fonts;magnetometer &apos;none&apos;;microphone &apos;none&apos;;midi &apos;none&apos;;otp-credentials &apos;none&apos;;payment &apos;none&apos;;picture-in-picture;publickey-credentials-create &apos;none&apos;;publickey-credentials-get &apos;none&apos;;screen-wake-lock &apos;none&apos;;serial &apos;none&apos;;summarizer &apos;none&apos;;sync-xhr;usb &apos;none&apos;;web-share;window-management &apos;none&apos;;xr-spatial-tracking &apos;none&apos;;" allowfullscreen="" class="arve-iframe fitvidsignore" credentialless data-arve="arve-youtube-nqnrkgykq9e" data-lenis-prevent="" data-src-no-ap="https://www.youtube.com/embed/NQnrKgyKq9E?feature=oembed&amp;iv_load_policy=3&amp;modestbranding=1&amp;rel=0&amp;autohide=1&amp;playsinline=0&amp;autoplay=0" frameborder="0" height="224.8" loading="lazy" name="" referrerpolicy="strict-origin-when-cross-origin" sandbox="allow-scripts allow-same-origin allow-presentation allow-popups allow-popups-to-escape-sandbox" scrolling="no" src="https://www.youtube.com/embed/NQnrKgyKq9E?feature=oembed&#038;iv_load_policy=3&#038;modestbranding=1&#038;rel=0&#038;autohide=1&#038;playsinline=0&#038;autoplay=0" title="" width="400"></iframe>
								</div>
									</div>
												<script type="application/ld+json">{"@context":"http:\/\/schema.org\/","@id":"https:\/\/www.ufmg.br\/espacodoconhecimento\/mostrauniversidadecidade\/conservatorio-ufmg\/#arve-youtube-nqnrkgykq9e","@type":"VideoObject","embedURL":"https:\/\/www.youtube.com\/embed\/NQnrKgyKq9E?feature=oembed&iv_load_policy=3&modestbranding=1&rel=0&autohide=1&playsinline=0&autoplay=0"}</script>							</div>
			
</div></figure>



<p class="wp-block-paragraph"><span class="has-inline-color has-very-dark-gray-color"><strong>Vídeo 1</strong><br><strong>Edição:</strong> João Lamêgo<br><strong>Produção:</strong> Bruna Acácio, Fernando Rocha, Rani Costa<br><strong>Trechos de:</strong> Babadan Banda de RuaClara Sandroni e O Samba da Praça XI<br>Circuito Contemporâneo (Música Eletroacústica)<br>Grupo de Percussão da UFMG e Mauro Rodrigues<br>Hugo Pilger e Grupo de Violoncelos da UFMG<br>San-São TrioVozes da Escola Parque Cariúnas</span></p>



<hr class="wp-block-separator"/>



<div style="height:20px" aria-hidden="true" class="wp-block-spacer"></div>



<figure class="wp-block-embed-youtube wp-block-embed is-type-video is-provider-youtube wp-embed-aspect-16-9 wp-has-aspect-ratio"><div class="wp-block-embed__wrapper">
			<div data-mode="normal" data-oembed="1" data-provider="youtube" id="arve-youtube-gotzwqs30q4" style="max-width:400px;" class="arve aligncenter">
				<div class="arve-inner">
					<div style="aspect-ratio:500/281" class="arve-embed arve-embed--has-aspect-ratio">
						<div class="arve-ar" style="padding-top:56.200000%"></div>
			<iframe allow="accelerometer &apos;none&apos;;autoplay &apos;none&apos;;bluetooth &apos;none&apos;;browsing-topics &apos;none&apos;;camera &apos;none&apos;;clipboard-read &apos;none&apos;;clipboard-write;display-capture &apos;none&apos;;encrypted-media &apos;none&apos;;gamepad &apos;none&apos;;geolocation &apos;none&apos;;gyroscope &apos;none&apos;;hid &apos;none&apos;;identity-credentials-get &apos;none&apos;;idle-detection &apos;none&apos;;keyboard-map &apos;none&apos;;local-fonts;magnetometer &apos;none&apos;;microphone &apos;none&apos;;midi &apos;none&apos;;otp-credentials &apos;none&apos;;payment &apos;none&apos;;picture-in-picture;publickey-credentials-create &apos;none&apos;;publickey-credentials-get &apos;none&apos;;screen-wake-lock &apos;none&apos;;serial &apos;none&apos;;summarizer &apos;none&apos;;sync-xhr;usb &apos;none&apos;;web-share;window-management &apos;none&apos;;xr-spatial-tracking &apos;none&apos;;" allowfullscreen="" class="arve-iframe fitvidsignore" credentialless data-arve="arve-youtube-gotzwqs30q4" data-lenis-prevent="" data-src-no-ap="https://www.youtube.com/embed/gOtZWQs30Q4?feature=oembed&amp;iv_load_policy=3&amp;modestbranding=1&amp;rel=0&amp;autohide=1&amp;playsinline=0&amp;autoplay=0" frameborder="0" height="224.8" loading="lazy" name="" referrerpolicy="strict-origin-when-cross-origin" sandbox="allow-scripts allow-same-origin allow-presentation allow-popups allow-popups-to-escape-sandbox" scrolling="no" src="https://www.youtube.com/embed/gOtZWQs30Q4?feature=oembed&#038;iv_load_policy=3&#038;modestbranding=1&#038;rel=0&#038;autohide=1&#038;playsinline=0&#038;autoplay=0" title="" width="400"></iframe>
								</div>
									</div>
												<script type="application/ld+json">{"@context":"http:\/\/schema.org\/","@id":"https:\/\/www.ufmg.br\/espacodoconhecimento\/mostrauniversidadecidade\/conservatorio-ufmg\/#arve-youtube-gotzwqs30q4","@type":"VideoObject","embedURL":"https:\/\/www.youtube.com\/embed\/gOtZWQs30Q4?feature=oembed&iv_load_policy=3&modestbranding=1&rel=0&autohide=1&playsinline=0&autoplay=0"}</script>							</div>
			
</div></figure>



<p class="wp-block-paragraph"><strong><span class="has-inline-color has-very-dark-gray-color">Vídeo 2</span></strong><span class="has-inline-color has-very-dark-gray-color"><br><strong>Edição:</strong> João Lamêgo<br><strong>Produção:</strong> Bruna Acácio, Fernando Rocha, Rani Costa<br><strong>Trechos de:</strong> Ars Nova Coral da UFMG<br>Brasil African Voice<br>Choro da Mercearia<br>Circuito Contemporâneo (Música Eletroacústica)<br>Grupo Modus Novus<br>Rayana Toledo, Doizaum e Chico Amaral<br>Túlio Araújo e Projeto Dobradura</span></p>



<div style="height:20px" aria-hidden="true" class="wp-block-spacer"></div>



<hr class="wp-block-separator"/>



<div style="height:20px" aria-hidden="true" class="wp-block-spacer"></div>


<h4 style="text-align: left;"><span style="background-color: #c66a1e; color: #ffffff;"><span style="color: #c66a1e;">_</span>ONDE?<span style="color: #c66a1e;">_</span></span></h4>
<p> </p>
<p><span style="color: #333333;">Av. Afonso Pena, 1534 &#8211; Centro | Belo Horizonte, MG<br /></span></p>


<div style="height:50px" aria-hidden="true" class="wp-block-spacer"></div>



<figure><iframe loading="lazy" src="https://www.google.com/maps/embed?pb=!1m18!1m12!1m3!1d3750.956483407209!2d-43.93665458530624!3d-19.926238543337657!2m3!1f0!2f0!3f0!3m2!1i1024!2i768!4f13.1!3m3!1m2!1s0xa699e606fea01f%3A0x949d463cc83c4dcf!2sConservat%C3%B3rio%20de%20M%C3%BAsica%20UFMG!5e0!3m2!1spt-BR!2sbr!4v1608221346764!5m2!1spt-BR!2sbr" allowfullscreen="" width="800" height="350"></iframe></figure>



<p class="wp-block-paragraph"></p>

<p>_Conservatório UFMG _ Localizado no centro de Belo Horizonte em [&hellip;]</p>
