{"id":519,"date":"2020-12-03T18:14:53","date_gmt":"2020-12-03T21:14:53","guid":{"rendered":"https:\/\/www.ufmg.br\/espacodoconhecimento\/mostrauniversidadecidade\/?page_id=519"},"modified":"2020-12-13T22:49:20","modified_gmt":"2020-12-14T01:49:20","slug":"dialogos","status":"publish","type":"page","link":"https:\/\/www.ufmg.br\/espacodoconhecimento\/mostrauniversidadecidade\/dialogos\/","title":{"rendered":"Di\u00e1logos &#8211; PRAXIS EA UFMG"},"content":{"rendered":"\n<div style=\"height:20px\" aria-hidden=\"true\" class=\"wp-block-spacer\"><\/div>\n\n\n\n<p class=\"wp-block-paragraph\">Desenvolver processos e meios (linguagens, suportes, instrumentos, dispositivos ou metodologias) colaborativos pass\u00edveis de utiliza\u00e7\u00e3o na media\u00e7\u00e3o de informa\u00e7\u00f5es entre arquitetos e moradores envolvidos na produ\u00e7\u00e3o do espa\u00e7o urbano. Trata-se de projeto de extens\u00e3o que busca ampliar as possibilidades de se pensar o projeto e a execu\u00e7\u00e3o das moradias e dos espa\u00e7os comuns de forma compartilhada (moradores, construtores e arquitetos\/pesquisadores), rejeitando-se procedimentos convencionais de se fazer arquitetura alimentados, em grande maioria, pela rela\u00e7\u00e3o cliente-arquiteto-Estado.<\/p>\n\n\n\n<div style=\"height:20px\" aria-hidden=\"true\" class=\"wp-block-spacer\"><\/div>\n\n\n\n<div class=\"wp-block-columns is-layout-flex wp-container-core-columns-is-layout-8f761849 wp-block-columns-is-layout-flex\">\n<div class=\"wp-block-column is-layout-flow wp-block-column-is-layout-flow\" style=\"flex-basis:33.33%\">\n<figure class=\"wp-block-image size-full is-resized\"><img loading=\"lazy\" decoding=\"async\" src=\"https:\/\/www.ufmg.br\/espacodoconhecimento\/mostrauniversidadecidade\/wp-content\/uploads\/2020\/12\/imagens-dos-projetos-3.png\" alt=\"\" class=\"wp-image-870\" width=\"165\" height=\"50\"\/><\/figure>\n<\/div>\n\n\n\n<div class=\"wp-block-column is-layout-flow wp-block-column-is-layout-flow\" style=\"flex-basis:90%\">\n<p class=\"wp-block-paragraph\">Profa. Denise Morado<br>Prof. Daniel Medeiros de Freitas<br>Carolina de Oliveira Almeida<br>Gabriel da Cruz Nascimento<br>Geruza Lustosa de Andrade Tibo<br>Juliana de Faria Linhares<br>Let\u00edcia Campos Ara\u00fajo P\u00e1dua<br>Marcos Vin\u00edcius Val\u00e9rio Dias<br>Marina Lima de S\u00e3o Jos\u00e9<br>Maur\u00edcio Lage<br>Rafael Gomes Duarte<br>Renata Salas Soares<br>Thais Graziele de Melo Camargos<\/p>\n<\/div>\n<\/div>\n\n\n\n<ul class=\"wp-block-list\"><li>Site: <a href=\"https:\/\/praxis.arq.ufmg.br\">https:\/\/praxis.arq.ufmg.br<\/a><\/li><li>Facebook: <a href=\"https:\/\/www.facebook.com\/praxis.ufmg\">https:\/\/www.facebook.com\/praxis.ufmg<\/a><\/li><li>YouTube: <a rel=\"noreferrer noopener\" target=\"_blank\" href=\"https:\/\/youtube.com\/user\/PraxisEAUFMG\">https:\/\/youtube.com\/user\/PraxisEAUFMG<\/a><\/li><\/ul>\n\n\n\n<div style=\"height:20px\" aria-hidden=\"true\" class=\"wp-block-spacer\"><\/div>\n\n\n\n<div class=\"wp-block-columns is-layout-flex wp-container-core-columns-is-layout-8f761849 wp-block-columns-is-layout-flex\">\n<div class=\"wp-block-column is-layout-flow wp-block-column-is-layout-flow\" style=\"flex-basis:10%\">\n<div class=\"wp-block-image\"><figure class=\"alignright size-medium is-resized\"><img loading=\"lazy\" decoding=\"async\" src=\"https:\/\/www.ufmg.br\/espacodoconhecimento\/mostrauniversidadecidade\/wp-content\/uploads\/2020\/12\/verescutar_verescutar-300x300.png\" alt=\"\" class=\"wp-image-1398\" width=\"93\" height=\"93\" srcset=\"https:\/\/www.ufmg.br\/espacodoconhecimento\/mostrauniversidadecidade\/wp-content\/uploads\/2020\/12\/verescutar_verescutar-300x300.png 300w, https:\/\/www.ufmg.br\/espacodoconhecimento\/mostrauniversidadecidade\/wp-content\/uploads\/2020\/12\/verescutar_verescutar-1024x1024.png 1024w, https:\/\/www.ufmg.br\/espacodoconhecimento\/mostrauniversidadecidade\/wp-content\/uploads\/2020\/12\/verescutar_verescutar-150x150.png 150w, https:\/\/www.ufmg.br\/espacodoconhecimento\/mostrauniversidadecidade\/wp-content\/uploads\/2020\/12\/verescutar_verescutar-768x768.png 768w, https:\/\/www.ufmg.br\/espacodoconhecimento\/mostrauniversidadecidade\/wp-content\/uploads\/2020\/12\/verescutar_verescutar-1536x1536.png 1536w, https:\/\/www.ufmg.br\/espacodoconhecimento\/mostrauniversidadecidade\/wp-content\/uploads\/2020\/12\/verescutar_verescutar-2048x2048.png 2048w\" sizes=\"auto, (max-width: 93px) 100vw, 93px\" \/><\/figure><\/div>\n<\/div>\n\n\n\n<div class=\"wp-block-column is-layout-flow wp-block-column-is-layout-flow\" style=\"flex-basis:66.66%\">\n<div style=\"height:30px\" aria-hidden=\"true\" class=\"wp-block-spacer\"><\/div>\n\n\n\n<p class=\"wp-block-paragraph\" style=\"font-size:56px\"><strong><span class=\"has-inline-color has-very-dark-gray-color\">VER E ESCUTAR<\/span><\/strong><\/p>\n<\/div>\n<\/div>\n\n\n\n<div class=\"wp-block-buttons is-layout-flex wp-block-buttons-is-layout-flex\">\n<div class=\"wp-block-button\"><a class=\"wp-block-button__link has-background\" href=\"https:\/\/www.ufmg.br\/espacodoconhecimento\/mostrauniversidadecidade\/janelas-afora-portas-adentro\" style=\"background-color:#c69024;border-radius:4px\"><span class=\"has-inline-color has-very-light-gray-color\"><strong>Janelas Afora, Portas Adentro: qual \u00e9 a hist\u00f3ria que voc\u00ea mostraria para a cidade?<\/strong><\/span><\/a><\/div>\n<\/div>\n","protected":false},"excerpt":{"rendered":"<p>Desenvolver processos e meios (linguagens, suportes, instrumentos, dispositivos ou metodologias) [&hellip;]<\/p>\n","protected":false},"author":1,"featured_media":0,"parent":0,"menu_order":0,"comment_status":"closed","ping_status":"closed","template":"","meta":{"_acf_changed":false,"_monsterinsights_skip_tracking":false,"footnotes":""},"class_list":["post-519","page","type-page","status-publish","hentry"],"acf":[],"_links":{"self":[{"href":"https:\/\/www.ufmg.br\/espacodoconhecimento\/mostrauniversidadecidade\/wp-json\/wp\/v2\/pages\/519","targetHints":{"allow":["GET"]}}],"collection":[{"href":"https:\/\/www.ufmg.br\/espacodoconhecimento\/mostrauniversidadecidade\/wp-json\/wp\/v2\/pages"}],"about":[{"href":"https:\/\/www.ufmg.br\/espacodoconhecimento\/mostrauniversidadecidade\/wp-json\/wp\/v2\/types\/page"}],"author":[{"embeddable":true,"href":"https:\/\/www.ufmg.br\/espacodoconhecimento\/mostrauniversidadecidade\/wp-json\/wp\/v2\/users\/1"}],"replies":[{"embeddable":true,"href":"https:\/\/www.ufmg.br\/espacodoconhecimento\/mostrauniversidadecidade\/wp-json\/wp\/v2\/comments?post=519"}],"version-history":[{"count":14,"href":"https:\/\/www.ufmg.br\/espacodoconhecimento\/mostrauniversidadecidade\/wp-json\/wp\/v2\/pages\/519\/revisions"}],"predecessor-version":[{"id":1645,"href":"https:\/\/www.ufmg.br\/espacodoconhecimento\/mostrauniversidadecidade\/wp-json\/wp\/v2\/pages\/519\/revisions\/1645"}],"wp:attachment":[{"href":"https:\/\/www.ufmg.br\/espacodoconhecimento\/mostrauniversidadecidade\/wp-json\/wp\/v2\/media?parent=519"}],"curies":[{"name":"wp","href":"https:\/\/api.w.org\/{rel}","templated":true}]}}

Diálogos &#8211; PRAXIS EA UFMG

<div style="height:20px" aria-hidden="true" class="wp-block-spacer"></div>



<p class="wp-block-paragraph">Desenvolver processos e meios (linguagens, suportes, instrumentos, dispositivos ou metodologias) colaborativos passíveis de utilização na mediação de informações entre arquitetos e moradores envolvidos na produção do espaço urbano. Trata-se de projeto de extensão que busca ampliar as possibilidades de se pensar o projeto e a execução das moradias e dos espaços comuns de forma compartilhada (moradores, construtores e arquitetos/pesquisadores), rejeitando-se procedimentos convencionais de se fazer arquitetura alimentados, em grande maioria, pela relação cliente-arquiteto-Estado.</p>



<div style="height:20px" aria-hidden="true" class="wp-block-spacer"></div>



<div class="wp-block-columns is-layout-flex wp-container-core-columns-is-layout-8f761849 wp-block-columns-is-layout-flex">
<div class="wp-block-column is-layout-flow wp-block-column-is-layout-flow" style="flex-basis:33.33%">
<figure class="wp-block-image size-full is-resized"><img loading="lazy" decoding="async" src="https://www.ufmg.br/espacodoconhecimento/mostrauniversidadecidade/wp-content/uploads/2020/12/imagens-dos-projetos-3.png" alt="" class="wp-image-870" width="165" height="50"/></figure>
</div>



<div class="wp-block-column is-layout-flow wp-block-column-is-layout-flow" style="flex-basis:90%">
<p class="wp-block-paragraph">Profa. Denise Morado<br>Prof. Daniel Medeiros de Freitas<br>Carolina de Oliveira Almeida<br>Gabriel da Cruz Nascimento<br>Geruza Lustosa de Andrade Tibo<br>Juliana de Faria Linhares<br>Letícia Campos Araújo Pádua<br>Marcos Vinícius Valério Dias<br>Marina Lima de São José<br>Maurício Lage<br>Rafael Gomes Duarte<br>Renata Salas Soares<br>Thais Graziele de Melo Camargos</p>
</div>
</div>



<ul class="wp-block-list"><li>Site: <a href="https://praxis.arq.ufmg.br">https://praxis.arq.ufmg.br</a></li><li>Facebook: <a href="https://www.facebook.com/praxis.ufmg">https://www.facebook.com/praxis.ufmg</a></li><li>YouTube: <a rel="noreferrer noopener" target="_blank" href="https://youtube.com/user/PraxisEAUFMG">https://youtube.com/user/PraxisEAUFMG</a></li></ul>



<div style="height:20px" aria-hidden="true" class="wp-block-spacer"></div>



<div class="wp-block-columns is-layout-flex wp-container-core-columns-is-layout-8f761849 wp-block-columns-is-layout-flex">
<div class="wp-block-column is-layout-flow wp-block-column-is-layout-flow" style="flex-basis:10%">
<div class="wp-block-image"><figure class="alignright size-medium is-resized"><img loading="lazy" decoding="async" src="https://www.ufmg.br/espacodoconhecimento/mostrauniversidadecidade/wp-content/uploads/2020/12/verescutar_verescutar-300x300.png" alt="" class="wp-image-1398" width="93" height="93" srcset="https://www.ufmg.br/espacodoconhecimento/mostrauniversidadecidade/wp-content/uploads/2020/12/verescutar_verescutar-300x300.png 300w, https://www.ufmg.br/espacodoconhecimento/mostrauniversidadecidade/wp-content/uploads/2020/12/verescutar_verescutar-1024x1024.png 1024w, https://www.ufmg.br/espacodoconhecimento/mostrauniversidadecidade/wp-content/uploads/2020/12/verescutar_verescutar-150x150.png 150w, https://www.ufmg.br/espacodoconhecimento/mostrauniversidadecidade/wp-content/uploads/2020/12/verescutar_verescutar-768x768.png 768w, https://www.ufmg.br/espacodoconhecimento/mostrauniversidadecidade/wp-content/uploads/2020/12/verescutar_verescutar-1536x1536.png 1536w, https://www.ufmg.br/espacodoconhecimento/mostrauniversidadecidade/wp-content/uploads/2020/12/verescutar_verescutar-2048x2048.png 2048w" sizes="auto, (max-width: 93px) 100vw, 93px" /></figure></div>
</div>



<div class="wp-block-column is-layout-flow wp-block-column-is-layout-flow" style="flex-basis:66.66%">
<div style="height:30px" aria-hidden="true" class="wp-block-spacer"></div>



<p class="wp-block-paragraph" style="font-size:56px"><strong><span class="has-inline-color has-very-dark-gray-color">VER E ESCUTAR</span></strong></p>
</div>
</div>



<div class="wp-block-buttons is-layout-flex wp-block-buttons-is-layout-flex">
<div class="wp-block-button"><a class="wp-block-button__link has-background" href="https://www.ufmg.br/espacodoconhecimento/mostrauniversidadecidade/janelas-afora-portas-adentro" style="background-color:#c69024;border-radius:4px"><span class="has-inline-color has-very-light-gray-color"><strong>Janelas Afora, Portas Adentro: qual é a história que você mostraria para a cidade?</strong></span></a></div>
</div>
