{"id":7,"date":"2020-05-18T08:36:21","date_gmt":"2020-05-18T11:36:21","guid":{"rendered":"https:\/\/www.ufmg.br\/templates\/eventos\/?page_id=7"},"modified":"2021-03-29T10:37:55","modified_gmt":"2021-03-29T13:37:55","slug":"sobre","status":"publish","type":"page","link":"https:\/\/www.ufmg.br\/espacodoconhecimento\/mostrauniversidadecidade\/sobre\/","title":{"rendered":"A Mostra Universidade Cidade"},"content":{"rendered":"\n<div style=\"height:20px\" aria-hidden=\"true\" class=\"wp-block-spacer\"><\/div>\n\n\n\n<p class=\"wp-block-paragraph\">Segundo os dicion\u00e1rios de l\u00edngua portuguesa, o termo urbanidade est\u00e1 associado ao sentido de solidariedade e afetividade entre os cidad\u00e3os, tamb\u00e9m remete aos costumes, comportamentos e pr\u00e1ticas cotidianas que comp\u00f5em a vida coletiva e compartilhada nas cidades. Urbanidade \u00e9 o urbano compartilhado, negociado e experimentado cotidianamente desde suas dimens\u00f5es mais prosaicas &#8211; o caminhar pela cal\u00e7ada, o debru\u00e7ar na janela, o cumprimento dos vizinhos &#8211; at\u00e9 aquelas mais complexas &#8211; a arte dos grafites e dos pain\u00e9is em empenas, a poesia nos muros, a musica em suas mais variadas express\u00f5es, o carnaval e a festa. <\/p>\n\n\n\n<div class=\"wp-block-group\"><div class=\"wp-block-group__inner-container is-layout-flow wp-block-group-is-layout-flow\">\n<div class=\"wp-block-columns is-layout-flex wp-container-core-columns-is-layout-8f761849 wp-block-columns-is-layout-flex\">\n<div class=\"wp-block-column is-layout-flow wp-block-column-is-layout-flow\" style=\"flex-basis:100%\">\n<figure class=\"wp-block-image size-large\"><img loading=\"lazy\" decoding=\"async\" width=\"815\" height=\"1024\" src=\"https:\/\/www.ufmg.br\/espacodoconhecimento\/mostrauniversidadecidade\/wp-content\/uploads\/2021\/03\/regionais-815x1024.png\" alt=\"\" class=\"wp-image-3791\" srcset=\"https:\/\/www.ufmg.br\/espacodoconhecimento\/mostrauniversidadecidade\/wp-content\/uploads\/2021\/03\/regionais-815x1024.png 815w, https:\/\/www.ufmg.br\/espacodoconhecimento\/mostrauniversidadecidade\/wp-content\/uploads\/2021\/03\/regionais-239x300.png 239w, https:\/\/www.ufmg.br\/espacodoconhecimento\/mostrauniversidadecidade\/wp-content\/uploads\/2021\/03\/regionais-768x965.png 768w, https:\/\/www.ufmg.br\/espacodoconhecimento\/mostrauniversidadecidade\/wp-content\/uploads\/2021\/03\/regionais-1223x1536.png 1223w, https:\/\/www.ufmg.br\/espacodoconhecimento\/mostrauniversidadecidade\/wp-content\/uploads\/2021\/03\/regionais-1630x2048.png 1630w\" sizes=\"auto, (max-width: 815px) 100vw, 815px\" \/><\/figure>\n<\/div>\n\n\n\n<div class=\"wp-block-column is-layout-flow wp-block-column-is-layout-flow\" style=\"flex-basis:60%\">\n<div style=\"height:22px\" aria-hidden=\"true\" class=\"wp-block-spacer\"><\/div>\n<\/div>\n<\/div>\n<\/div><\/div>\n\n\n\n<div class=\"wp-block-buttons aligncenter is-layout-flex wp-block-buttons-is-layout-flex\">\n<div class=\"wp-block-button\"><a class=\"wp-block-button__link\" href=\"https:\/\/www.ufmg.br\/espacodoconhecimento\/mostrauniversidadecidade\/wp-content\/uploads\/2021\/03\/Mostra-Devolutiva.pdf\" style=\"border-radius:4px\" target=\"_blank\" rel=\"https:\/\/www.ufmg.br\/espacodoconhecimento\/mostrauniversidadecidade\/wp-content\/uploads\/2021\/03\/Mostra-Devolutiva.pdf noopener noreferrer\"><span class=\"has-inline-color has-very-light-gray-color\">Confira aqui o documento com a s\u00edntese da Mostra Universidade Cidade<\/span><\/a><\/div>\n<\/div>\n\n\n\n<div style=\"height:20px\" aria-hidden=\"true\" class=\"wp-block-spacer\"><\/div>\n\n\n\n<p class=\"wp-block-paragraph\">A Mostra \u00e9 uma proposta de di\u00e1logo, conex\u00e3o, interlocu\u00e7\u00e3o e compartilhamento entre cidad\u00e3s e cidad\u00e3os de Belo Horizonte seja a partir da produ\u00e7\u00e3o material e imaterial acumulada nos diversos territ\u00f3rios (Centros Culturais), na academia (UFMG), ou decorrente do encontro entre esses saberes, de maneira a potencializar a dimens\u00e3o urbana recentemente atravessada e desmaterializada pelo isolamento social. <\/p>\n\n\n\n<p class=\"wp-block-paragraph\"><em>\u00c9 preciso resgatar os gestos e afetos cotidianos expressos nas narrativas dos cidad\u00e3os urbanos. \u00c9 urgente retomar nossa urbanidade.<\/em><\/p>\n\n\n\n<p class=\"wp-block-paragraph\">Por isso, a partir de Dezembro de 2020 deixamos a Cidade \u00e0 Mostra. A ideia foi trazer a urbanidade para a cidade, compartilhar as singularidades traduzidas nas produ\u00e7\u00f5es da Universidade e dos Centros Culturais da PBH com o p\u00fablico, que p\u00f4de participar de sua janela, varanda, pra\u00e7a, cal\u00e7ada, computador, celular, e de onde puderam se conectar.<\/p>\n\n\n\n<div class=\"wp-block-group\"><div class=\"wp-block-group__inner-container is-layout-flow wp-block-group-is-layout-flow\">\n<div class=\"wp-block-group is-layout-flow wp-block-group-is-layout-flow\"><div class=\"wp-block-group__inner-container\"><\/div><\/div>\n<\/div><\/div>\n\n\n\n<div class=\"wp-block-group\"><div class=\"wp-block-group__inner-container is-layout-flow wp-block-group-is-layout-flow\">\n<div class=\"wp-block-group\"><div class=\"wp-block-group__inner-container is-layout-flow wp-block-group-is-layout-flow\">\n<div class=\"wp-block-group\"><div class=\"wp-block-group__inner-container is-layout-flow wp-block-group-is-layout-flow\">\n<div class=\"wp-block-columns is-layout-flex wp-container-core-columns-is-layout-8f761849 wp-block-columns-is-layout-flex\">\n<div class=\"wp-block-column is-layout-flow wp-block-column-is-layout-flow\" style=\"flex-basis:33.33%\"><\/div>\n\n\n\n<div class=\"wp-block-column is-layout-flow wp-block-column-is-layout-flow\" style=\"flex-basis:66.66%\"><\/div>\n<\/div>\n<\/div><\/div>\n<\/div><\/div>\n<\/div><\/div>\n","protected":false},"excerpt":{"rendered":"<p>Segundo os dicion\u00e1rios de l\u00edngua portuguesa, o termo urbanidade est\u00e1 [&hellip;]<\/p>\n","protected":false},"author":1,"featured_media":0,"parent":0,"menu_order":0,"comment_status":"closed","ping_status":"closed","template":"","meta":{"_acf_changed":false,"_monsterinsights_skip_tracking":false,"footnotes":""},"class_list":["post-7","page","type-page","status-publish","hentry"],"acf":[],"_links":{"self":[{"href":"https:\/\/www.ufmg.br\/espacodoconhecimento\/mostrauniversidadecidade\/wp-json\/wp\/v2\/pages\/7","targetHints":{"allow":["GET"]}}],"collection":[{"href":"https:\/\/www.ufmg.br\/espacodoconhecimento\/mostrauniversidadecidade\/wp-json\/wp\/v2\/pages"}],"about":[{"href":"https:\/\/www.ufmg.br\/espacodoconhecimento\/mostrauniversidadecidade\/wp-json\/wp\/v2\/types\/page"}],"author":[{"embeddable":true,"href":"https:\/\/www.ufmg.br\/espacodoconhecimento\/mostrauniversidadecidade\/wp-json\/wp\/v2\/users\/1"}],"replies":[{"embeddable":true,"href":"https:\/\/www.ufmg.br\/espacodoconhecimento\/mostrauniversidadecidade\/wp-json\/wp\/v2\/comments?post=7"}],"version-history":[{"count":52,"href":"https:\/\/www.ufmg.br\/espacodoconhecimento\/mostrauniversidadecidade\/wp-json\/wp\/v2\/pages\/7\/revisions"}],"predecessor-version":[{"id":3805,"href":"https:\/\/www.ufmg.br\/espacodoconhecimento\/mostrauniversidadecidade\/wp-json\/wp\/v2\/pages\/7\/revisions\/3805"}],"wp:attachment":[{"href":"https:\/\/www.ufmg.br\/espacodoconhecimento\/mostrauniversidadecidade\/wp-json\/wp\/v2\/media?parent=7"}],"curies":[{"name":"wp","href":"https:\/\/api.w.org\/{rel}","templated":true}]}}

<div style="height:20px" aria-hidden="true" class="wp-block-spacer"></div>



<p class="wp-block-paragraph">Segundo os dicionários de língua portuguesa, o termo urbanidade está associado ao sentido de solidariedade e afetividade entre os cidadãos, também remete aos costumes, comportamentos e práticas cotidianas que compõem a vida coletiva e compartilhada nas cidades. Urbanidade é o urbano compartilhado, negociado e experimentado cotidianamente desde suas dimensões mais prosaicas &#8211; o caminhar pela calçada, o debruçar na janela, o cumprimento dos vizinhos &#8211; até aquelas mais complexas &#8211; a arte dos grafites e dos painéis em empenas, a poesia nos muros, a musica em suas mais variadas expressões, o carnaval e a festa. </p>



<div class="wp-block-group"><div class="wp-block-group__inner-container is-layout-flow wp-block-group-is-layout-flow">
<div class="wp-block-columns is-layout-flex wp-container-core-columns-is-layout-8f761849 wp-block-columns-is-layout-flex">
<div class="wp-block-column is-layout-flow wp-block-column-is-layout-flow" style="flex-basis:100%">
<figure class="wp-block-image size-large"><img loading="lazy" decoding="async" width="815" height="1024" src="https://www.ufmg.br/espacodoconhecimento/mostrauniversidadecidade/wp-content/uploads/2021/03/regionais-815x1024.png" alt="" class="wp-image-3791" srcset="https://www.ufmg.br/espacodoconhecimento/mostrauniversidadecidade/wp-content/uploads/2021/03/regionais-815x1024.png 815w, https://www.ufmg.br/espacodoconhecimento/mostrauniversidadecidade/wp-content/uploads/2021/03/regionais-239x300.png 239w, https://www.ufmg.br/espacodoconhecimento/mostrauniversidadecidade/wp-content/uploads/2021/03/regionais-768x965.png 768w, https://www.ufmg.br/espacodoconhecimento/mostrauniversidadecidade/wp-content/uploads/2021/03/regionais-1223x1536.png 1223w, https://www.ufmg.br/espacodoconhecimento/mostrauniversidadecidade/wp-content/uploads/2021/03/regionais-1630x2048.png 1630w" sizes="auto, (max-width: 815px) 100vw, 815px" /></figure>
</div>



<div class="wp-block-column is-layout-flow wp-block-column-is-layout-flow" style="flex-basis:60%">
<div style="height:22px" aria-hidden="true" class="wp-block-spacer"></div>
</div>
</div>
</div></div>



<div class="wp-block-buttons aligncenter is-layout-flex wp-block-buttons-is-layout-flex">
<div class="wp-block-button"><a class="wp-block-button__link" href="https://www.ufmg.br/espacodoconhecimento/mostrauniversidadecidade/wp-content/uploads/2021/03/Mostra-Devolutiva.pdf" style="border-radius:4px" target="_blank" rel="https://www.ufmg.br/espacodoconhecimento/mostrauniversidadecidade/wp-content/uploads/2021/03/Mostra-Devolutiva.pdf noopener noreferrer"><span class="has-inline-color has-very-light-gray-color">Confira aqui o documento com a síntese da Mostra Universidade Cidade</span></a></div>
</div>



<div style="height:20px" aria-hidden="true" class="wp-block-spacer"></div>



<p class="wp-block-paragraph">A Mostra é uma proposta de diálogo, conexão, interlocução e compartilhamento entre cidadãs e cidadãos de Belo Horizonte seja a partir da produção material e imaterial acumulada nos diversos territórios (Centros Culturais), na academia (UFMG), ou decorrente do encontro entre esses saberes, de maneira a potencializar a dimensão urbana recentemente atravessada e desmaterializada pelo isolamento social. </p>



<p class="wp-block-paragraph"><em>É preciso resgatar os gestos e afetos cotidianos expressos nas narrativas dos cidadãos urbanos. É urgente retomar nossa urbanidade.</em></p>



<p class="wp-block-paragraph">Por isso, a partir de Dezembro de 2020 deixamos a Cidade à Mostra. A ideia foi trazer a urbanidade para a cidade, compartilhar as singularidades traduzidas nas produções da Universidade e dos Centros Culturais da PBH com o público, que pôde participar de sua janela, varanda, praça, calçada, computador, celular, e de onde puderam se conectar.</p>



<div class="wp-block-group"><div class="wp-block-group__inner-container is-layout-flow wp-block-group-is-layout-flow">
<div class="wp-block-group is-layout-flow wp-block-group-is-layout-flow"><div class="wp-block-group__inner-container"></div></div>
</div></div>



<div class="wp-block-group"><div class="wp-block-group__inner-container is-layout-flow wp-block-group-is-layout-flow">
<div class="wp-block-group"><div class="wp-block-group__inner-container is-layout-flow wp-block-group-is-layout-flow">
<div class="wp-block-group"><div class="wp-block-group__inner-container is-layout-flow wp-block-group-is-layout-flow">
<div class="wp-block-columns is-layout-flex wp-container-core-columns-is-layout-8f761849 wp-block-columns-is-layout-flex">
<div class="wp-block-column is-layout-flow wp-block-column-is-layout-flow" style="flex-basis:33.33%"></div>



<div class="wp-block-column is-layout-flow wp-block-column-is-layout-flow" style="flex-basis:66.66%"></div>
</div>
</div></div>
</div></div>
</div></div>

<p>Segundo os dicionários de língua portuguesa, o termo urbanidade está [&hellip;]</p>
