{"id":990,"date":"2020-12-03T22:04:55","date_gmt":"2020-12-04T01:04:55","guid":{"rendered":"https:\/\/www.ufmg.br\/espacodoconhecimento\/mostrauniversidadecidade\/?page_id=990"},"modified":"2020-12-18T09:39:29","modified_gmt":"2020-12-18T12:39:29","slug":"musica-para-a-cidade","status":"publish","type":"page","link":"https:\/\/www.ufmg.br\/espacodoconhecimento\/mostrauniversidadecidade\/musica-para-a-cidade\/","title":{"rendered":"M\u00fasica para a Cidade"},"content":{"rendered":"\n<p class=\"wp-block-paragraph\">Localizado no centro de Belo Horizonte em edif\u00edcio tombado como patrim\u00f4nio hist\u00f3rico, o <strong>Conservat\u00f3rio UFMG<\/strong> atua h\u00e1 20 anos como espa\u00e7o cultural, promovendo apresenta\u00e7\u00f5es musicais e outras atividades culturais gratuitas. &#8220;M\u00fasica para a Cidade&#8221; ilustra a voca\u00e7\u00e3o do espa\u00e7o, trazendo trechos de apresenta\u00e7\u00f5es realizadas no Conservat\u00f3rio em 2019 e revelando a diversidade de pessoas, g\u00eaneros musicais e forma\u00e7\u00f5es instrumentais que habitam os palcos do Conservat\u00f3rio.<\/p>\n\n\n\n<p class=\"wp-block-paragraph\">V\u00eddeos com obras musicais apresentadas no <strong>Conservat\u00f3rio UFMG<\/strong>, por artistas da cidade e convidados de todo o mundo, na variedade de g\u00eaneros, ritmos, forma\u00e7\u00f5es instrumentais e \u00e9pocas de produ\u00e7\u00e3o, revelando a diversidade da m\u00fasica que permeia esse espa\u00e7o cultural localizado no centro de Belo Horizonte. <\/p>\n\n\n\n<p class=\"wp-block-paragraph\">M\u00fasica no Conservat\u00f3rio UFMG&nbsp;<br>Edi\u00e7\u00e3o: Jo\u00e3o Lamego<br>Produ\u00e7\u00e3o: Fernando Rocha e Bruna Ac\u00e1cio<\/p>\n\n\n\n<figure class=\"wp-block-embed-youtube wp-block-embed is-type-video is-provider-youtube wp-embed-aspect-16-9 wp-has-aspect-ratio\"><div class=\"wp-block-embed__wrapper\">\n\t\t\t<div data-mode=\"normal\" data-oembed=\"1\" data-provider=\"youtube\" id=\"arve-youtube-nqnrkgykq9e\" style=\"max-width:400px;\" class=\"arve aligncenter\">\n\t\t\t\t<div class=\"arve-inner\">\n\t\t\t\t\t<div style=\"aspect-ratio:500\/281\" class=\"arve-embed arve-embed--has-aspect-ratio\">\n\t\t\t\t\t\t<div class=\"arve-ar\" style=\"padding-top:56.200000%\"><\/div>\n\t\t\t<iframe allow=\"accelerometer &apos;none&apos;;autoplay &apos;none&apos;;bluetooth &apos;none&apos;;browsing-topics &apos;none&apos;;camera &apos;none&apos;;clipboard-read &apos;none&apos;;clipboard-write;display-capture &apos;none&apos;;encrypted-media &apos;none&apos;;gamepad &apos;none&apos;;geolocation &apos;none&apos;;gyroscope &apos;none&apos;;hid &apos;none&apos;;identity-credentials-get &apos;none&apos;;idle-detection &apos;none&apos;;keyboard-map &apos;none&apos;;local-fonts;magnetometer &apos;none&apos;;microphone &apos;none&apos;;midi &apos;none&apos;;otp-credentials &apos;none&apos;;payment &apos;none&apos;;picture-in-picture;publickey-credentials-create &apos;none&apos;;publickey-credentials-get &apos;none&apos;;screen-wake-lock &apos;none&apos;;serial &apos;none&apos;;summarizer &apos;none&apos;;sync-xhr;usb &apos;none&apos;;web-share;window-management &apos;none&apos;;xr-spatial-tracking &apos;none&apos;;\" allowfullscreen=\"\" class=\"arve-iframe fitvidsignore\" credentialless data-arve=\"arve-youtube-nqnrkgykq9e\" data-lenis-prevent=\"\" data-src-no-ap=\"https:\/\/www.youtube.com\/embed\/NQnrKgyKq9E?feature=oembed&amp;iv_load_policy=3&amp;modestbranding=1&amp;rel=0&amp;autohide=1&amp;playsinline=0&amp;autoplay=0\" frameborder=\"0\" height=\"224.8\" loading=\"lazy\" name=\"\" referrerpolicy=\"strict-origin-when-cross-origin\" sandbox=\"allow-scripts allow-same-origin allow-presentation allow-popups allow-popups-to-escape-sandbox\" scrolling=\"no\" src=\"https:\/\/www.youtube.com\/embed\/NQnrKgyKq9E?feature=oembed&#038;iv_load_policy=3&#038;modestbranding=1&#038;rel=0&#038;autohide=1&#038;playsinline=0&#038;autoplay=0\" title=\"\" width=\"400\"><\/iframe>\n\t\t\t\t\t\t\t\t<\/div>\n\t\t\t\t\t\t\t\t\t<\/div>\n\t\t\t\t\t\t\t\t\t\t\t\t<script type=\"application\/ld+json\">{\"@context\":\"http:\\\/\\\/schema.org\\\/\",\"@id\":\"https:\\\/\\\/www.ufmg.br\\\/espacodoconhecimento\\\/mostrauniversidadecidade\\\/musica-para-a-cidade\\\/#arve-youtube-nqnrkgykq9e\",\"@type\":\"VideoObject\",\"embedURL\":\"https:\\\/\\\/www.youtube.com\\\/embed\\\/NQnrKgyKq9E?feature=oembed&iv_load_policy=3&modestbranding=1&rel=0&autohide=1&playsinline=0&autoplay=0\"}<\/script>\t\t\t\t\t\t\t<\/div>\n\t\t\t\n<\/div><\/figure>\n\n\n\n<p class=\"wp-block-paragraph\">V\u00eddeo 1<br>Edi\u00e7\u00e3o: Jo\u00e3o Lam\u00eago<br>Produ\u00e7\u00e3o: Bruna Ac\u00e1cio, Fernando Rocha, Rani Costa<br>Trechos de: Babadan Banda de RuaClara Sandroni e O Samba da Pra\u00e7a XI<br>Circuito Contempor\u00e2neo (M\u00fasica Eletroac\u00fastica)<br>Grupo de Percuss\u00e3o da UFMG e Mauro Rodrigues<br>Hugo Pilger e Grupo de Violoncelos da UFMG<br>San-S\u00e3o TrioVozes da Escola Parque Cari\u00fanas<\/p>\n\n\n\n<div style=\"height:20px\" aria-hidden=\"true\" class=\"wp-block-spacer\"><\/div>\n\n\n\n<figure class=\"wp-block-embed-youtube wp-block-embed is-type-video is-provider-youtube wp-embed-aspect-16-9 wp-has-aspect-ratio\"><div class=\"wp-block-embed__wrapper\">\n\t\t\t<div data-mode=\"normal\" data-oembed=\"1\" data-provider=\"youtube\" id=\"arve-youtube-gotzwqs30q4\" style=\"max-width:400px;\" class=\"arve aligncenter\">\n\t\t\t\t<div class=\"arve-inner\">\n\t\t\t\t\t<div style=\"aspect-ratio:500\/281\" class=\"arve-embed arve-embed--has-aspect-ratio\">\n\t\t\t\t\t\t<div class=\"arve-ar\" style=\"padding-top:56.200000%\"><\/div>\n\t\t\t<iframe allow=\"accelerometer &apos;none&apos;;autoplay &apos;none&apos;;bluetooth &apos;none&apos;;browsing-topics &apos;none&apos;;camera &apos;none&apos;;clipboard-read &apos;none&apos;;clipboard-write;display-capture &apos;none&apos;;encrypted-media &apos;none&apos;;gamepad &apos;none&apos;;geolocation &apos;none&apos;;gyroscope &apos;none&apos;;hid &apos;none&apos;;identity-credentials-get &apos;none&apos;;idle-detection &apos;none&apos;;keyboard-map &apos;none&apos;;local-fonts;magnetometer &apos;none&apos;;microphone &apos;none&apos;;midi &apos;none&apos;;otp-credentials &apos;none&apos;;payment &apos;none&apos;;picture-in-picture;publickey-credentials-create &apos;none&apos;;publickey-credentials-get &apos;none&apos;;screen-wake-lock &apos;none&apos;;serial &apos;none&apos;;summarizer &apos;none&apos;;sync-xhr;usb &apos;none&apos;;web-share;window-management &apos;none&apos;;xr-spatial-tracking &apos;none&apos;;\" allowfullscreen=\"\" class=\"arve-iframe fitvidsignore\" credentialless data-arve=\"arve-youtube-gotzwqs30q4\" data-lenis-prevent=\"\" data-src-no-ap=\"https:\/\/www.youtube.com\/embed\/gOtZWQs30Q4?feature=oembed&amp;iv_load_policy=3&amp;modestbranding=1&amp;rel=0&amp;autohide=1&amp;playsinline=0&amp;autoplay=0\" frameborder=\"0\" height=\"224.8\" loading=\"lazy\" name=\"\" referrerpolicy=\"strict-origin-when-cross-origin\" sandbox=\"allow-scripts allow-same-origin allow-presentation allow-popups allow-popups-to-escape-sandbox\" scrolling=\"no\" src=\"https:\/\/www.youtube.com\/embed\/gOtZWQs30Q4?feature=oembed&#038;iv_load_policy=3&#038;modestbranding=1&#038;rel=0&#038;autohide=1&#038;playsinline=0&#038;autoplay=0\" title=\"\" width=\"400\"><\/iframe>\n\t\t\t\t\t\t\t\t<\/div>\n\t\t\t\t\t\t\t\t\t<\/div>\n\t\t\t\t\t\t\t\t\t\t\t\t<script type=\"application\/ld+json\">{\"@context\":\"http:\\\/\\\/schema.org\\\/\",\"@id\":\"https:\\\/\\\/www.ufmg.br\\\/espacodoconhecimento\\\/mostrauniversidadecidade\\\/musica-para-a-cidade\\\/#arve-youtube-gotzwqs30q4\",\"@type\":\"VideoObject\",\"embedURL\":\"https:\\\/\\\/www.youtube.com\\\/embed\\\/gOtZWQs30Q4?feature=oembed&iv_load_policy=3&modestbranding=1&rel=0&autohide=1&playsinline=0&autoplay=0\"}<\/script>\t\t\t\t\t\t\t<\/div>\n\t\t\t\n<\/div><\/figure>\n\n\n\n<p class=\"wp-block-paragraph\">V\u00eddeo 2<br>Edi\u00e7\u00e3o: Jo\u00e3o Lam\u00eago<br>Produ\u00e7\u00e3o: Bruna Ac\u00e1cio, Fernando Rocha, Rani Costa<br>Trechos de: Ars Nova Coral da UFMG<br>Brasil African Voice<br>Choro da Mercearia<br>Circuito Contempor\u00e2neo (M\u00fasica Eletroac\u00fastica)<br>Grupo Modus Novus<br>Rayana Toledo, Doizaum e Chico Amaral<br>T\u00falio Ara\u00fajo e Projeto Dobradura<\/p>\n","protected":false},"excerpt":{"rendered":"<p>Localizado no centro de Belo Horizonte em edif\u00edcio tombado como [&hellip;]<\/p>\n","protected":false},"author":1,"featured_media":0,"parent":0,"menu_order":0,"comment_status":"closed","ping_status":"closed","template":"","meta":{"_acf_changed":false,"_monsterinsights_skip_tracking":false,"footnotes":""},"class_list":["post-990","page","type-page","status-publish","hentry"],"acf":[],"_links":{"self":[{"href":"https:\/\/www.ufmg.br\/espacodoconhecimento\/mostrauniversidadecidade\/wp-json\/wp\/v2\/pages\/990","targetHints":{"allow":["GET"]}}],"collection":[{"href":"https:\/\/www.ufmg.br\/espacodoconhecimento\/mostrauniversidadecidade\/wp-json\/wp\/v2\/pages"}],"about":[{"href":"https:\/\/www.ufmg.br\/espacodoconhecimento\/mostrauniversidadecidade\/wp-json\/wp\/v2\/types\/page"}],"author":[{"embeddable":true,"href":"https:\/\/www.ufmg.br\/espacodoconhecimento\/mostrauniversidadecidade\/wp-json\/wp\/v2\/users\/1"}],"replies":[{"embeddable":true,"href":"https:\/\/www.ufmg.br\/espacodoconhecimento\/mostrauniversidadecidade\/wp-json\/wp\/v2\/comments?post=990"}],"version-history":[{"count":4,"href":"https:\/\/www.ufmg.br\/espacodoconhecimento\/mostrauniversidadecidade\/wp-json\/wp\/v2\/pages\/990\/revisions"}],"predecessor-version":[{"id":2027,"href":"https:\/\/www.ufmg.br\/espacodoconhecimento\/mostrauniversidadecidade\/wp-json\/wp\/v2\/pages\/990\/revisions\/2027"}],"wp:attachment":[{"href":"https:\/\/www.ufmg.br\/espacodoconhecimento\/mostrauniversidadecidade\/wp-json\/wp\/v2\/media?parent=990"}],"curies":[{"name":"wp","href":"https:\/\/api.w.org\/{rel}","templated":true}]}}

Música para a Cidade

<p class="wp-block-paragraph">Localizado no centro de Belo Horizonte em edifício tombado como patrimônio histórico, o <strong>Conservatório UFMG</strong> atua há 20 anos como espaço cultural, promovendo apresentações musicais e outras atividades culturais gratuitas. &#8220;Música para a Cidade&#8221; ilustra a vocação do espaço, trazendo trechos de apresentações realizadas no Conservatório em 2019 e revelando a diversidade de pessoas, gêneros musicais e formações instrumentais que habitam os palcos do Conservatório.</p>



<p class="wp-block-paragraph">Vídeos com obras musicais apresentadas no <strong>Conservatório UFMG</strong>, por artistas da cidade e convidados de todo o mundo, na variedade de gêneros, ritmos, formações instrumentais e épocas de produção, revelando a diversidade da música que permeia esse espaço cultural localizado no centro de Belo Horizonte. </p>



<p class="wp-block-paragraph">Música no Conservatório UFMG&nbsp;<br>Edição: João Lamego<br>Produção: Fernando Rocha e Bruna Acácio</p>



<figure class="wp-block-embed-youtube wp-block-embed is-type-video is-provider-youtube wp-embed-aspect-16-9 wp-has-aspect-ratio"><div class="wp-block-embed__wrapper">
			<div data-mode="normal" data-oembed="1" data-provider="youtube" id="arve-youtube-nqnrkgykq9e" style="max-width:400px;" class="arve aligncenter">
				<div class="arve-inner">
					<div style="aspect-ratio:500/281" class="arve-embed arve-embed--has-aspect-ratio">
						<div class="arve-ar" style="padding-top:56.200000%"></div>
			<iframe allow="accelerometer &apos;none&apos;;autoplay &apos;none&apos;;bluetooth &apos;none&apos;;browsing-topics &apos;none&apos;;camera &apos;none&apos;;clipboard-read &apos;none&apos;;clipboard-write;display-capture &apos;none&apos;;encrypted-media &apos;none&apos;;gamepad &apos;none&apos;;geolocation &apos;none&apos;;gyroscope &apos;none&apos;;hid &apos;none&apos;;identity-credentials-get &apos;none&apos;;idle-detection &apos;none&apos;;keyboard-map &apos;none&apos;;local-fonts;magnetometer &apos;none&apos;;microphone &apos;none&apos;;midi &apos;none&apos;;otp-credentials &apos;none&apos;;payment &apos;none&apos;;picture-in-picture;publickey-credentials-create &apos;none&apos;;publickey-credentials-get &apos;none&apos;;screen-wake-lock &apos;none&apos;;serial &apos;none&apos;;summarizer &apos;none&apos;;sync-xhr;usb &apos;none&apos;;web-share;window-management &apos;none&apos;;xr-spatial-tracking &apos;none&apos;;" allowfullscreen="" class="arve-iframe fitvidsignore" credentialless data-arve="arve-youtube-nqnrkgykq9e" data-lenis-prevent="" data-src-no-ap="https://www.youtube.com/embed/NQnrKgyKq9E?feature=oembed&amp;iv_load_policy=3&amp;modestbranding=1&amp;rel=0&amp;autohide=1&amp;playsinline=0&amp;autoplay=0" frameborder="0" height="224.8" loading="lazy" name="" referrerpolicy="strict-origin-when-cross-origin" sandbox="allow-scripts allow-same-origin allow-presentation allow-popups allow-popups-to-escape-sandbox" scrolling="no" src="https://www.youtube.com/embed/NQnrKgyKq9E?feature=oembed&#038;iv_load_policy=3&#038;modestbranding=1&#038;rel=0&#038;autohide=1&#038;playsinline=0&#038;autoplay=0" title="" width="400"></iframe>
								</div>
									</div>
												<script type="application/ld+json">{"@context":"http:\/\/schema.org\/","@id":"https:\/\/www.ufmg.br\/espacodoconhecimento\/mostrauniversidadecidade\/musica-para-a-cidade\/#arve-youtube-nqnrkgykq9e","@type":"VideoObject","embedURL":"https:\/\/www.youtube.com\/embed\/NQnrKgyKq9E?feature=oembed&iv_load_policy=3&modestbranding=1&rel=0&autohide=1&playsinline=0&autoplay=0"}</script>							</div>
			
</div></figure>



<p class="wp-block-paragraph">Vídeo 1<br>Edição: João Lamêgo<br>Produção: Bruna Acácio, Fernando Rocha, Rani Costa<br>Trechos de: Babadan Banda de RuaClara Sandroni e O Samba da Praça XI<br>Circuito Contemporâneo (Música Eletroacústica)<br>Grupo de Percussão da UFMG e Mauro Rodrigues<br>Hugo Pilger e Grupo de Violoncelos da UFMG<br>San-São TrioVozes da Escola Parque Cariúnas</p>



<div style="height:20px" aria-hidden="true" class="wp-block-spacer"></div>



<figure class="wp-block-embed-youtube wp-block-embed is-type-video is-provider-youtube wp-embed-aspect-16-9 wp-has-aspect-ratio"><div class="wp-block-embed__wrapper">
			<div data-mode="normal" data-oembed="1" data-provider="youtube" id="arve-youtube-gotzwqs30q4" style="max-width:400px;" class="arve aligncenter">
				<div class="arve-inner">
					<div style="aspect-ratio:500/281" class="arve-embed arve-embed--has-aspect-ratio">
						<div class="arve-ar" style="padding-top:56.200000%"></div>
			<iframe allow="accelerometer &apos;none&apos;;autoplay &apos;none&apos;;bluetooth &apos;none&apos;;browsing-topics &apos;none&apos;;camera &apos;none&apos;;clipboard-read &apos;none&apos;;clipboard-write;display-capture &apos;none&apos;;encrypted-media &apos;none&apos;;gamepad &apos;none&apos;;geolocation &apos;none&apos;;gyroscope &apos;none&apos;;hid &apos;none&apos;;identity-credentials-get &apos;none&apos;;idle-detection &apos;none&apos;;keyboard-map &apos;none&apos;;local-fonts;magnetometer &apos;none&apos;;microphone &apos;none&apos;;midi &apos;none&apos;;otp-credentials &apos;none&apos;;payment &apos;none&apos;;picture-in-picture;publickey-credentials-create &apos;none&apos;;publickey-credentials-get &apos;none&apos;;screen-wake-lock &apos;none&apos;;serial &apos;none&apos;;summarizer &apos;none&apos;;sync-xhr;usb &apos;none&apos;;web-share;window-management &apos;none&apos;;xr-spatial-tracking &apos;none&apos;;" allowfullscreen="" class="arve-iframe fitvidsignore" credentialless data-arve="arve-youtube-gotzwqs30q4" data-lenis-prevent="" data-src-no-ap="https://www.youtube.com/embed/gOtZWQs30Q4?feature=oembed&amp;iv_load_policy=3&amp;modestbranding=1&amp;rel=0&amp;autohide=1&amp;playsinline=0&amp;autoplay=0" frameborder="0" height="224.8" loading="lazy" name="" referrerpolicy="strict-origin-when-cross-origin" sandbox="allow-scripts allow-same-origin allow-presentation allow-popups allow-popups-to-escape-sandbox" scrolling="no" src="https://www.youtube.com/embed/gOtZWQs30Q4?feature=oembed&#038;iv_load_policy=3&#038;modestbranding=1&#038;rel=0&#038;autohide=1&#038;playsinline=0&#038;autoplay=0" title="" width="400"></iframe>
								</div>
									</div>
												<script type="application/ld+json">{"@context":"http:\/\/schema.org\/","@id":"https:\/\/www.ufmg.br\/espacodoconhecimento\/mostrauniversidadecidade\/musica-para-a-cidade\/#arve-youtube-gotzwqs30q4","@type":"VideoObject","embedURL":"https:\/\/www.youtube.com\/embed\/gOtZWQs30Q4?feature=oembed&iv_load_policy=3&modestbranding=1&rel=0&autohide=1&playsinline=0&autoplay=0"}</script>							</div>
			
</div></figure>



<p class="wp-block-paragraph">Vídeo 2<br>Edição: João Lamêgo<br>Produção: Bruna Acácio, Fernando Rocha, Rani Costa<br>Trechos de: Ars Nova Coral da UFMG<br>Brasil African Voice<br>Choro da Mercearia<br>Circuito Contemporâneo (Música Eletroacústica)<br>Grupo Modus Novus<br>Rayana Toledo, Doizaum e Chico Amaral<br>Túlio Araújo e Projeto Dobradura</p>

<p>Localizado no centro de Belo Horizonte em edifício tombado como [&hellip;]</p>
