{"id":1026,"date":"2025-07-30T15:25:38","date_gmt":"2025-07-30T18:25:38","guid":{"rendered":"https:\/\/www.ufmg.br\/espacodoconhecimento\/novo\/?page_id=1026"},"modified":"2025-10-13T15:49:34","modified_gmt":"2025-10-13T18:49:34","slug":"filhos-de-quem-iii","status":"publish","type":"page","link":"https:\/\/www.ufmg.br\/espacodoconhecimento\/exposicoes\/filhos-de-quem-iii\/","title":{"rendered":"Filhos de Quem III"},"content":{"rendered":"\n<p><em>Setembro a outubro de 2012<\/em><\/p>\n\n\n\n<div style=\"height:35px\" aria-hidden=\"true\" class=\"wp-block-spacer\"><\/div>\n\n\n\n<figure class=\"wp-block-image size-large\"><img loading=\"lazy\" decoding=\"async\" width=\"1024\" height=\"413\" src=\"https:\/\/www.ufmg.br\/espacodoconhecimento\/novo\/wp-content\/uploads\/2025\/07\/Papelo-papeleira-papeluda-despapelada-Exposicao-Filhos-de-Quem-III-Creditos-Celton-Oliveira-1-1024x413.jpg\" alt=\"\" class=\"wp-image-1027\" srcset=\"https:\/\/www.ufmg.br\/espacodoconhecimento\/wp-content\/uploads\/2025\/07\/Papelo-papeleira-papeluda-despapelada-Exposicao-Filhos-de-Quem-III-Creditos-Celton-Oliveira-1-1024x413.jpg 1024w, https:\/\/www.ufmg.br\/espacodoconhecimento\/wp-content\/uploads\/2025\/07\/Papelo-papeleira-papeluda-despapelada-Exposicao-Filhos-de-Quem-III-Creditos-Celton-Oliveira-1-300x121.jpg 300w, https:\/\/www.ufmg.br\/espacodoconhecimento\/wp-content\/uploads\/2025\/07\/Papelo-papeleira-papeluda-despapelada-Exposicao-Filhos-de-Quem-III-Creditos-Celton-Oliveira-1-768x310.jpg 768w, https:\/\/www.ufmg.br\/espacodoconhecimento\/wp-content\/uploads\/2025\/07\/Papelo-papeleira-papeluda-despapelada-Exposicao-Filhos-de-Quem-III-Creditos-Celton-Oliveira-1-1536x620.jpg 1536w, https:\/\/www.ufmg.br\/espacodoconhecimento\/wp-content\/uploads\/2025\/07\/Papelo-papeleira-papeluda-despapelada-Exposicao-Filhos-de-Quem-III-Creditos-Celton-Oliveira-1-2048x827.jpg 2048w\" sizes=\"(max-width: 1024px) 100vw, 1024px\" \/><\/figure>\n\n\n\n<div style=\"height:35px\" aria-hidden=\"true\" class=\"wp-block-spacer\"><\/div>\n\n\n\n<p>Formada por quatro propostas idealizadas em sala de aula por estudantes de diferentes disciplinas dos cursos de Design da Escola de Arquitetura da UFMG, &nbsp;<strong>Filhos de Quem III<\/strong> &nbsp;exp\u00f5s representa\u00e7\u00f5es e leituras do ambiente urbano e suas intera\u00e7\u00f5es sociais de setembro a outubro de 2012.<\/p>\n\n\n\n<p>A concep\u00e7\u00e3o foi de&nbsp;M\u00e1rcia Luiza Fran\u00e7a.<\/p>\n\n\n\n<div style=\"height:35px\" aria-hidden=\"true\" class=\"wp-block-spacer\"><\/div>\n\n\n\n<figure class=\"wp-block-gallery has-nested-images columns-3 is-cropped wp-block-gallery-1 is-layout-flex wp-block-gallery-is-layout-flex\">\n<figure class=\"wp-block-image size-full\"><img loading=\"lazy\" decoding=\"async\" width=\"1024\" height=\"683\" data-id=\"1028\" src=\"https:\/\/www.ufmg.br\/espacodoconhecimento\/novo\/wp-content\/uploads\/2025\/07\/IMG_0688-2-filhosdequem-1024x683-1.jpg\" alt=\"\" class=\"wp-image-1028\" srcset=\"https:\/\/www.ufmg.br\/espacodoconhecimento\/wp-content\/uploads\/2025\/07\/IMG_0688-2-filhosdequem-1024x683-1.jpg 1024w, https:\/\/www.ufmg.br\/espacodoconhecimento\/wp-content\/uploads\/2025\/07\/IMG_0688-2-filhosdequem-1024x683-1-300x200.jpg 300w, https:\/\/www.ufmg.br\/espacodoconhecimento\/wp-content\/uploads\/2025\/07\/IMG_0688-2-filhosdequem-1024x683-1-768x512.jpg 768w\" sizes=\"(max-width: 1024px) 100vw, 1024px\" \/><\/figure>\n\n\n\n<figure class=\"wp-block-image size-full\"><img loading=\"lazy\" decoding=\"async\" width=\"1024\" height=\"683\" data-id=\"1029\" src=\"https:\/\/www.ufmg.br\/espacodoconhecimento\/novo\/wp-content\/uploads\/2025\/07\/IMG_0690-2-filhosdequem-1024x683-1.jpg\" alt=\"\" class=\"wp-image-1029\" srcset=\"https:\/\/www.ufmg.br\/espacodoconhecimento\/wp-content\/uploads\/2025\/07\/IMG_0690-2-filhosdequem-1024x683-1.jpg 1024w, https:\/\/www.ufmg.br\/espacodoconhecimento\/wp-content\/uploads\/2025\/07\/IMG_0690-2-filhosdequem-1024x683-1-300x200.jpg 300w, https:\/\/www.ufmg.br\/espacodoconhecimento\/wp-content\/uploads\/2025\/07\/IMG_0690-2-filhosdequem-1024x683-1-768x512.jpg 768w\" sizes=\"(max-width: 1024px) 100vw, 1024px\" \/><\/figure>\n\n\n\n<figure class=\"wp-block-image size-full\"><img loading=\"lazy\" decoding=\"async\" width=\"1024\" height=\"683\" data-id=\"1030\" src=\"https:\/\/www.ufmg.br\/espacodoconhecimento\/novo\/wp-content\/uploads\/2025\/07\/IMG_0755-filhosdequem-1024x683-1.jpg\" alt=\"\" class=\"wp-image-1030\" srcset=\"https:\/\/www.ufmg.br\/espacodoconhecimento\/wp-content\/uploads\/2025\/07\/IMG_0755-filhosdequem-1024x683-1.jpg 1024w, https:\/\/www.ufmg.br\/espacodoconhecimento\/wp-content\/uploads\/2025\/07\/IMG_0755-filhosdequem-1024x683-1-300x200.jpg 300w, https:\/\/www.ufmg.br\/espacodoconhecimento\/wp-content\/uploads\/2025\/07\/IMG_0755-filhosdequem-1024x683-1-768x512.jpg 768w\" sizes=\"(max-width: 1024px) 100vw, 1024px\" \/><\/figure>\n\n\n\n<figure class=\"wp-block-image size-full\"><img loading=\"lazy\" decoding=\"async\" width=\"1024\" height=\"683\" data-id=\"1031\" src=\"https:\/\/www.ufmg.br\/espacodoconhecimento\/novo\/wp-content\/uploads\/2025\/07\/IMG_0732-filhosdequem-1024x683-1.jpg\" alt=\"\" class=\"wp-image-1031\" srcset=\"https:\/\/www.ufmg.br\/espacodoconhecimento\/wp-content\/uploads\/2025\/07\/IMG_0732-filhosdequem-1024x683-1.jpg 1024w, https:\/\/www.ufmg.br\/espacodoconhecimento\/wp-content\/uploads\/2025\/07\/IMG_0732-filhosdequem-1024x683-1-300x200.jpg 300w, https:\/\/www.ufmg.br\/espacodoconhecimento\/wp-content\/uploads\/2025\/07\/IMG_0732-filhosdequem-1024x683-1-768x512.jpg 768w\" sizes=\"(max-width: 1024px) 100vw, 1024px\" \/><\/figure>\n\n\n\n<figure class=\"wp-block-image size-full\"><img loading=\"lazy\" decoding=\"async\" width=\"1024\" height=\"683\" data-id=\"1032\" src=\"https:\/\/www.ufmg.br\/espacodoconhecimento\/novo\/wp-content\/uploads\/2025\/07\/IMG_0734-filhosdequem-1024x683-1.jpg\" alt=\"\" class=\"wp-image-1032\" srcset=\"https:\/\/www.ufmg.br\/espacodoconhecimento\/wp-content\/uploads\/2025\/07\/IMG_0734-filhosdequem-1024x683-1.jpg 1024w, https:\/\/www.ufmg.br\/espacodoconhecimento\/wp-content\/uploads\/2025\/07\/IMG_0734-filhosdequem-1024x683-1-300x200.jpg 300w, https:\/\/www.ufmg.br\/espacodoconhecimento\/wp-content\/uploads\/2025\/07\/IMG_0734-filhosdequem-1024x683-1-768x512.jpg 768w\" sizes=\"(max-width: 1024px) 100vw, 1024px\" \/><\/figure>\n\n\n\n<figure class=\"wp-block-image size-full\"><img loading=\"lazy\" decoding=\"async\" width=\"1024\" height=\"683\" data-id=\"1033\" src=\"https:\/\/www.ufmg.br\/espacodoconhecimento\/novo\/wp-content\/uploads\/2025\/07\/IMG_0712-2-filhosdequem-1024x683-1.jpg\" alt=\"\" class=\"wp-image-1033\" srcset=\"https:\/\/www.ufmg.br\/espacodoconhecimento\/wp-content\/uploads\/2025\/07\/IMG_0712-2-filhosdequem-1024x683-1.jpg 1024w, https:\/\/www.ufmg.br\/espacodoconhecimento\/wp-content\/uploads\/2025\/07\/IMG_0712-2-filhosdequem-1024x683-1-300x200.jpg 300w, https:\/\/www.ufmg.br\/espacodoconhecimento\/wp-content\/uploads\/2025\/07\/IMG_0712-2-filhosdequem-1024x683-1-768x512.jpg 768w\" sizes=\"(max-width: 1024px) 100vw, 1024px\" \/><\/figure>\n\n\n\n<figure class=\"wp-block-image size-full\"><img loading=\"lazy\" decoding=\"async\" width=\"1024\" height=\"683\" data-id=\"1034\" src=\"https:\/\/www.ufmg.br\/espacodoconhecimento\/novo\/wp-content\/uploads\/2025\/07\/IMG_0711-2-filhosdequem-1024x683-1.jpg\" alt=\"\" class=\"wp-image-1034\" srcset=\"https:\/\/www.ufmg.br\/espacodoconhecimento\/wp-content\/uploads\/2025\/07\/IMG_0711-2-filhosdequem-1024x683-1.jpg 1024w, https:\/\/www.ufmg.br\/espacodoconhecimento\/wp-content\/uploads\/2025\/07\/IMG_0711-2-filhosdequem-1024x683-1-300x200.jpg 300w, https:\/\/www.ufmg.br\/espacodoconhecimento\/wp-content\/uploads\/2025\/07\/IMG_0711-2-filhosdequem-1024x683-1-768x512.jpg 768w\" sizes=\"(max-width: 1024px) 100vw, 1024px\" \/><\/figure>\n\n\n\n<figure class=\"wp-block-image size-full\"><img loading=\"lazy\" decoding=\"async\" width=\"1024\" height=\"683\" data-id=\"1035\" src=\"https:\/\/www.ufmg.br\/espacodoconhecimento\/novo\/wp-content\/uploads\/2025\/07\/1-filhosdequem-1024x683-1.jpg\" alt=\"\" class=\"wp-image-1035\" srcset=\"https:\/\/www.ufmg.br\/espacodoconhecimento\/wp-content\/uploads\/2025\/07\/1-filhosdequem-1024x683-1.jpg 1024w, https:\/\/www.ufmg.br\/espacodoconhecimento\/wp-content\/uploads\/2025\/07\/1-filhosdequem-1024x683-1-300x200.jpg 300w, https:\/\/www.ufmg.br\/espacodoconhecimento\/wp-content\/uploads\/2025\/07\/1-filhosdequem-1024x683-1-768x512.jpg 768w\" sizes=\"(max-width: 1024px) 100vw, 1024px\" \/><\/figure>\n\n\n\n<figure class=\"wp-block-image size-full\"><img loading=\"lazy\" decoding=\"async\" width=\"1024\" height=\"683\" data-id=\"1036\" src=\"https:\/\/www.ufmg.br\/espacodoconhecimento\/novo\/wp-content\/uploads\/2025\/07\/IMG_0725-2-filhosdequem-1024x683-1.jpg\" alt=\"\" class=\"wp-image-1036\" srcset=\"https:\/\/www.ufmg.br\/espacodoconhecimento\/wp-content\/uploads\/2025\/07\/IMG_0725-2-filhosdequem-1024x683-1.jpg 1024w, https:\/\/www.ufmg.br\/espacodoconhecimento\/wp-content\/uploads\/2025\/07\/IMG_0725-2-filhosdequem-1024x683-1-300x200.jpg 300w, https:\/\/www.ufmg.br\/espacodoconhecimento\/wp-content\/uploads\/2025\/07\/IMG_0725-2-filhosdequem-1024x683-1-768x512.jpg 768w\" sizes=\"(max-width: 1024px) 100vw, 1024px\" \/><\/figure>\n<\/figure>\n\n\n\n<p><\/p>\n","protected":false},"excerpt":{"rendered":"<p>Setembro a outubro de 2012 Formada por quatro propostas idealizadas em sala de aula por estudantes de diferentes disciplinas dos cursos de Design da Escola de Arquitetura da UFMG, &nbsp;Filhos de Quem III &nbsp;exp\u00f5s representa\u00e7\u00f5es e leituras do ambiente urbano e suas intera\u00e7\u00f5es sociais de setembro a outubro de 2012. A concep\u00e7\u00e3o foi de&nbsp;M\u00e1rcia Luiza [&hellip;]<\/p>\n","protected":false},"author":3,"featured_media":0,"parent":206,"menu_order":0,"comment_status":"closed","ping_status":"closed","template":"","meta":{"_acf_changed":false,"footnotes":""},"class_list":["post-1026","page","type-page","status-publish","hentry"],"acf":[],"_links":{"self":[{"href":"https:\/\/www.ufmg.br\/espacodoconhecimento\/wp-json\/wp\/v2\/pages\/1026"}],"collection":[{"href":"https:\/\/www.ufmg.br\/espacodoconhecimento\/wp-json\/wp\/v2\/pages"}],"about":[{"href":"https:\/\/www.ufmg.br\/espacodoconhecimento\/wp-json\/wp\/v2\/types\/page"}],"author":[{"embeddable":true,"href":"https:\/\/www.ufmg.br\/espacodoconhecimento\/wp-json\/wp\/v2\/users\/3"}],"replies":[{"embeddable":true,"href":"https:\/\/www.ufmg.br\/espacodoconhecimento\/wp-json\/wp\/v2\/comments?post=1026"}],"version-history":[{"count":5,"href":"https:\/\/www.ufmg.br\/espacodoconhecimento\/wp-json\/wp\/v2\/pages\/1026\/revisions"}],"predecessor-version":[{"id":2207,"href":"https:\/\/www.ufmg.br\/espacodoconhecimento\/wp-json\/wp\/v2\/pages\/1026\/revisions\/2207"}],"up":[{"embeddable":true,"href":"https:\/\/www.ufmg.br\/espacodoconhecimento\/wp-json\/wp\/v2\/pages\/206"}],"wp:attachment":[{"href":"https:\/\/www.ufmg.br\/espacodoconhecimento\/wp-json\/wp\/v2\/media?parent=1026"}],"curies":[{"name":"wp","href":"https:\/\/api.w.org\/{rel}","templated":true}]}}

<p><em>Setembro a outubro de 2012</em></p>



<div style="height:35px" aria-hidden="true" class="wp-block-spacer"></div>



<figure class="wp-block-image size-large"><img loading="lazy" decoding="async" width="1024" height="413" src="https://www.ufmg.br/espacodoconhecimento/novo/wp-content/uploads/2025/07/Papelo-papeleira-papeluda-despapelada-Exposicao-Filhos-de-Quem-III-Creditos-Celton-Oliveira-1-1024x413.jpg" alt="" class="wp-image-1027" srcset="https://www.ufmg.br/espacodoconhecimento/wp-content/uploads/2025/07/Papelo-papeleira-papeluda-despapelada-Exposicao-Filhos-de-Quem-III-Creditos-Celton-Oliveira-1-1024x413.jpg 1024w, https://www.ufmg.br/espacodoconhecimento/wp-content/uploads/2025/07/Papelo-papeleira-papeluda-despapelada-Exposicao-Filhos-de-Quem-III-Creditos-Celton-Oliveira-1-300x121.jpg 300w, https://www.ufmg.br/espacodoconhecimento/wp-content/uploads/2025/07/Papelo-papeleira-papeluda-despapelada-Exposicao-Filhos-de-Quem-III-Creditos-Celton-Oliveira-1-768x310.jpg 768w, https://www.ufmg.br/espacodoconhecimento/wp-content/uploads/2025/07/Papelo-papeleira-papeluda-despapelada-Exposicao-Filhos-de-Quem-III-Creditos-Celton-Oliveira-1-1536x620.jpg 1536w, https://www.ufmg.br/espacodoconhecimento/wp-content/uploads/2025/07/Papelo-papeleira-papeluda-despapelada-Exposicao-Filhos-de-Quem-III-Creditos-Celton-Oliveira-1-2048x827.jpg 2048w" sizes="(max-width: 1024px) 100vw, 1024px" /></figure>



<div style="height:35px" aria-hidden="true" class="wp-block-spacer"></div>



<p>Formada por quatro propostas idealizadas em sala de aula por estudantes de diferentes disciplinas dos cursos de Design da Escola de Arquitetura da UFMG, &nbsp;<strong>Filhos de Quem III</strong> &nbsp;expõs representações e leituras do ambiente urbano e suas interações sociais de setembro a outubro de 2012.</p>



<p>A concepção foi de&nbsp;Márcia Luiza França.</p>



<div style="height:35px" aria-hidden="true" class="wp-block-spacer"></div>



<figure class="wp-block-gallery has-nested-images columns-3 is-cropped wp-block-gallery-1 is-layout-flex wp-block-gallery-is-layout-flex">
<figure class="wp-block-image size-full"><img loading="lazy" decoding="async" width="1024" height="683" data-id="1028" src="https://www.ufmg.br/espacodoconhecimento/novo/wp-content/uploads/2025/07/IMG_0688-2-filhosdequem-1024x683-1.jpg" alt="" class="wp-image-1028" srcset="https://www.ufmg.br/espacodoconhecimento/wp-content/uploads/2025/07/IMG_0688-2-filhosdequem-1024x683-1.jpg 1024w, https://www.ufmg.br/espacodoconhecimento/wp-content/uploads/2025/07/IMG_0688-2-filhosdequem-1024x683-1-300x200.jpg 300w, https://www.ufmg.br/espacodoconhecimento/wp-content/uploads/2025/07/IMG_0688-2-filhosdequem-1024x683-1-768x512.jpg 768w" sizes="(max-width: 1024px) 100vw, 1024px" /></figure>



<figure class="wp-block-image size-full"><img loading="lazy" decoding="async" width="1024" height="683" data-id="1029" src="https://www.ufmg.br/espacodoconhecimento/novo/wp-content/uploads/2025/07/IMG_0690-2-filhosdequem-1024x683-1.jpg" alt="" class="wp-image-1029" srcset="https://www.ufmg.br/espacodoconhecimento/wp-content/uploads/2025/07/IMG_0690-2-filhosdequem-1024x683-1.jpg 1024w, https://www.ufmg.br/espacodoconhecimento/wp-content/uploads/2025/07/IMG_0690-2-filhosdequem-1024x683-1-300x200.jpg 300w, https://www.ufmg.br/espacodoconhecimento/wp-content/uploads/2025/07/IMG_0690-2-filhosdequem-1024x683-1-768x512.jpg 768w" sizes="(max-width: 1024px) 100vw, 1024px" /></figure>



<figure class="wp-block-image size-full"><img loading="lazy" decoding="async" width="1024" height="683" data-id="1030" src="https://www.ufmg.br/espacodoconhecimento/novo/wp-content/uploads/2025/07/IMG_0755-filhosdequem-1024x683-1.jpg" alt="" class="wp-image-1030" srcset="https://www.ufmg.br/espacodoconhecimento/wp-content/uploads/2025/07/IMG_0755-filhosdequem-1024x683-1.jpg 1024w, https://www.ufmg.br/espacodoconhecimento/wp-content/uploads/2025/07/IMG_0755-filhosdequem-1024x683-1-300x200.jpg 300w, https://www.ufmg.br/espacodoconhecimento/wp-content/uploads/2025/07/IMG_0755-filhosdequem-1024x683-1-768x512.jpg 768w" sizes="(max-width: 1024px) 100vw, 1024px" /></figure>



<figure class="wp-block-image size-full"><img loading="lazy" decoding="async" width="1024" height="683" data-id="1031" src="https://www.ufmg.br/espacodoconhecimento/novo/wp-content/uploads/2025/07/IMG_0732-filhosdequem-1024x683-1.jpg" alt="" class="wp-image-1031" srcset="https://www.ufmg.br/espacodoconhecimento/wp-content/uploads/2025/07/IMG_0732-filhosdequem-1024x683-1.jpg 1024w, https://www.ufmg.br/espacodoconhecimento/wp-content/uploads/2025/07/IMG_0732-filhosdequem-1024x683-1-300x200.jpg 300w, https://www.ufmg.br/espacodoconhecimento/wp-content/uploads/2025/07/IMG_0732-filhosdequem-1024x683-1-768x512.jpg 768w" sizes="(max-width: 1024px) 100vw, 1024px" /></figure>



<figure class="wp-block-image size-full"><img loading="lazy" decoding="async" width="1024" height="683" data-id="1032" src="https://www.ufmg.br/espacodoconhecimento/novo/wp-content/uploads/2025/07/IMG_0734-filhosdequem-1024x683-1.jpg" alt="" class="wp-image-1032" srcset="https://www.ufmg.br/espacodoconhecimento/wp-content/uploads/2025/07/IMG_0734-filhosdequem-1024x683-1.jpg 1024w, https://www.ufmg.br/espacodoconhecimento/wp-content/uploads/2025/07/IMG_0734-filhosdequem-1024x683-1-300x200.jpg 300w, https://www.ufmg.br/espacodoconhecimento/wp-content/uploads/2025/07/IMG_0734-filhosdequem-1024x683-1-768x512.jpg 768w" sizes="(max-width: 1024px) 100vw, 1024px" /></figure>



<figure class="wp-block-image size-full"><img loading="lazy" decoding="async" width="1024" height="683" data-id="1033" src="https://www.ufmg.br/espacodoconhecimento/novo/wp-content/uploads/2025/07/IMG_0712-2-filhosdequem-1024x683-1.jpg" alt="" class="wp-image-1033" srcset="https://www.ufmg.br/espacodoconhecimento/wp-content/uploads/2025/07/IMG_0712-2-filhosdequem-1024x683-1.jpg 1024w, https://www.ufmg.br/espacodoconhecimento/wp-content/uploads/2025/07/IMG_0712-2-filhosdequem-1024x683-1-300x200.jpg 300w, https://www.ufmg.br/espacodoconhecimento/wp-content/uploads/2025/07/IMG_0712-2-filhosdequem-1024x683-1-768x512.jpg 768w" sizes="(max-width: 1024px) 100vw, 1024px" /></figure>



<figure class="wp-block-image size-full"><img loading="lazy" decoding="async" width="1024" height="683" data-id="1034" src="https://www.ufmg.br/espacodoconhecimento/novo/wp-content/uploads/2025/07/IMG_0711-2-filhosdequem-1024x683-1.jpg" alt="" class="wp-image-1034" srcset="https://www.ufmg.br/espacodoconhecimento/wp-content/uploads/2025/07/IMG_0711-2-filhosdequem-1024x683-1.jpg 1024w, https://www.ufmg.br/espacodoconhecimento/wp-content/uploads/2025/07/IMG_0711-2-filhosdequem-1024x683-1-300x200.jpg 300w, https://www.ufmg.br/espacodoconhecimento/wp-content/uploads/2025/07/IMG_0711-2-filhosdequem-1024x683-1-768x512.jpg 768w" sizes="(max-width: 1024px) 100vw, 1024px" /></figure>



<figure class="wp-block-image size-full"><img loading="lazy" decoding="async" width="1024" height="683" data-id="1035" src="https://www.ufmg.br/espacodoconhecimento/novo/wp-content/uploads/2025/07/1-filhosdequem-1024x683-1.jpg" alt="" class="wp-image-1035" srcset="https://www.ufmg.br/espacodoconhecimento/wp-content/uploads/2025/07/1-filhosdequem-1024x683-1.jpg 1024w, https://www.ufmg.br/espacodoconhecimento/wp-content/uploads/2025/07/1-filhosdequem-1024x683-1-300x200.jpg 300w, https://www.ufmg.br/espacodoconhecimento/wp-content/uploads/2025/07/1-filhosdequem-1024x683-1-768x512.jpg 768w" sizes="(max-width: 1024px) 100vw, 1024px" /></figure>



<figure class="wp-block-image size-full"><img loading="lazy" decoding="async" width="1024" height="683" data-id="1036" src="https://www.ufmg.br/espacodoconhecimento/novo/wp-content/uploads/2025/07/IMG_0725-2-filhosdequem-1024x683-1.jpg" alt="" class="wp-image-1036" srcset="https://www.ufmg.br/espacodoconhecimento/wp-content/uploads/2025/07/IMG_0725-2-filhosdequem-1024x683-1.jpg 1024w, https://www.ufmg.br/espacodoconhecimento/wp-content/uploads/2025/07/IMG_0725-2-filhosdequem-1024x683-1-300x200.jpg 300w, https://www.ufmg.br/espacodoconhecimento/wp-content/uploads/2025/07/IMG_0725-2-filhosdequem-1024x683-1-768x512.jpg 768w" sizes="(max-width: 1024px) 100vw, 1024px" /></figure>
</figure>



<p></p>

<p>Setembro a outubro de 2012 Formada por quatro propostas idealizadas em sala de aula por estudantes de diferentes disciplinas dos cursos de Design da Escola de Arquitetura da UFMG, &nbsp;Filhos de Quem III &nbsp;expõs representações e leituras do ambiente urbano e suas interações sociais de setembro a outubro de 2012. A concepção foi de&nbsp;Márcia Luiza [&hellip;]</p>
