{"id":107,"date":"2024-08-02T11:59:05","date_gmt":"2024-08-02T14:59:05","guid":{"rendered":"https:\/\/www.ufmg.br\/espacodoconhecimento\/novo\/\/?page_id=107"},"modified":"2025-10-01T22:23:56","modified_gmt":"2025-10-02T01:23:56","slug":"acessibilidade","status":"publish","type":"page","link":"https:\/\/www.ufmg.br\/espacodoconhecimento\/acessibilidade\/","title":{"rendered":"Acessibilidade"},"content":{"rendered":"\n<div style=\"height:30px\" aria-hidden=\"true\" class=\"wp-block-spacer\"><\/div>\n\n\n\n<h3 class=\"wp-block-heading\"><mark style=\"background-color:rgba(0, 0, 0, 0)\" class=\"has-inline-color has-black-color\">Recursos no Site<\/mark><\/h3>\n\n\n\n<div style=\"height:10px\" aria-hidden=\"true\" class=\"wp-block-spacer\"><\/div>\n\n\n\n<p><strong>Barra superior<\/strong> \u2192 op\u00e7\u00e3o para alterar contraste e mapa do site<\/p>\n\n\n\n<div style=\"height:35px\" aria-hidden=\"true\" class=\"wp-block-spacer\"><\/div>\n\n\n\n<h3 class=\"wp-block-heading\"><mark style=\"background-color:rgba(0, 0, 0, 0)\" class=\"has-inline-color has-black-color\">Libras<\/mark><\/h3>\n\n\n\n<div style=\"height:10px\" aria-hidden=\"true\" class=\"wp-block-spacer\"><\/div>\n\n\n\n<p>O site permite a utiliza\u00e7\u00e3o da ferramenta <strong>VLibras<\/strong>, indicada pelo Governo Federal. Saiba mais sobre o recurso e como adicion\u00e1-lo ao navegador [<a href=\"https:\/\/www.gov.br\/governodigital\/pt-br\/acessibilidade-e-usuario\/vlibras\">neste link<\/a>].<\/p>\n\n\n\n<div style=\"height:35px\" aria-hidden=\"true\" class=\"wp-block-spacer\"><\/div>\n\n\n\n<h3 class=\"wp-block-heading\"><mark style=\"background-color:rgba(0, 0, 0, 0)\" class=\"has-inline-color has-black-color\">Atalhos de teclado<\/mark><\/h3>\n\n\n\n<div style=\"height:10px\" aria-hidden=\"true\" class=\"wp-block-spacer\"><\/div>\n\n\n\n<p><strong>Alt + 2<\/strong> \u2192 menu principal<\/p>\n\n\n\n<p><strong>Alt + 3<\/strong> \u2192 barra superior e busca interna<\/p>\n\n\n\n<p><strong>Alt + 4<\/strong> \u2192 marcas e rodap\u00e9<\/p>\n\n\n\n<p><strong>Alt + 5<\/strong> \u2192 alto contraste<\/p>\n\n\n\n<div style=\"height:35px\" aria-hidden=\"true\" class=\"wp-block-spacer\"><\/div>\n\n\n\n<p>\ud83d\udca1 Observa\u00e7\u00f5es para diferentes navegadores:<\/p>\n\n\n\n<div style=\"height:23px\" aria-hidden=\"true\" class=\"wp-block-spacer\"><\/div>\n\n\n\n<p>Ao teclar apenas <strong>Shift + Esc<\/strong>, abre-se uma janela com todas as alternativas de <em>accesskey<\/em> da p\u00e1gina<\/p>\n\n\n\n<p><strong>Firefox (Windows):<\/strong> Alt + Shift + n\u00famero<\/p>\n\n\n\n<p><strong>Firefox (Mac OS):<\/strong> Ctrl + Alt + n\u00famero<\/p>\n\n\n\n<p><strong>Opera:<\/strong> Shift + Escape + n\u00famero<\/p>\n","protected":false},"excerpt":{"rendered":"<p>Recursos no Site Barra superior \u2192 op\u00e7\u00e3o para alterar contraste e mapa do site Libras O site permite a utiliza\u00e7\u00e3o da ferramenta VLibras, indicada pelo Governo Federal. Saiba mais sobre o recurso e como adicion\u00e1-lo ao navegador [neste link]. Atalhos de teclado Alt + 2 \u2192 menu principal Alt + 3 \u2192 barra superior e [&hellip;]<\/p>\n","protected":false},"author":1,"featured_media":0,"parent":0,"menu_order":0,"comment_status":"closed","ping_status":"closed","template":"","meta":{"_acf_changed":false,"footnotes":""},"class_list":["post-107","page","type-page","status-publish","hentry"],"acf":[],"_links":{"self":[{"href":"https:\/\/www.ufmg.br\/espacodoconhecimento\/wp-json\/wp\/v2\/pages\/107"}],"collection":[{"href":"https:\/\/www.ufmg.br\/espacodoconhecimento\/wp-json\/wp\/v2\/pages"}],"about":[{"href":"https:\/\/www.ufmg.br\/espacodoconhecimento\/wp-json\/wp\/v2\/types\/page"}],"author":[{"embeddable":true,"href":"https:\/\/www.ufmg.br\/espacodoconhecimento\/wp-json\/wp\/v2\/users\/1"}],"replies":[{"embeddable":true,"href":"https:\/\/www.ufmg.br\/espacodoconhecimento\/wp-json\/wp\/v2\/comments?post=107"}],"version-history":[{"count":14,"href":"https:\/\/www.ufmg.br\/espacodoconhecimento\/wp-json\/wp\/v2\/pages\/107\/revisions"}],"predecessor-version":[{"id":5057,"href":"https:\/\/www.ufmg.br\/espacodoconhecimento\/wp-json\/wp\/v2\/pages\/107\/revisions\/5057"}],"wp:attachment":[{"href":"https:\/\/www.ufmg.br\/espacodoconhecimento\/wp-json\/wp\/v2\/media?parent=107"}],"curies":[{"name":"wp","href":"https:\/\/api.w.org\/{rel}","templated":true}]}}