{"id":1143,"date":"2025-07-30T16:03:05","date_gmt":"2025-07-30T19:03:05","guid":{"rendered":"https:\/\/www.ufmg.br\/espacodoconhecimento\/novo\/?page_id=1143"},"modified":"2025-10-13T15:51:41","modified_gmt":"2025-10-13T18:51:41","slug":"o-assombro-do-conhecer","status":"publish","type":"page","link":"https:\/\/www.ufmg.br\/espacodoconhecimento\/exposicoes\/o-assombro-do-conhecer\/","title":{"rendered":"O Assombro do Conhecer"},"content":{"rendered":"\n<p><em>Maio a agosto de 2015<\/em><\/p>\n\n\n\n<div style=\"height:35px\" aria-hidden=\"true\" class=\"wp-block-spacer\"><\/div>\n\n\n\n<figure class=\"wp-block-image size-large\"><img loading=\"lazy\" decoding=\"async\" width=\"1024\" height=\"413\" src=\"https:\/\/www.ufmg.br\/espacodoconhecimento\/novo\/wp-content\/uploads\/2025\/07\/assombro-do-conhecer_9-2-1024x413.jpg\" alt=\"\" class=\"wp-image-1144\" srcset=\"https:\/\/www.ufmg.br\/espacodoconhecimento\/wp-content\/uploads\/2025\/07\/assombro-do-conhecer_9-2-1024x413.jpg 1024w, https:\/\/www.ufmg.br\/espacodoconhecimento\/wp-content\/uploads\/2025\/07\/assombro-do-conhecer_9-2-300x121.jpg 300w, https:\/\/www.ufmg.br\/espacodoconhecimento\/wp-content\/uploads\/2025\/07\/assombro-do-conhecer_9-2-768x310.jpg 768w, https:\/\/www.ufmg.br\/espacodoconhecimento\/wp-content\/uploads\/2025\/07\/assombro-do-conhecer_9-2.jpg 1140w\" sizes=\"(max-width: 1024px) 100vw, 1024px\" \/><\/figure>\n\n\n\n<div style=\"height:35px\" aria-hidden=\"true\" class=\"wp-block-spacer\"><\/div>\n\n\n\n<p>Entre maio e agosto de 2015, o Espa\u00e7o do Conhecimento UFMG recebeu a exposi\u00e7\u00e3o <strong>O Assombro do Conhecer<\/strong>. Resultado de estudos de professores de diversas \u00e1reas da UFMG, a mostra provocou reflex\u00f5es sobre os processos de constru\u00e7\u00e3o do conhecimento, abordando as mem\u00f3rias, as percep\u00e7\u00f5es e a produ\u00e7\u00e3o dos saberes compartilhados socialmente.<\/p>\n\n\n\n<p>A exposi\u00e7\u00e3o se apresentou ao p\u00fablico como uma esp\u00e9cie de laborat\u00f3rio de experimenta\u00e7\u00e3o, no qual o visitante \u00e9 convidado a interagir com v\u00e1rios aspectos da produ\u00e7\u00e3o do conhecimento, deixando suas impress\u00f5es e contribui\u00e7\u00f5es registradas. O impacto da mostra foi&nbsp;estudado e \u00e9 considerado na elabora\u00e7\u00e3o da pr\u00f3xima exposi\u00e7\u00e3o de longa dura\u00e7\u00e3o do museu, que substituir\u00e1 <strong>Demasiado Humano<\/strong>, em cartaz desde 2010.<\/p>\n\n\n\n<p>A coordena\u00e7\u00e3o da mostra foi de Bernardo Jefferson De Oliveira<strong>, <\/strong>D\u00e9bora D\u2019avila Reis e Yurij Castelfranchi.<\/p>\n\n\n\n<div style=\"height:35px\" aria-hidden=\"true\" class=\"wp-block-spacer\"><\/div>\n\n\n\n<p><strong>Labirintos e ilus\u00f5es, invent\u00e1rios e tradu\u00e7\u00f5es<br><\/strong>De acordo com o coordenador do projeto, Bernardo Jefferson, o foco da exposi\u00e7\u00e3o \u00e9 o conhecer humano e suas perspectivas sociais, culturais, lingu\u00edsticas, biol\u00f3gicas e instrumentais: &#8220;Procuramos explorar como se d\u00e1 o processo que chamamos de \u2018conhecimento\u2019, que filtra, limita e direciona tudo o que entendemos sobre o universo e sobre n\u00f3s mesmos&#8221;. O professor explica ainda como a nova montagem se relaciona com os conte\u00fados trabalhados anteriormente no museu: &#8220;Tivemos exposi\u00e7\u00f5es que abordam por\u00e7\u00f5es do conhecimento que temos sobre as coisas. O Assombro do Conhecer busca outro vi\u00e9s, nela o pr\u00f3prio conhecimento \u00e9 o tema central&#8221;.<\/p>\n\n\n\n<p>Integrante do grupo de elabora\u00e7\u00e3o da exposi\u00e7\u00e3o, Verona Segantini explica que <strong>O Assombro do Conhecer<\/strong> busca incentivar apropria\u00e7\u00f5es dos conte\u00fados de forma mais livre por parte dos visitantes. &#8220;Como a exposi\u00e7\u00e3o \u00e9 tamb\u00e9m um laborat\u00f3rio de experimenta\u00e7\u00e3o, n\u00e3o quer\u00edamos que as explica\u00e7\u00f5es tomassem o papel principal, mas que os textos provocassem questionamentos. Habitualmente, os museus s\u00e3o feitos sem que se pergunte ao p\u00fablico o que ele quer ver. Essa exposi\u00e7\u00e3o \u00e9 uma forma que criamos para tentar romper um pouco com essa l\u00f3gica, para que os visitantes possam realmente participar do processo&#8221;, conclui.<\/p>\n\n\n\n<div style=\"height:35px\" aria-hidden=\"true\" class=\"wp-block-spacer\"><\/div>\n\n\n\n<p><strong>Registros<br><\/strong>Os registros dos processos da exposi\u00e7\u00e3o podem ser conferidos no <a href=\"http:\/\/www.assombrodoconhecer.com.br\/\" target=\"_blank\" rel=\"noreferrer noopener\">blog<\/a> constru\u00eddo pela equipe que elaborou o projeto.<\/p>\n\n\n\n<p>Assista tamb\u00e9m ao <a href=\"https:\/\/www.youtube.com\/watch?v=3Fx9237WQJ4&amp;list=PLj6artl7bRneWebkIGB_ItBjpvBRU2gJC&amp;index=8&amp;t=0s\" target=\"_blank\" rel=\"noreferrer noopener\">v\u00eddeo<\/a> com o Making Of da montagem da mostra.<\/p>\n\n\n\n<div style=\"height:35px\" aria-hidden=\"true\" class=\"wp-block-spacer\"><\/div>\n\n\n\n<figure class=\"wp-block-gallery has-nested-images columns-3 is-cropped wp-block-gallery-1 is-layout-flex wp-block-gallery-is-layout-flex\">\n<figure class=\"wp-block-image size-full\"><img loading=\"lazy\" decoding=\"async\" width=\"1024\" height=\"683\" data-id=\"1145\" src=\"https:\/\/www.ufmg.br\/espacodoconhecimento\/novo\/wp-content\/uploads\/2025\/07\/assombro-do-conhecer_12-1024x683-1.jpg\" alt=\"\" class=\"wp-image-1145\" srcset=\"https:\/\/www.ufmg.br\/espacodoconhecimento\/wp-content\/uploads\/2025\/07\/assombro-do-conhecer_12-1024x683-1.jpg 1024w, https:\/\/www.ufmg.br\/espacodoconhecimento\/wp-content\/uploads\/2025\/07\/assombro-do-conhecer_12-1024x683-1-300x200.jpg 300w, https:\/\/www.ufmg.br\/espacodoconhecimento\/wp-content\/uploads\/2025\/07\/assombro-do-conhecer_12-1024x683-1-768x512.jpg 768w\" sizes=\"(max-width: 1024px) 100vw, 1024px\" \/><\/figure>\n\n\n\n<figure class=\"wp-block-image size-full\"><img loading=\"lazy\" decoding=\"async\" width=\"1024\" height=\"683\" data-id=\"1146\" src=\"https:\/\/www.ufmg.br\/espacodoconhecimento\/novo\/wp-content\/uploads\/2025\/07\/assombro-do-conhecer_3-1024x683-1.jpg\" alt=\"\" class=\"wp-image-1146\" srcset=\"https:\/\/www.ufmg.br\/espacodoconhecimento\/wp-content\/uploads\/2025\/07\/assombro-do-conhecer_3-1024x683-1.jpg 1024w, https:\/\/www.ufmg.br\/espacodoconhecimento\/wp-content\/uploads\/2025\/07\/assombro-do-conhecer_3-1024x683-1-300x200.jpg 300w, https:\/\/www.ufmg.br\/espacodoconhecimento\/wp-content\/uploads\/2025\/07\/assombro-do-conhecer_3-1024x683-1-768x512.jpg 768w\" sizes=\"(max-width: 1024px) 100vw, 1024px\" \/><\/figure>\n\n\n\n<figure class=\"wp-block-image size-full\"><img loading=\"lazy\" decoding=\"async\" width=\"1024\" height=\"683\" data-id=\"1147\" src=\"https:\/\/www.ufmg.br\/espacodoconhecimento\/novo\/wp-content\/uploads\/2025\/07\/assombro-do-conhecer_4-1024x683-1.jpg\" alt=\"\" class=\"wp-image-1147\" srcset=\"https:\/\/www.ufmg.br\/espacodoconhecimento\/wp-content\/uploads\/2025\/07\/assombro-do-conhecer_4-1024x683-1.jpg 1024w, https:\/\/www.ufmg.br\/espacodoconhecimento\/wp-content\/uploads\/2025\/07\/assombro-do-conhecer_4-1024x683-1-300x200.jpg 300w, https:\/\/www.ufmg.br\/espacodoconhecimento\/wp-content\/uploads\/2025\/07\/assombro-do-conhecer_4-1024x683-1-768x512.jpg 768w\" sizes=\"(max-width: 1024px) 100vw, 1024px\" \/><\/figure>\n\n\n\n<figure class=\"wp-block-image size-full\"><img loading=\"lazy\" decoding=\"async\" width=\"1024\" height=\"683\" data-id=\"1148\" src=\"https:\/\/www.ufmg.br\/espacodoconhecimento\/novo\/wp-content\/uploads\/2025\/07\/assombro-do-conhecer_5-1024x683-1.jpg\" alt=\"\" class=\"wp-image-1148\" srcset=\"https:\/\/www.ufmg.br\/espacodoconhecimento\/wp-content\/uploads\/2025\/07\/assombro-do-conhecer_5-1024x683-1.jpg 1024w, https:\/\/www.ufmg.br\/espacodoconhecimento\/wp-content\/uploads\/2025\/07\/assombro-do-conhecer_5-1024x683-1-300x200.jpg 300w, https:\/\/www.ufmg.br\/espacodoconhecimento\/wp-content\/uploads\/2025\/07\/assombro-do-conhecer_5-1024x683-1-768x512.jpg 768w\" sizes=\"(max-width: 1024px) 100vw, 1024px\" \/><\/figure>\n\n\n\n<figure class=\"wp-block-image size-full\"><img loading=\"lazy\" decoding=\"async\" width=\"1024\" height=\"683\" data-id=\"1149\" src=\"https:\/\/www.ufmg.br\/espacodoconhecimento\/novo\/wp-content\/uploads\/2025\/07\/assombro-do-conhecer_8-1024x683-1.jpg\" alt=\"\" class=\"wp-image-1149\" srcset=\"https:\/\/www.ufmg.br\/espacodoconhecimento\/wp-content\/uploads\/2025\/07\/assombro-do-conhecer_8-1024x683-1.jpg 1024w, https:\/\/www.ufmg.br\/espacodoconhecimento\/wp-content\/uploads\/2025\/07\/assombro-do-conhecer_8-1024x683-1-300x200.jpg 300w, https:\/\/www.ufmg.br\/espacodoconhecimento\/wp-content\/uploads\/2025\/07\/assombro-do-conhecer_8-1024x683-1-768x512.jpg 768w\" sizes=\"(max-width: 1024px) 100vw, 1024px\" \/><\/figure>\n\n\n\n<figure class=\"wp-block-image size-full\"><img loading=\"lazy\" decoding=\"async\" width=\"1024\" height=\"683\" data-id=\"1150\" src=\"https:\/\/www.ufmg.br\/espacodoconhecimento\/novo\/wp-content\/uploads\/2025\/07\/animalario-assombro_5-1024x683-1.jpg\" alt=\"\" class=\"wp-image-1150\" srcset=\"https:\/\/www.ufmg.br\/espacodoconhecimento\/wp-content\/uploads\/2025\/07\/animalario-assombro_5-1024x683-1.jpg 1024w, https:\/\/www.ufmg.br\/espacodoconhecimento\/wp-content\/uploads\/2025\/07\/animalario-assombro_5-1024x683-1-300x200.jpg 300w, https:\/\/www.ufmg.br\/espacodoconhecimento\/wp-content\/uploads\/2025\/07\/animalario-assombro_5-1024x683-1-768x512.jpg 768w\" sizes=\"(max-width: 1024px) 100vw, 1024px\" \/><\/figure>\n\n\n\n<figure class=\"wp-block-image size-full\"><img loading=\"lazy\" decoding=\"async\" width=\"1024\" height=\"683\" data-id=\"1151\" src=\"https:\/\/www.ufmg.br\/espacodoconhecimento\/novo\/wp-content\/uploads\/2025\/07\/IMG_8825-assombro-1024x683-1.jpg\" alt=\"\" class=\"wp-image-1151\" srcset=\"https:\/\/www.ufmg.br\/espacodoconhecimento\/wp-content\/uploads\/2025\/07\/IMG_8825-assombro-1024x683-1.jpg 1024w, https:\/\/www.ufmg.br\/espacodoconhecimento\/wp-content\/uploads\/2025\/07\/IMG_8825-assombro-1024x683-1-300x200.jpg 300w, https:\/\/www.ufmg.br\/espacodoconhecimento\/wp-content\/uploads\/2025\/07\/IMG_8825-assombro-1024x683-1-768x512.jpg 768w\" sizes=\"(max-width: 1024px) 100vw, 1024px\" \/><\/figure>\n\n\n\n<figure class=\"wp-block-image size-full\"><img loading=\"lazy\" decoding=\"async\" width=\"1024\" height=\"683\" data-id=\"1152\" src=\"https:\/\/www.ufmg.br\/espacodoconhecimento\/novo\/wp-content\/uploads\/2025\/07\/Exposicao-O-Assombro-do-Conhecer-animalario-assombro_1-foto-Kayke-Quadros-1024x683-1.jpg\" alt=\"\" class=\"wp-image-1152\" srcset=\"https:\/\/www.ufmg.br\/espacodoconhecimento\/wp-content\/uploads\/2025\/07\/Exposicao-O-Assombro-do-Conhecer-animalario-assombro_1-foto-Kayke-Quadros-1024x683-1.jpg 1024w, https:\/\/www.ufmg.br\/espacodoconhecimento\/wp-content\/uploads\/2025\/07\/Exposicao-O-Assombro-do-Conhecer-animalario-assombro_1-foto-Kayke-Quadros-1024x683-1-300x200.jpg 300w, https:\/\/www.ufmg.br\/espacodoconhecimento\/wp-content\/uploads\/2025\/07\/Exposicao-O-Assombro-do-Conhecer-animalario-assombro_1-foto-Kayke-Quadros-1024x683-1-768x512.jpg 768w\" sizes=\"(max-width: 1024px) 100vw, 1024px\" \/><\/figure>\n\n\n\n<figure class=\"wp-block-image size-full\"><img loading=\"lazy\" decoding=\"async\" width=\"1024\" height=\"683\" data-id=\"1153\" src=\"https:\/\/www.ufmg.br\/espacodoconhecimento\/novo\/wp-content\/uploads\/2025\/07\/IMG_8826-assombro-1024x683-1.jpg\" alt=\"\" class=\"wp-image-1153\" srcset=\"https:\/\/www.ufmg.br\/espacodoconhecimento\/wp-content\/uploads\/2025\/07\/IMG_8826-assombro-1024x683-1.jpg 1024w, https:\/\/www.ufmg.br\/espacodoconhecimento\/wp-content\/uploads\/2025\/07\/IMG_8826-assombro-1024x683-1-300x200.jpg 300w, https:\/\/www.ufmg.br\/espacodoconhecimento\/wp-content\/uploads\/2025\/07\/IMG_8826-assombro-1024x683-1-768x512.jpg 768w\" sizes=\"(max-width: 1024px) 100vw, 1024px\" \/><\/figure>\n\n\n\n<figure class=\"wp-block-image size-full\"><img loading=\"lazy\" decoding=\"async\" width=\"1024\" height=\"683\" data-id=\"1155\" src=\"https:\/\/www.ufmg.br\/espacodoconhecimento\/novo\/wp-content\/uploads\/2025\/07\/assombro-do-conhecer_9-1024x683-1.jpg\" alt=\"\" class=\"wp-image-1155\" srcset=\"https:\/\/www.ufmg.br\/espacodoconhecimento\/wp-content\/uploads\/2025\/07\/assombro-do-conhecer_9-1024x683-1.jpg 1024w, https:\/\/www.ufmg.br\/espacodoconhecimento\/wp-content\/uploads\/2025\/07\/assombro-do-conhecer_9-1024x683-1-300x200.jpg 300w, https:\/\/www.ufmg.br\/espacodoconhecimento\/wp-content\/uploads\/2025\/07\/assombro-do-conhecer_9-1024x683-1-768x512.jpg 768w\" sizes=\"(max-width: 1024px) 100vw, 1024px\" \/><\/figure>\n\n\n\n<figure class=\"wp-block-image size-full\"><img loading=\"lazy\" decoding=\"async\" width=\"1024\" height=\"683\" data-id=\"1154\" src=\"https:\/\/www.ufmg.br\/espacodoconhecimento\/novo\/wp-content\/uploads\/2025\/07\/assombro-do-conhecer_11-1024x683-1.jpg\" alt=\"\" class=\"wp-image-1154\" srcset=\"https:\/\/www.ufmg.br\/espacodoconhecimento\/wp-content\/uploads\/2025\/07\/assombro-do-conhecer_11-1024x683-1.jpg 1024w, https:\/\/www.ufmg.br\/espacodoconhecimento\/wp-content\/uploads\/2025\/07\/assombro-do-conhecer_11-1024x683-1-300x200.jpg 300w, https:\/\/www.ufmg.br\/espacodoconhecimento\/wp-content\/uploads\/2025\/07\/assombro-do-conhecer_11-1024x683-1-768x512.jpg 768w\" sizes=\"(max-width: 1024px) 100vw, 1024px\" \/><\/figure>\n\n\n\n<figure class=\"wp-block-image size-full\"><img loading=\"lazy\" decoding=\"async\" width=\"1024\" height=\"683\" data-id=\"1156\" src=\"https:\/\/www.ufmg.br\/espacodoconhecimento\/novo\/wp-content\/uploads\/2025\/07\/assombro-do-conhecer_10-1024x683-1.jpg\" alt=\"\" class=\"wp-image-1156\" srcset=\"https:\/\/www.ufmg.br\/espacodoconhecimento\/wp-content\/uploads\/2025\/07\/assombro-do-conhecer_10-1024x683-1.jpg 1024w, https:\/\/www.ufmg.br\/espacodoconhecimento\/wp-content\/uploads\/2025\/07\/assombro-do-conhecer_10-1024x683-1-300x200.jpg 300w, https:\/\/www.ufmg.br\/espacodoconhecimento\/wp-content\/uploads\/2025\/07\/assombro-do-conhecer_10-1024x683-1-768x512.jpg 768w\" sizes=\"(max-width: 1024px) 100vw, 1024px\" \/><\/figure>\n<\/figure>\n","protected":false},"excerpt":{"rendered":"<p>Maio a agosto de 2015 Entre maio e agosto de 2015, o Espa\u00e7o do Conhecimento UFMG recebeu a exposi\u00e7\u00e3o O Assombro do Conhecer. Resultado de estudos de professores de diversas \u00e1reas da UFMG, a mostra provocou reflex\u00f5es sobre os processos de constru\u00e7\u00e3o do conhecimento, abordando as mem\u00f3rias, as percep\u00e7\u00f5es e a produ\u00e7\u00e3o dos saberes compartilhados [&hellip;]<\/p>\n","protected":false},"author":3,"featured_media":0,"parent":206,"menu_order":0,"comment_status":"closed","ping_status":"closed","template":"","meta":{"_acf_changed":false,"footnotes":""},"class_list":["post-1143","page","type-page","status-publish","hentry"],"acf":[],"_links":{"self":[{"href":"https:\/\/www.ufmg.br\/espacodoconhecimento\/wp-json\/wp\/v2\/pages\/1143"}],"collection":[{"href":"https:\/\/www.ufmg.br\/espacodoconhecimento\/wp-json\/wp\/v2\/pages"}],"about":[{"href":"https:\/\/www.ufmg.br\/espacodoconhecimento\/wp-json\/wp\/v2\/types\/page"}],"author":[{"embeddable":true,"href":"https:\/\/www.ufmg.br\/espacodoconhecimento\/wp-json\/wp\/v2\/users\/3"}],"replies":[{"embeddable":true,"href":"https:\/\/www.ufmg.br\/espacodoconhecimento\/wp-json\/wp\/v2\/comments?post=1143"}],"version-history":[{"count":2,"href":"https:\/\/www.ufmg.br\/espacodoconhecimento\/wp-json\/wp\/v2\/pages\/1143\/revisions"}],"predecessor-version":[{"id":2227,"href":"https:\/\/www.ufmg.br\/espacodoconhecimento\/wp-json\/wp\/v2\/pages\/1143\/revisions\/2227"}],"up":[{"embeddable":true,"href":"https:\/\/www.ufmg.br\/espacodoconhecimento\/wp-json\/wp\/v2\/pages\/206"}],"wp:attachment":[{"href":"https:\/\/www.ufmg.br\/espacodoconhecimento\/wp-json\/wp\/v2\/media?parent=1143"}],"curies":[{"name":"wp","href":"https:\/\/api.w.org\/{rel}","templated":true}]}}