{"id":11893,"date":"2026-08-27T16:02:48","date_gmt":"2026-08-27T19:02:48","guid":{"rendered":"https:\/\/www.ufmg.br\/espacodoconhecimento\/?page_id=11893"},"modified":"2026-08-27T16:03:07","modified_gmt":"2026-08-27T19:03:07","slug":"resultado-nucleo-de-comunicacao-e-design-bolsa-pbext-ago-2026","status":"publish","type":"page","link":"https:\/\/www.ufmg.br\/espacodoconhecimento\/trabalhe-conosco\/resultado-nucleo-de-comunicacao-e-design-bolsa-pbext-ago-2026\/","title":{"rendered":"RESULTADO \u2013 N\u00facleo de Comunica\u00e7\u00e3o e Design | Bolsa PBEXT (ago\/2026)"},"content":{"rendered":"\n<div style=\"height:35px\" aria-hidden=\"true\" class=\"wp-block-spacer\"><\/div>\n\n\n\n<figure class=\"wp-block-image size-large\"><img loading=\"lazy\" decoding=\"async\" width=\"1024\" height=\"512\" src=\"https:\/\/www.ufmg.br\/espacodoconhecimento\/wp-content\/uploads\/2026\/02\/capa-noticias-2-1024x512.png\" alt=\"\" class=\"wp-image-8738\" srcset=\"https:\/\/www.ufmg.br\/espacodoconhecimento\/wp-content\/uploads\/2026\/02\/capa-noticias-2-1024x512.png 1024w, https:\/\/www.ufmg.br\/espacodoconhecimento\/wp-content\/uploads\/2026\/02\/capa-noticias-2-300x150.png 300w, https:\/\/www.ufmg.br\/espacodoconhecimento\/wp-content\/uploads\/2026\/02\/capa-noticias-2-768x384.png 768w, https:\/\/www.ufmg.br\/espacodoconhecimento\/wp-content\/uploads\/2026\/02\/capa-noticias-2-1536x768.png 1536w, https:\/\/www.ufmg.br\/espacodoconhecimento\/wp-content\/uploads\/2026\/02\/capa-noticias-2.png 2048w\" sizes=\"auto, (max-width: 1024px) 100vw, 1024px\" \/><\/figure>\n\n\n\n<div style=\"height:45px\" aria-hidden=\"true\" class=\"wp-block-spacer\"><\/div>\n\n\n\n<p class=\"wp-block-paragraph\"><strong>RESULTADO<\/strong><\/p>\n\n\n\n<p class=\"wp-block-paragraph\"><strong>BOLSA DE EXTENS\u00c3O<\/strong><\/p>\n\n\n\n<div style=\"height:35px\" aria-hidden=\"true\" class=\"wp-block-spacer\"><\/div>\n\n\n\n<p class=\"wp-block-paragraph\"><strong>N\u00facleo de Comunica\u00e7\u00e3o e Design do Espa\u00e7o do Conhecimento UFMG<\/strong><\/p>\n\n\n\n<div style=\"height:35px\" aria-hidden=\"true\" class=\"wp-block-spacer\"><\/div>\n\n\n\n<p class=\"wp-block-paragraph\"><em>27 de agosto de 2026<\/em><\/p>\n\n\n\n<div style=\"height:35px\" aria-hidden=\"true\" class=\"wp-block-spacer\"><\/div>\n\n\n\n<p class=\"wp-block-paragraph\">O N\u00facleo de Comunica\u00e7\u00e3o e Design do Espa\u00e7o do Conhecimento UFMG informa o resultado da sele\u00e7\u00e3o de bolsista de extens\u00e3o:<\/p>\n\n\n\n<div style=\"height:35px\" aria-hidden=\"true\" class=\"wp-block-spacer\"><\/div>\n\n\n\n<p class=\"wp-block-paragraph\"><strong>SELECIONADA<\/strong><\/p>\n\n\n\n<p class=\"wp-block-paragraph\">Ana Luiza dos Santos de Almeida<\/p>\n\n\n\n<p class=\"wp-block-paragraph\"><strong>CADASTRO DE RESERVA<\/strong><\/p>\n\n\n\n<p class=\"wp-block-paragraph\">Elizabeth Ayala C\u00e1rdenas<br>Bruna Vit\u00f3ria de Castro Oliveira<br>Maria Clara Soares Mendes<br>Ana Tamires dos Anjos da Silva<\/p>\n","protected":false},"excerpt":{"rendered":"<p>RESULTADO BOLSA DE EXTENS\u00c3O N\u00facleo de Comunica\u00e7\u00e3o e Design do Espa\u00e7o do Conhecimento UFMG 27 de agosto de 2026 O N\u00facleo de Comunica\u00e7\u00e3o e Design do Espa\u00e7o do Conhecimento UFMG informa o resultado da sele\u00e7\u00e3o de bolsista de extens\u00e3o: SELECIONADA Ana Luiza dos Santos de Almeida CADASTRO DE RESERVA Elizabeth Ayala C\u00e1rdenasBruna Vit\u00f3ria de Castro [&hellip;]<\/p>\n","protected":false},"author":3,"featured_media":0,"parent":11622,"menu_order":0,"comment_status":"closed","ping_status":"closed","template":"","meta":{"_acf_changed":false,"footnotes":""},"class_list":["post-11893","page","type-page","status-publish","hentry"],"acf":[],"_links":{"self":[{"href":"https:\/\/www.ufmg.br\/espacodoconhecimento\/wp-json\/wp\/v2\/pages\/11893","targetHints":{"allow":["GET"]}}],"collection":[{"href":"https:\/\/www.ufmg.br\/espacodoconhecimento\/wp-json\/wp\/v2\/pages"}],"about":[{"href":"https:\/\/www.ufmg.br\/espacodoconhecimento\/wp-json\/wp\/v2\/types\/page"}],"author":[{"embeddable":true,"href":"https:\/\/www.ufmg.br\/espacodoconhecimento\/wp-json\/wp\/v2\/users\/3"}],"replies":[{"embeddable":true,"href":"https:\/\/www.ufmg.br\/espacodoconhecimento\/wp-json\/wp\/v2\/comments?post=11893"}],"version-history":[{"count":2,"href":"https:\/\/www.ufmg.br\/espacodoconhecimento\/wp-json\/wp\/v2\/pages\/11893\/revisions"}],"predecessor-version":[{"id":11895,"href":"https:\/\/www.ufmg.br\/espacodoconhecimento\/wp-json\/wp\/v2\/pages\/11893\/revisions\/11895"}],"up":[{"embeddable":true,"href":"https:\/\/www.ufmg.br\/espacodoconhecimento\/wp-json\/wp\/v2\/pages\/11622"}],"wp:attachment":[{"href":"https:\/\/www.ufmg.br\/espacodoconhecimento\/wp-json\/wp\/v2\/media?parent=11893"}],"curies":[{"name":"wp","href":"https:\/\/api.w.org\/{rel}","templated":true}]}}

RESULTADO – Núcleo de Comunicação e Design | Bolsa PBEXT (ago/2026)

<div style="height:35px" aria-hidden="true" class="wp-block-spacer"></div>



<figure class="wp-block-image size-large"><img loading="lazy" decoding="async" width="1024" height="512" src="https://www.ufmg.br/espacodoconhecimento/wp-content/uploads/2026/02/capa-noticias-2-1024x512.png" alt="" class="wp-image-8738" srcset="https://www.ufmg.br/espacodoconhecimento/wp-content/uploads/2026/02/capa-noticias-2-1024x512.png 1024w, https://www.ufmg.br/espacodoconhecimento/wp-content/uploads/2026/02/capa-noticias-2-300x150.png 300w, https://www.ufmg.br/espacodoconhecimento/wp-content/uploads/2026/02/capa-noticias-2-768x384.png 768w, https://www.ufmg.br/espacodoconhecimento/wp-content/uploads/2026/02/capa-noticias-2-1536x768.png 1536w, https://www.ufmg.br/espacodoconhecimento/wp-content/uploads/2026/02/capa-noticias-2.png 2048w" sizes="auto, (max-width: 1024px) 100vw, 1024px" /></figure>



<div style="height:45px" aria-hidden="true" class="wp-block-spacer"></div>



<p class="wp-block-paragraph"><strong>RESULTADO</strong></p>



<p class="wp-block-paragraph"><strong>BOLSA DE EXTENSÃO</strong></p>



<div style="height:35px" aria-hidden="true" class="wp-block-spacer"></div>



<p class="wp-block-paragraph"><strong>Núcleo de Comunicação e Design do Espaço do Conhecimento UFMG</strong></p>



<div style="height:35px" aria-hidden="true" class="wp-block-spacer"></div>



<p class="wp-block-paragraph"><em>27 de agosto de 2026</em></p>



<div style="height:35px" aria-hidden="true" class="wp-block-spacer"></div>



<p class="wp-block-paragraph">O Núcleo de Comunicação e Design do Espaço do Conhecimento UFMG informa o resultado da seleção de bolsista de extensão:</p>



<div style="height:35px" aria-hidden="true" class="wp-block-spacer"></div>



<p class="wp-block-paragraph"><strong>SELECIONADA</strong></p>



<p class="wp-block-paragraph">Ana Luiza dos Santos de Almeida</p>



<p class="wp-block-paragraph"><strong>CADASTRO DE RESERVA</strong></p>



<p class="wp-block-paragraph">Elizabeth Ayala Cárdenas<br>Bruna Vitória de Castro Oliveira<br>Maria Clara Soares Mendes<br>Ana Tamires dos Anjos da Silva</p>

<p>RESULTADO BOLSA DE EXTENSÃO Núcleo de Comunicação e Design do Espaço do Conhecimento UFMG 27 de agosto de 2026 O Núcleo de Comunicação e Design do Espaço do Conhecimento UFMG informa o resultado da seleção de bolsista de extensão: SELECIONADA Ana Luiza dos Santos de Almeida CADASTRO DE RESERVA Elizabeth Ayala CárdenasBruna Vitória de Castro [&hellip;]</p>
