{"id":1272,"date":"2025-07-31T13:09:33","date_gmt":"2025-07-31T16:09:33","guid":{"rendered":"https:\/\/www.ufmg.br\/espacodoconhecimento\/novo\/?page_id=1272"},"modified":"2025-10-13T15:53:20","modified_gmt":"2025-10-13T18:53:20","slug":"cancao-amiga-clube-da-esquina","status":"publish","type":"page","link":"https:\/\/www.ufmg.br\/espacodoconhecimento\/exposicoes\/cancao-amiga-clube-da-esquina\/","title":{"rendered":"Can\u00e7\u00e3o Amiga &#8211; Clube da Esquina"},"content":{"rendered":"\n<p><em>Julho a Setembro de 2017<\/em><\/p>\n\n\n\n<div style=\"height:35px\" aria-hidden=\"true\" class=\"wp-block-spacer\"><\/div>\n\n\n\n<figure class=\"wp-block-image size-large\"><img loading=\"lazy\" decoding=\"async\" width=\"1024\" height=\"413\" src=\"https:\/\/www.ufmg.br\/espacodoconhecimento\/novo\/wp-content\/uploads\/2025\/07\/IMG_8692-1024x413.jpg\" alt=\"\" class=\"wp-image-1273\" srcset=\"https:\/\/www.ufmg.br\/espacodoconhecimento\/wp-content\/uploads\/2025\/07\/IMG_8692-1024x413.jpg 1024w, https:\/\/www.ufmg.br\/espacodoconhecimento\/wp-content\/uploads\/2025\/07\/IMG_8692-300x121.jpg 300w, https:\/\/www.ufmg.br\/espacodoconhecimento\/wp-content\/uploads\/2025\/07\/IMG_8692-768x310.jpg 768w, https:\/\/www.ufmg.br\/espacodoconhecimento\/wp-content\/uploads\/2025\/07\/IMG_8692-1536x620.jpg 1536w, https:\/\/www.ufmg.br\/espacodoconhecimento\/wp-content\/uploads\/2025\/07\/IMG_8692-2048x826.jpg 2048w\" sizes=\"(max-width: 1024px) 100vw, 1024px\" \/><\/figure>\n\n\n\n<div style=\"height:35px\" aria-hidden=\"true\" class=\"wp-block-spacer\"><\/div>\n\n\n\n<p>O Espa\u00e7o do Conhecimento UFMG retomou a hist\u00f3ria de um movimento musical que marcou o pa\u00eds com a exposi\u00e7\u00e3o <strong>Can\u00e7\u00e3o Amiga \u2013 Clube da Esquina<\/strong>. Em cartaz de julho a setembro de 2017, a&nbsp;mostra convidou o visitantes a conhecer um contexto de importantes transforma\u00e7\u00f5es pol\u00edticas, culturais e sociais, no qual uma nova musicalidade foi criada a partir da fus\u00e3o de bossa nova, samba, jazz, rock, os sons da Am\u00e9rica Hisp\u00e2nica e as tradi\u00e7\u00f5es do interior mineiro.<\/p>\n\n\n\n<p>A exposi\u00e7\u00e3o explorou a consolida\u00e7\u00e3o do Clube da Esquina no cen\u00e1rio art\u00edstico nacional, de 1972 a 1978, per\u00edodo que compreende o lan\u00e7amento dos discos Clube da Esquina e Clube da Esquina 2.<\/p>\n\n\n\n<p><strong>Can\u00e7\u00e3o Amiga <\/strong>foi&nbsp;resultado das pesquisas do Centro de Refer\u00eancia da M\u00fasica de Minas UFMG, um trabalho de pesquisa interdisciplinar que investiga as sonoridades produzidas e em circula\u00e7\u00e3o no estado. A exposi\u00e7\u00e3o ocupou o segundo e o quinto andares do Espa\u00e7o. No Planet\u00e1rio, houve a exibi\u00e7\u00e3o do filme <em>Entre Discos e Esquinas<\/em>. Na Fachada Digital, uma proje\u00e7\u00e3o exibiu depoimentos de artistas do Clube da Esquina.<\/p>\n\n\n\n<p>A mostra foi a primeira a desenvolver uma trilha sonora espec\u00edfica. Professores e alunos da Escola de M\u00fasica da UFMG, coordenados pelo professor Mauro Rodrigues, desenvolveram arranjos ouvidos ao longo da exposi\u00e7\u00e3o. As grava\u00e7\u00f5es contaram com a participa\u00e7\u00e3o de Toninho Horta, Tavinho Moura, T\u00falio Mour\u00e3o e Titane.<\/p>\n\n\n\n<p>A curadoria foi de Bruno Viveiros.<\/p>\n\n\n\n<p>Para conhecer mais, assista <strong><a href=\"https:\/\/www.youtube.com\/watch?v=aOYjn7XDEog&amp;list=PLj6artl7bRneWebkIGB_ItBjpvBRU2gJC&amp;index=11\" target=\"_blank\" rel=\"noreferrer noopener\">aqui<\/a><\/strong> \u00e0 reportagem produzida pela TV UFMG sobre a mostra. Ou\u00e7a, ainda, a playlist musical&nbsp;<strong><a href=\"https:\/\/open.spotify.com\/playlist\/1fxuqVf2qlmwP9cklQUyqb\" target=\"_blank\" rel=\"noreferrer noopener\">Da Janela Lateral<\/a><\/strong>, no Spotify.<\/p>\n\n\n\n<div style=\"height:35px\" aria-hidden=\"true\" class=\"wp-block-spacer\"><\/div>\n\n\n\n<figure class=\"wp-block-gallery has-nested-images columns-3 is-cropped wp-block-gallery-1 is-layout-flex wp-block-gallery-is-layout-flex\">\n<figure class=\"wp-block-image size-full\"><img loading=\"lazy\" decoding=\"async\" width=\"1024\" height=\"680\" data-id=\"1275\" src=\"https:\/\/www.ufmg.br\/espacodoconhecimento\/novo\/wp-content\/uploads\/2025\/07\/DSC0032-cancaoamiga-1024x680-1.jpg\" alt=\"\" class=\"wp-image-1275\" srcset=\"https:\/\/www.ufmg.br\/espacodoconhecimento\/wp-content\/uploads\/2025\/07\/DSC0032-cancaoamiga-1024x680-1.jpg 1024w, https:\/\/www.ufmg.br\/espacodoconhecimento\/wp-content\/uploads\/2025\/07\/DSC0032-cancaoamiga-1024x680-1-300x199.jpg 300w, https:\/\/www.ufmg.br\/espacodoconhecimento\/wp-content\/uploads\/2025\/07\/DSC0032-cancaoamiga-1024x680-1-768x510.jpg 768w\" sizes=\"(max-width: 1024px) 100vw, 1024px\" \/><\/figure>\n\n\n\n<figure class=\"wp-block-image size-full\"><img loading=\"lazy\" decoding=\"async\" width=\"1024\" height=\"680\" data-id=\"1276\" src=\"https:\/\/www.ufmg.br\/espacodoconhecimento\/novo\/wp-content\/uploads\/2025\/07\/DSC0072-cancaoamiga-1024x680-1.jpg\" alt=\"\" class=\"wp-image-1276\" srcset=\"https:\/\/www.ufmg.br\/espacodoconhecimento\/wp-content\/uploads\/2025\/07\/DSC0072-cancaoamiga-1024x680-1.jpg 1024w, https:\/\/www.ufmg.br\/espacodoconhecimento\/wp-content\/uploads\/2025\/07\/DSC0072-cancaoamiga-1024x680-1-300x199.jpg 300w, https:\/\/www.ufmg.br\/espacodoconhecimento\/wp-content\/uploads\/2025\/07\/DSC0072-cancaoamiga-1024x680-1-768x510.jpg 768w\" sizes=\"(max-width: 1024px) 100vw, 1024px\" \/><\/figure>\n\n\n\n<figure class=\"wp-block-image size-full\"><img loading=\"lazy\" decoding=\"async\" width=\"1024\" height=\"680\" data-id=\"1277\" src=\"https:\/\/www.ufmg.br\/espacodoconhecimento\/novo\/wp-content\/uploads\/2025\/07\/DSC0034-cancaoamiga-1024x680-1.jpg\" alt=\"\" class=\"wp-image-1277\" srcset=\"https:\/\/www.ufmg.br\/espacodoconhecimento\/wp-content\/uploads\/2025\/07\/DSC0034-cancaoamiga-1024x680-1.jpg 1024w, https:\/\/www.ufmg.br\/espacodoconhecimento\/wp-content\/uploads\/2025\/07\/DSC0034-cancaoamiga-1024x680-1-300x199.jpg 300w, https:\/\/www.ufmg.br\/espacodoconhecimento\/wp-content\/uploads\/2025\/07\/DSC0034-cancaoamiga-1024x680-1-768x510.jpg 768w\" sizes=\"(max-width: 1024px) 100vw, 1024px\" \/><\/figure>\n\n\n\n<figure class=\"wp-block-image size-full\"><img loading=\"lazy\" decoding=\"async\" width=\"1024\" height=\"680\" data-id=\"1278\" src=\"https:\/\/www.ufmg.br\/espacodoconhecimento\/novo\/wp-content\/uploads\/2025\/07\/DSC0084-cancaoamiga-1024x680-1.jpg\" alt=\"\" class=\"wp-image-1278\" srcset=\"https:\/\/www.ufmg.br\/espacodoconhecimento\/wp-content\/uploads\/2025\/07\/DSC0084-cancaoamiga-1024x680-1.jpg 1024w, https:\/\/www.ufmg.br\/espacodoconhecimento\/wp-content\/uploads\/2025\/07\/DSC0084-cancaoamiga-1024x680-1-300x199.jpg 300w, https:\/\/www.ufmg.br\/espacodoconhecimento\/wp-content\/uploads\/2025\/07\/DSC0084-cancaoamiga-1024x680-1-768x510.jpg 768w\" sizes=\"(max-width: 1024px) 100vw, 1024px\" \/><\/figure>\n\n\n\n<figure class=\"wp-block-image size-full\"><img loading=\"lazy\" decoding=\"async\" width=\"1024\" height=\"683\" data-id=\"1279\" src=\"https:\/\/www.ufmg.br\/espacodoconhecimento\/novo\/wp-content\/uploads\/2025\/07\/IMG_0833-cancaoamiga-1024x683-1.jpg\" alt=\"\" class=\"wp-image-1279\" srcset=\"https:\/\/www.ufmg.br\/espacodoconhecimento\/wp-content\/uploads\/2025\/07\/IMG_0833-cancaoamiga-1024x683-1.jpg 1024w, https:\/\/www.ufmg.br\/espacodoconhecimento\/wp-content\/uploads\/2025\/07\/IMG_0833-cancaoamiga-1024x683-1-300x200.jpg 300w, https:\/\/www.ufmg.br\/espacodoconhecimento\/wp-content\/uploads\/2025\/07\/IMG_0833-cancaoamiga-1024x683-1-768x512.jpg 768w\" sizes=\"(max-width: 1024px) 100vw, 1024px\" \/><\/figure>\n\n\n\n<figure class=\"wp-block-image size-full\"><img loading=\"lazy\" decoding=\"async\" width=\"1024\" height=\"680\" data-id=\"1280\" src=\"https:\/\/www.ufmg.br\/espacodoconhecimento\/novo\/wp-content\/uploads\/2025\/07\/DSC0092-cancaoamiga-1024x680-1.jpg\" alt=\"\" class=\"wp-image-1280\" srcset=\"https:\/\/www.ufmg.br\/espacodoconhecimento\/wp-content\/uploads\/2025\/07\/DSC0092-cancaoamiga-1024x680-1.jpg 1024w, https:\/\/www.ufmg.br\/espacodoconhecimento\/wp-content\/uploads\/2025\/07\/DSC0092-cancaoamiga-1024x680-1-300x199.jpg 300w, https:\/\/www.ufmg.br\/espacodoconhecimento\/wp-content\/uploads\/2025\/07\/DSC0092-cancaoamiga-1024x680-1-768x510.jpg 768w\" sizes=\"(max-width: 1024px) 100vw, 1024px\" \/><\/figure>\n\n\n\n<figure class=\"wp-block-image size-full\"><img loading=\"lazy\" decoding=\"async\" width=\"1024\" height=\"683\" data-id=\"1281\" src=\"https:\/\/www.ufmg.br\/espacodoconhecimento\/novo\/wp-content\/uploads\/2025\/07\/039-cancaoamiga-1024x683-1.jpg\" alt=\"\" class=\"wp-image-1281\" srcset=\"https:\/\/www.ufmg.br\/espacodoconhecimento\/wp-content\/uploads\/2025\/07\/039-cancaoamiga-1024x683-1.jpg 1024w, https:\/\/www.ufmg.br\/espacodoconhecimento\/wp-content\/uploads\/2025\/07\/039-cancaoamiga-1024x683-1-300x200.jpg 300w, https:\/\/www.ufmg.br\/espacodoconhecimento\/wp-content\/uploads\/2025\/07\/039-cancaoamiga-1024x683-1-768x512.jpg 768w\" sizes=\"(max-width: 1024px) 100vw, 1024px\" \/><\/figure>\n\n\n\n<figure class=\"wp-block-image size-full\"><img loading=\"lazy\" decoding=\"async\" width=\"1024\" height=\"683\" data-id=\"1282\" src=\"https:\/\/www.ufmg.br\/espacodoconhecimento\/novo\/wp-content\/uploads\/2025\/07\/IMG_8982-cancaoamiga-1024x683-1.jpg\" alt=\"\" class=\"wp-image-1282\" srcset=\"https:\/\/www.ufmg.br\/espacodoconhecimento\/wp-content\/uploads\/2025\/07\/IMG_8982-cancaoamiga-1024x683-1.jpg 1024w, https:\/\/www.ufmg.br\/espacodoconhecimento\/wp-content\/uploads\/2025\/07\/IMG_8982-cancaoamiga-1024x683-1-300x200.jpg 300w, https:\/\/www.ufmg.br\/espacodoconhecimento\/wp-content\/uploads\/2025\/07\/IMG_8982-cancaoamiga-1024x683-1-768x512.jpg 768w\" sizes=\"(max-width: 1024px) 100vw, 1024px\" \/><\/figure>\n\n\n\n<figure class=\"wp-block-image size-full\"><img loading=\"lazy\" decoding=\"async\" width=\"1024\" height=\"683\" data-id=\"1283\" src=\"https:\/\/www.ufmg.br\/espacodoconhecimento\/novo\/wp-content\/uploads\/2025\/07\/007-cancaoamiga-1024x683-1.jpg\" alt=\"\" class=\"wp-image-1283\" srcset=\"https:\/\/www.ufmg.br\/espacodoconhecimento\/wp-content\/uploads\/2025\/07\/007-cancaoamiga-1024x683-1.jpg 1024w, https:\/\/www.ufmg.br\/espacodoconhecimento\/wp-content\/uploads\/2025\/07\/007-cancaoamiga-1024x683-1-300x200.jpg 300w, https:\/\/www.ufmg.br\/espacodoconhecimento\/wp-content\/uploads\/2025\/07\/007-cancaoamiga-1024x683-1-768x512.jpg 768w\" sizes=\"(max-width: 1024px) 100vw, 1024px\" \/><\/figure>\n\n\n\n<figure class=\"wp-block-image size-full\"><img loading=\"lazy\" decoding=\"async\" width=\"1024\" height=\"683\" data-id=\"1284\" src=\"https:\/\/www.ufmg.br\/espacodoconhecimento\/novo\/wp-content\/uploads\/2025\/07\/IMG_0838-cancaoamiga-1024x683-1.jpg\" alt=\"\" class=\"wp-image-1284\" srcset=\"https:\/\/www.ufmg.br\/espacodoconhecimento\/wp-content\/uploads\/2025\/07\/IMG_0838-cancaoamiga-1024x683-1.jpg 1024w, https:\/\/www.ufmg.br\/espacodoconhecimento\/wp-content\/uploads\/2025\/07\/IMG_0838-cancaoamiga-1024x683-1-300x200.jpg 300w, https:\/\/www.ufmg.br\/espacodoconhecimento\/wp-content\/uploads\/2025\/07\/IMG_0838-cancaoamiga-1024x683-1-768x512.jpg 768w\" sizes=\"(max-width: 1024px) 100vw, 1024px\" \/><\/figure>\n\n\n\n<figure class=\"wp-block-image size-full\"><img loading=\"lazy\" decoding=\"async\" width=\"1024\" height=\"683\" data-id=\"1285\" src=\"https:\/\/www.ufmg.br\/espacodoconhecimento\/novo\/wp-content\/uploads\/2025\/07\/036-cancaoamiga-1024x683-1.jpg\" alt=\"\" class=\"wp-image-1285\" srcset=\"https:\/\/www.ufmg.br\/espacodoconhecimento\/wp-content\/uploads\/2025\/07\/036-cancaoamiga-1024x683-1.jpg 1024w, https:\/\/www.ufmg.br\/espacodoconhecimento\/wp-content\/uploads\/2025\/07\/036-cancaoamiga-1024x683-1-300x200.jpg 300w, https:\/\/www.ufmg.br\/espacodoconhecimento\/wp-content\/uploads\/2025\/07\/036-cancaoamiga-1024x683-1-768x512.jpg 768w\" sizes=\"(max-width: 1024px) 100vw, 1024px\" \/><\/figure>\n\n\n\n<figure class=\"wp-block-image size-full\"><img loading=\"lazy\" decoding=\"async\" width=\"1024\" height=\"683\" data-id=\"1286\" src=\"https:\/\/www.ufmg.br\/espacodoconhecimento\/novo\/wp-content\/uploads\/2025\/07\/026-cancaoamiga-1024x683-1.jpg\" alt=\"\" class=\"wp-image-1286\" srcset=\"https:\/\/www.ufmg.br\/espacodoconhecimento\/wp-content\/uploads\/2025\/07\/026-cancaoamiga-1024x683-1.jpg 1024w, https:\/\/www.ufmg.br\/espacodoconhecimento\/wp-content\/uploads\/2025\/07\/026-cancaoamiga-1024x683-1-300x200.jpg 300w, https:\/\/www.ufmg.br\/espacodoconhecimento\/wp-content\/uploads\/2025\/07\/026-cancaoamiga-1024x683-1-768x512.jpg 768w\" sizes=\"(max-width: 1024px) 100vw, 1024px\" \/><\/figure>\n<\/figure>\n","protected":false},"excerpt":{"rendered":"<p>Julho a Setembro de 2017 O Espa\u00e7o do Conhecimento UFMG retomou a hist\u00f3ria de um movimento musical que marcou o pa\u00eds com a exposi\u00e7\u00e3o Can\u00e7\u00e3o Amiga \u2013 Clube da Esquina. Em cartaz de julho a setembro de 2017, a&nbsp;mostra convidou o visitantes a conhecer um contexto de importantes transforma\u00e7\u00f5es pol\u00edticas, culturais e sociais, no qual [&hellip;]<\/p>\n","protected":false},"author":3,"featured_media":0,"parent":206,"menu_order":0,"comment_status":"closed","ping_status":"closed","template":"","meta":{"_acf_changed":false,"footnotes":""},"class_list":["post-1272","page","type-page","status-publish","hentry"],"acf":[],"_links":{"self":[{"href":"https:\/\/www.ufmg.br\/espacodoconhecimento\/wp-json\/wp\/v2\/pages\/1272"}],"collection":[{"href":"https:\/\/www.ufmg.br\/espacodoconhecimento\/wp-json\/wp\/v2\/pages"}],"about":[{"href":"https:\/\/www.ufmg.br\/espacodoconhecimento\/wp-json\/wp\/v2\/types\/page"}],"author":[{"embeddable":true,"href":"https:\/\/www.ufmg.br\/espacodoconhecimento\/wp-json\/wp\/v2\/users\/3"}],"replies":[{"embeddable":true,"href":"https:\/\/www.ufmg.br\/espacodoconhecimento\/wp-json\/wp\/v2\/comments?post=1272"}],"version-history":[{"count":2,"href":"https:\/\/www.ufmg.br\/espacodoconhecimento\/wp-json\/wp\/v2\/pages\/1272\/revisions"}],"predecessor-version":[{"id":2232,"href":"https:\/\/www.ufmg.br\/espacodoconhecimento\/wp-json\/wp\/v2\/pages\/1272\/revisions\/2232"}],"up":[{"embeddable":true,"href":"https:\/\/www.ufmg.br\/espacodoconhecimento\/wp-json\/wp\/v2\/pages\/206"}],"wp:attachment":[{"href":"https:\/\/www.ufmg.br\/espacodoconhecimento\/wp-json\/wp\/v2\/media?parent=1272"}],"curies":[{"name":"wp","href":"https:\/\/api.w.org\/{rel}","templated":true}]}}