{"id":1413,"date":"2025-07-31T14:58:24","date_gmt":"2025-07-31T17:58:24","guid":{"rendered":"https:\/\/www.ufmg.br\/espacodoconhecimento\/novo\/?page_id=1413"},"modified":"2025-10-13T16:03:28","modified_gmt":"2025-10-13T19:03:28","slug":"espaco-do-conhecimento-ufmg-inaugura-exposicao-virtual-sobre-o-sertao","status":"publish","type":"page","link":"https:\/\/www.ufmg.br\/espacodoconhecimento\/exposicoes\/espaco-do-conhecimento-ufmg-inaugura-exposicao-virtual-sobre-o-sertao\/","title":{"rendered":"Sert\u00e3o Mundo"},"content":{"rendered":"\n<p><em>Mostra virtual dispon\u00edvel desde setembro de 2021<\/em><\/p>\n\n\n\n<div style=\"height:35px\" aria-hidden=\"true\" class=\"wp-block-spacer\"><\/div>\n\n\n\n<figure class=\"wp-block-image size-large\"><img loading=\"lazy\" decoding=\"async\" width=\"1024\" height=\"430\" src=\"https:\/\/www.ufmg.br\/espacodoconhecimento\/novo\/wp-content\/uploads\/2025\/07\/Sertao-Mundo-Foto-por-Kayke-Quadros-2-1-1024x430.jpg\" alt=\"\" class=\"wp-image-1415\" srcset=\"https:\/\/www.ufmg.br\/espacodoconhecimento\/wp-content\/uploads\/2025\/07\/Sertao-Mundo-Foto-por-Kayke-Quadros-2-1-1024x430.jpg 1024w, https:\/\/www.ufmg.br\/espacodoconhecimento\/wp-content\/uploads\/2025\/07\/Sertao-Mundo-Foto-por-Kayke-Quadros-2-1-300x126.jpg 300w, https:\/\/www.ufmg.br\/espacodoconhecimento\/wp-content\/uploads\/2025\/07\/Sertao-Mundo-Foto-por-Kayke-Quadros-2-1-768x323.jpg 768w, https:\/\/www.ufmg.br\/espacodoconhecimento\/wp-content\/uploads\/2025\/07\/Sertao-Mundo-Foto-por-Kayke-Quadros-2-1-1536x646.jpg 1536w, https:\/\/www.ufmg.br\/espacodoconhecimento\/wp-content\/uploads\/2025\/07\/Sertao-Mundo-Foto-por-Kayke-Quadros-2-1-2048x861.jpg 2048w\" sizes=\"(max-width: 1024px) 100vw, 1024px\" \/><\/figure>\n\n\n\n<div style=\"height:35px\" aria-hidden=\"true\" class=\"wp-block-spacer\"><\/div>\n\n\n\n<p>Lan\u00e7ada em<strong>&nbsp;1\u00ba de setembro<\/strong> de 2021 a partir de uma&nbsp;solenidade virtual com representantes da&nbsp; Universidade Federal de Minas Gerais, da Diretoria de A\u00e7\u00e3o Cultural da UFMG,&nbsp;do Instituto Unimed-BH, do Museu Casa Guimar\u00e3es Rosa e do&nbsp;Espa\u00e7o do Conhecimento UFMG, a exposi\u00e7\u00e3o <strong>\u201cSert\u00e3o Mundo\u201d<\/strong> foi concebida para o <strong>ambiente virtual<\/strong>, tendo como refer\u00eancia o Sert\u00e3o, este lugar t\u00e3o caracter\u00edstico e presente na obra do escritor <strong>Jo\u00e3o Guimar\u00e3es Rosa,<\/strong> que serve de cen\u00e1rio para as diversas quest\u00f5es universais trazidas pelo autor em suas hist\u00f3rias, como o amor, o medo, o sentido da vida e a d\u00favida.<\/p>\n\n\n\n<p>Atrav\u00e9s de uma viagem pelo Sert\u00e3o e por suas diferentes interpreta\u00e7\u00f5es, seja <strong>na m\u00fasica, nos bordados, na dan\u00e7a, na culin\u00e1ria, nos brinquedos e brincadeiras, nas sonoridades, nas artes visuais ou na literatura<\/strong>, a exposi\u00e7\u00e3o leva o p\u00fablico a apreciar escutas e vozes de muitos sert\u00f5es. \u201cN\u00f3s sabemos que o Sert\u00e3o \u00e9 esse espa\u00e7o f\u00edsico, geogr\u00e1fico e hist\u00f3rico, mas em sua representa\u00e7\u00e3o na literatura ele ultrapassa todas essas fronteiras regionais\u201d, explica Claudia Campos Soares, professora da Faculdade de Letras da UFMG e uma das curadoras da exposi\u00e7\u00e3o. O Sert\u00e3o do universo rosiano ganhou mesmo alcance internacional: suas obras ambientadas no local foram traduzidas para os mais diversos idiomas. \u201cN\u00f3s vamos trazer um pouco dessa repercuss\u00e3o na mostra, a partir de entrevistas com tradutores dos livros do escritor e conversas com cr\u00edticos liter\u00e1rios de outros pa\u00edses, por exemplo\u201d, adianta a professora.<\/p>\n\n\n\n<div style=\"height:35px\" aria-hidden=\"true\" class=\"wp-block-spacer\"><\/div>\n\n\n<div class=\"wp-block-image\">\n<figure class=\"aligncenter\"><img decoding=\"async\" src=\"https:\/\/www.ufmg.br\/espacodoconhecimento\/wp-content\/uploads\/2021\/08\/sert\u00e3omundo-navega\u00e7\u00e3o-1024x578.png\" alt=\"\" class=\"wp-image-16285\"\/><\/figure><\/div>\n\n\n<p><em>Mapa virtual &#8211; Captura de tela (site da exposi\u00e7\u00e3o)<\/em><\/p>\n\n\n\n<div style=\"height:35px\" aria-hidden=\"true\" class=\"wp-block-spacer\"><\/div>\n\n\n\n<p>A montagem da exposi\u00e7\u00e3o foi concebida para o <strong>ambiente virtual<\/strong>, e a visita pode ser realizada por meio de uma <strong>plataforma online<\/strong>. Os conte\u00fados da mostra foram disponibilizados por \u201ctemporadas\u201d, e a cada m\u00eas, novas atividades e novas tem\u00e1ticas foram inaugurados, criando assim, uma exposi\u00e7\u00e3o em constante atualiza\u00e7\u00e3o.<\/p>\n\n\n\n<p>A exposi\u00e7\u00e3o pode ser acessada gratuitamente pelo site<strong> <a href=\"https:\/\/www.ufmg.br\/espacodoconhecimento\/exposicaosertaomundo\/\" target=\"_blank\" rel=\"noreferrer noopener\"><mark style=\"background-color:rgba(0, 0, 0, 0);color:#ff6600\" class=\"has-inline-color\">clicando aqui!<\/mark><\/a><\/strong><\/p>\n\n\n\n<p>Fa\u00e7a o download do PDF do cat\u00e1logo <strong><a href=\"https:\/\/www.ufmg.br\/espacodoconhecimento\/novo\/wp-content\/uploads\/2025\/07\/catalogo-sertao-mundo-1.pdf\" target=\"_blank\" rel=\"noreferrer noopener\"><mark style=\"background-color:rgba(0, 0, 0, 0);color:#ff6600\" class=\"has-inline-color\">clicando aqui!<\/mark><\/a><\/strong><\/p>\n\n\n\n<div style=\"height:35px\" aria-hidden=\"true\" class=\"wp-block-spacer\"><\/div>\n\n\n\n<hr class=\"wp-block-separator has-alpha-channel-opacity\"\/>\n\n\n\n<div style=\"height:35px\" aria-hidden=\"true\" class=\"wp-block-spacer\"><\/div>\n\n\n\n<h4 class=\"wp-block-heading\"><a href=\"https:\/\/www.ufmg.br\/espacodoconhecimento\/novo\/wp-content\/uploads\/2025\/07\/catalogo-sertao-mundo-1.pdf\" target=\"_blank\" rel=\"noreferrer noopener\"><mark style=\"background-color:rgba(0, 0, 0, 0);color:#ff6600\" class=\"has-inline-color\">Catalogo da exposi\u00e7\u00e3o<\/mark><\/a><\/h4>\n\n\n\n<h4 class=\"wp-block-heading\"><a href=\"https:\/\/youtu.be\/_kjuusJ0n8I\" target=\"_blank\" rel=\"noreferrer noopener\"><mark style=\"background-color:rgba(0, 0, 0, 0);color:#ff6600\" class=\"has-inline-color\">Making of da exposi\u00e7\u00e3o<\/mark><\/a><\/h4>\n\n\n\n<h4 class=\"wp-block-heading\"><a href=\"https:\/\/youtu.be\/KxYqh49z5io\" target=\"_blank\" rel=\"noreferrer noopener\"><mark style=\"background-color:rgba(0, 0, 0, 0);color:#ff6600\" class=\"has-inline-color\">Tutorial de navega\u00e7\u00e3o<\/mark><\/a><\/h4>\n\n\n\n<h4 class=\"wp-block-heading\"><a href=\"https:\/\/youtube.com\/playlist?list=PLj6artl7bRncZUHfG_E2pzrT0zYpp452X\" target=\"_blank\" rel=\"noreferrer noopener\"><mark style=\"background-color:rgba(0, 0, 0, 0);color:#ff6600\" class=\"has-inline-color\">Recado dos Curadores<\/mark><\/a><\/h4>\n\n\n\n<div style=\"height:35px\" aria-hidden=\"true\" class=\"wp-block-spacer\"><\/div>\n\n\n<div class=\"wp-block-image\">\n<figure class=\"aligncenter\"><img decoding=\"async\" src=\"https:\/\/www.ufmg.br\/espacodoconhecimento\/wp-content\/uploads\/2021\/08\/Curadores-2-1024x682.jpg\" alt=\"\" class=\"wp-image-14710\"\/><\/figure><\/div>\n\n\n<p><em>Da esquerda para a direita, os curadores: Maur\u00edcio Gino, Claudia Campos Soares,&nbsp;Diomira Ma.C.P. Faria e&nbsp;D\u00e2nia Lima.<\/em><\/p>\n\n\n\n<div style=\"height:35px\" aria-hidden=\"true\" class=\"wp-block-spacer\"><\/div>\n\n\n\n<p>A curadoria \u00e9 de Claudia Campos Soares (professora da Faculdade de Letras da UFMG), D\u00e2nia Lima (arquiteta e assessora do N\u00facleo de Expografia do Espa\u00e7o do Conhecimento UFMG); Diomira Ma.C.P.Faria (professora do Instituto de Geoci\u00eancias da UFMG e Diretora Cient\u00edfico-Cultural do Espa\u00e7o do Conhecimento UFMG); e Maur\u00edcio Gino (professor da Escola de Belas Artes da UFMG e Coordenador do N\u00facleo de Audiovisual do Espa\u00e7o do Conhecimento UFMG).<\/p>\n\n\n\n<p>Sert\u00e3o Mundo tem o patroc\u00ednio do Instituto Unimed-BH e o apoio da Alian\u00e7a Francesa, do Instituto de Estudos Brasileiros da USP, da Pr\u00f3-Reitoria de Extens\u00e3o da UFMG, do Museu Casa Guimar\u00e3es Rosa e da Prefeitura de Belo Horizonte, por meio da Secretaria Municipal de Cultura e da Funda\u00e7\u00e3o Municipal de Cultura, com a cess\u00e3o de acervo do Museu de Arte da Pampulha \u2013 MAP.<\/p>\n","protected":false},"excerpt":{"rendered":"<p>Mostra virtual dispon\u00edvel desde setembro de 2021 Lan\u00e7ada em&nbsp;1\u00ba de setembro de 2021 a partir de uma&nbsp;solenidade virtual com representantes da&nbsp; Universidade Federal de Minas Gerais, da Diretoria de A\u00e7\u00e3o Cultural da UFMG,&nbsp;do Instituto Unimed-BH, do Museu Casa Guimar\u00e3es Rosa e do&nbsp;Espa\u00e7o do Conhecimento UFMG, a exposi\u00e7\u00e3o \u201cSert\u00e3o Mundo\u201d foi concebida para o ambiente virtual, [&hellip;]<\/p>\n","protected":false},"author":3,"featured_media":0,"parent":206,"menu_order":0,"comment_status":"closed","ping_status":"closed","template":"","meta":{"_acf_changed":false,"footnotes":""},"class_list":["post-1413","page","type-page","status-publish","hentry"],"acf":[],"_links":{"self":[{"href":"https:\/\/www.ufmg.br\/espacodoconhecimento\/wp-json\/wp\/v2\/pages\/1413"}],"collection":[{"href":"https:\/\/www.ufmg.br\/espacodoconhecimento\/wp-json\/wp\/v2\/pages"}],"about":[{"href":"https:\/\/www.ufmg.br\/espacodoconhecimento\/wp-json\/wp\/v2\/types\/page"}],"author":[{"embeddable":true,"href":"https:\/\/www.ufmg.br\/espacodoconhecimento\/wp-json\/wp\/v2\/users\/3"}],"replies":[{"embeddable":true,"href":"https:\/\/www.ufmg.br\/espacodoconhecimento\/wp-json\/wp\/v2\/comments?post=1413"}],"version-history":[{"count":4,"href":"https:\/\/www.ufmg.br\/espacodoconhecimento\/wp-json\/wp\/v2\/pages\/1413\/revisions"}],"predecessor-version":[{"id":1555,"href":"https:\/\/www.ufmg.br\/espacodoconhecimento\/wp-json\/wp\/v2\/pages\/1413\/revisions\/1555"}],"up":[{"embeddable":true,"href":"https:\/\/www.ufmg.br\/espacodoconhecimento\/wp-json\/wp\/v2\/pages\/206"}],"wp:attachment":[{"href":"https:\/\/www.ufmg.br\/espacodoconhecimento\/wp-json\/wp\/v2\/media?parent=1413"}],"curies":[{"name":"wp","href":"https:\/\/api.w.org\/{rel}","templated":true}]}}