{"id":1452,"date":"2025-07-31T15:08:31","date_gmt":"2025-07-31T18:08:31","guid":{"rendered":"https:\/\/www.ufmg.br\/espacodoconhecimento\/novo\/?page_id=1452"},"modified":"2025-10-13T16:04:15","modified_gmt":"2025-10-13T19:04:15","slug":"olhares-metropolitanos","status":"publish","type":"page","link":"https:\/\/www.ufmg.br\/espacodoconhecimento\/exposicoes\/olhares-metropolitanos\/","title":{"rendered":"Olhares Metropolitanos"},"content":{"rendered":"\n<p><em>14 de dezembro de 2024 a 04 de maio de 2025<\/em><\/p>\n\n\n\n<div style=\"height:35px\" aria-hidden=\"true\" class=\"wp-block-spacer\"><\/div>\n\n\n\n<figure class=\"wp-block-image size-large\"><img loading=\"lazy\" decoding=\"async\" width=\"1024\" height=\"437\" src=\"https:\/\/www.ufmg.br\/espacodoconhecimento\/novo\/wp-content\/uploads\/2025\/07\/olhares-metropolitanos-creditos-julia-lobato-12-1-1024x437.jpg\" alt=\"\" class=\"wp-image-1454\" srcset=\"https:\/\/www.ufmg.br\/espacodoconhecimento\/wp-content\/uploads\/2025\/07\/olhares-metropolitanos-creditos-julia-lobato-12-1-1024x437.jpg 1024w, https:\/\/www.ufmg.br\/espacodoconhecimento\/wp-content\/uploads\/2025\/07\/olhares-metropolitanos-creditos-julia-lobato-12-1-300x128.jpg 300w, https:\/\/www.ufmg.br\/espacodoconhecimento\/wp-content\/uploads\/2025\/07\/olhares-metropolitanos-creditos-julia-lobato-12-1-768x327.jpg 768w, https:\/\/www.ufmg.br\/espacodoconhecimento\/wp-content\/uploads\/2025\/07\/olhares-metropolitanos-creditos-julia-lobato-12-1-1536x655.jpg 1536w, https:\/\/www.ufmg.br\/espacodoconhecimento\/wp-content\/uploads\/2025\/07\/olhares-metropolitanos-creditos-julia-lobato-12-1-2048x873.jpg 2048w\" sizes=\"(max-width: 1024px) 100vw, 1024px\" \/><\/figure>\n\n\n\n<div style=\"height:35px\" aria-hidden=\"true\" class=\"wp-block-spacer\"><\/div>\n\n\n\n<p>Inaugurada no dia 14 de dezembro de 2024, a exposi\u00e7\u00e3o &#8220;<strong>Olhares Metropolitanos<\/strong>&#8221; convida o p\u00fablico a conhecer a Regi\u00e3o Metropolitana de Belo Horizonte (RMBH) por meio de <strong>16 registros fotogr\u00e1ficos<\/strong> capturados por pessoas moradoras de diferentes munic\u00edpios. As imagens foram selecionadas a partir do <a href=\"https:\/\/www.ufmg.br\/espacodoconhecimento\/olharesmetropolitanos\/\" target=\"_blank\" rel=\"noreferrer noopener\"><mark style=\"background-color:rgba(0, 0, 0, 0);color:#008000\" class=\"has-inline-color\">concurso hom\u00f4nimo<\/mark><\/a> promovido pelo Espa\u00e7o do Conhecimento UFMG em abril de 2024.<\/p>\n\n\n\n<p>A mostra integra a programa\u00e7\u00e3o complementar da exposi\u00e7\u00e3o de curta dura\u00e7\u00e3o &#8220;MetropoliTRAMAS&#8221; e reflete a diversidade de olhares e perspectivas sobre a RMBH. Os registros expostos possuem uma pot\u00eancia comunicativa intensa, convidando visitantes a contemplarem cenas cotidianas muitas vezes despercebidas, assim como tens\u00f5es e desafios que atravessam a regi\u00e3o.<\/p>\n\n\n\n<div style=\"height:35px\" aria-hidden=\"true\" class=\"wp-block-spacer\"><\/div>\n\n\n\n<p><strong>Curadoria da exposi\u00e7\u00e3o:<\/strong><\/p>\n\n\n\n<p>Fernando Silva, Priscila Martins, Camila Mantovani,&nbsp;Patr\u00edcia Azevedo e J\u00falia Lobato Maciel<\/p>\n\n\n\n<div style=\"height:35px\" aria-hidden=\"true\" class=\"wp-block-spacer\"><\/div>\n\n\n<div class=\"wp-block-image\">\n<figure class=\"alignleft\"><a href=\"https:\/\/www.ufmg.br\/espacodoconhecimento\/wp-content\/uploads\/2025\/01\/Olhares-Metropolitanos-Cr\u00e9ditos-J\u00falia-Lobato.jpg\"><img decoding=\"async\" src=\"https:\/\/www.ufmg.br\/espacodoconhecimento\/wp-content\/uploads\/2025\/01\/Olhares-Metropolitanos-Cr\u00e9ditos-J\u00falia-Lobato-1024x683.jpg\" alt=\"\" class=\"wp-image-25031\"\/><\/a><\/figure><\/div>\n\n\n<p><em>Exibi\u00e7\u00e3o Digital do Concurso Olhares Metropolitanos (Cr\u00e9ditos J\u00falia Lobato)<\/em><\/p>\n\n\n\n<div style=\"height:35px\" aria-hidden=\"true\" class=\"wp-block-spacer\"><\/div>\n\n\n\n<p><strong>Registros selecionados e pessoas fot\u00f3grafas:<\/strong><\/p>\n\n\n\n<p><em>A cidade (BH) vista da janela de um muro<\/em>&nbsp;(Oto Freire Gomide)<\/p>\n\n\n\n<p><em>Amanhece Varginha Serra Azul<\/em>&nbsp;(D\u00eanio M\u00e1gno da Cunha)<\/p>\n\n\n\n<p><em>Aquarela Mineira<\/em>&nbsp;(Ana Luiza Batista dos Santos)<\/p>\n\n\n\n<p><em>Belezas de Neves<\/em>&nbsp;(Carla Jhenifer Morais Vieira)<\/p>\n\n\n\n<p><em>Belo Horizonte<\/em>&nbsp;(Yulli Roxenne Albuquerque)<\/p>\n\n\n\n<p><em>Capela de Sant\u2019Ana Sabar\u00e1<\/em>&nbsp;(Camila Pil\u00f3 Machado de Oliveira)<\/p>\n\n\n\n<p><em>Cortejo bloco de carnaval<\/em>&nbsp;(Anderson Santana Abade)<\/p>\n\n\n\n<p><em>Fotos reais<\/em>&nbsp;(Aline Carolina)<\/p>\n\n\n\n<p><em>Futebol na Esplanada do Mineir\u00e3o<\/em>&nbsp;(Ricardo de Oliveira Correia)<\/p>\n\n\n\n<p><em>Luzes Sobre Ip\u00ea<\/em>&nbsp;(Maycon Teles de Oliveira \u2013 Tellus)<\/p>\n\n\n\n<p><em>malandragem<\/em>&nbsp;(Pedro Vinicius Ferreira Dos Santos)<\/p>\n\n\n\n<p><em>O avi\u00e3o do trabalhador<\/em>&nbsp;(Lucas Mendes Abdo)<\/p>\n\n\n\n<p><em>Planos Horizontes<\/em>&nbsp;(\u00c1tila Henrique Souza Silva)<\/p>\n\n\n\n<p><em>Quem \u00e9 voc\u00ea na multid\u00e3o?&nbsp;<\/em>(Adriana Cristina de Oliveira Souza Soares)<\/p>\n\n\n\n<p><em>Sabar\u00e1<\/em>&nbsp;(Rogerio Hilel Argolo)<\/p>\n\n\n\n<p><em>Travessa Niemeyer<\/em>&nbsp;(Thais Ferreira Weick)<\/p>\n\n\n\n<div style=\"height:35px\" aria-hidden=\"true\" class=\"wp-block-spacer\"><\/div>\n\n\n\n<figure class=\"wp-block-gallery has-nested-images columns-3 is-cropped wp-block-gallery-1 is-layout-flex wp-block-gallery-is-layout-flex\">\n<figure class=\"wp-block-image size-full\"><img loading=\"lazy\" decoding=\"async\" width=\"1024\" height=\"683\" data-id=\"1457\" src=\"https:\/\/www.ufmg.br\/espacodoconhecimento\/novo\/wp-content\/uploads\/2025\/07\/olhares-metropolitanos-creditos-julia-lobato-3-Copia-1024x683-1.jpg\" alt=\"\" class=\"wp-image-1457\" srcset=\"https:\/\/www.ufmg.br\/espacodoconhecimento\/wp-content\/uploads\/2025\/07\/olhares-metropolitanos-creditos-julia-lobato-3-Copia-1024x683-1.jpg 1024w, https:\/\/www.ufmg.br\/espacodoconhecimento\/wp-content\/uploads\/2025\/07\/olhares-metropolitanos-creditos-julia-lobato-3-Copia-1024x683-1-300x200.jpg 300w, https:\/\/www.ufmg.br\/espacodoconhecimento\/wp-content\/uploads\/2025\/07\/olhares-metropolitanos-creditos-julia-lobato-3-Copia-1024x683-1-768x512.jpg 768w\" sizes=\"(max-width: 1024px) 100vw, 1024px\" \/><\/figure>\n\n\n\n<figure class=\"wp-block-image size-full\"><img loading=\"lazy\" decoding=\"async\" width=\"1024\" height=\"683\" data-id=\"1458\" src=\"https:\/\/www.ufmg.br\/espacodoconhecimento\/novo\/wp-content\/uploads\/2025\/07\/olhares-metropolitanos-creditos-julia-lobato-2-Copia-1024x683-1.jpg\" alt=\"\" class=\"wp-image-1458\" srcset=\"https:\/\/www.ufmg.br\/espacodoconhecimento\/wp-content\/uploads\/2025\/07\/olhares-metropolitanos-creditos-julia-lobato-2-Copia-1024x683-1.jpg 1024w, https:\/\/www.ufmg.br\/espacodoconhecimento\/wp-content\/uploads\/2025\/07\/olhares-metropolitanos-creditos-julia-lobato-2-Copia-1024x683-1-300x200.jpg 300w, https:\/\/www.ufmg.br\/espacodoconhecimento\/wp-content\/uploads\/2025\/07\/olhares-metropolitanos-creditos-julia-lobato-2-Copia-1024x683-1-768x512.jpg 768w\" sizes=\"(max-width: 1024px) 100vw, 1024px\" \/><\/figure>\n\n\n\n<figure class=\"wp-block-image size-full\"><img loading=\"lazy\" decoding=\"async\" width=\"1024\" height=\"683\" data-id=\"1459\" src=\"https:\/\/www.ufmg.br\/espacodoconhecimento\/novo\/wp-content\/uploads\/2025\/07\/olhares-metropolitanos-creditos-julia-lobato-14-1024x683-1.jpg\" alt=\"\" class=\"wp-image-1459\" srcset=\"https:\/\/www.ufmg.br\/espacodoconhecimento\/wp-content\/uploads\/2025\/07\/olhares-metropolitanos-creditos-julia-lobato-14-1024x683-1.jpg 1024w, https:\/\/www.ufmg.br\/espacodoconhecimento\/wp-content\/uploads\/2025\/07\/olhares-metropolitanos-creditos-julia-lobato-14-1024x683-1-300x200.jpg 300w, https:\/\/www.ufmg.br\/espacodoconhecimento\/wp-content\/uploads\/2025\/07\/olhares-metropolitanos-creditos-julia-lobato-14-1024x683-1-768x512.jpg 768w\" sizes=\"(max-width: 1024px) 100vw, 1024px\" \/><\/figure>\n\n\n\n<figure class=\"wp-block-image size-full\"><img loading=\"lazy\" decoding=\"async\" width=\"1024\" height=\"611\" data-id=\"1461\" src=\"https:\/\/www.ufmg.br\/espacodoconhecimento\/novo\/wp-content\/uploads\/2025\/07\/olhares-metropolitanos-creditos-julia-lobato-12-1024x611-1.jpg\" alt=\"\" class=\"wp-image-1461\" srcset=\"https:\/\/www.ufmg.br\/espacodoconhecimento\/wp-content\/uploads\/2025\/07\/olhares-metropolitanos-creditos-julia-lobato-12-1024x611-1.jpg 1024w, https:\/\/www.ufmg.br\/espacodoconhecimento\/wp-content\/uploads\/2025\/07\/olhares-metropolitanos-creditos-julia-lobato-12-1024x611-1-300x179.jpg 300w, https:\/\/www.ufmg.br\/espacodoconhecimento\/wp-content\/uploads\/2025\/07\/olhares-metropolitanos-creditos-julia-lobato-12-1024x611-1-768x458.jpg 768w\" sizes=\"(max-width: 1024px) 100vw, 1024px\" \/><\/figure>\n\n\n\n<figure class=\"wp-block-image size-full\"><img loading=\"lazy\" decoding=\"async\" width=\"1024\" height=\"683\" data-id=\"1462\" src=\"https:\/\/www.ufmg.br\/espacodoconhecimento\/novo\/wp-content\/uploads\/2025\/07\/olhares-metropolitanos-creditos-julia-lobato-7-1024x683-1.jpg\" alt=\"\" class=\"wp-image-1462\" srcset=\"https:\/\/www.ufmg.br\/espacodoconhecimento\/wp-content\/uploads\/2025\/07\/olhares-metropolitanos-creditos-julia-lobato-7-1024x683-1.jpg 1024w, https:\/\/www.ufmg.br\/espacodoconhecimento\/wp-content\/uploads\/2025\/07\/olhares-metropolitanos-creditos-julia-lobato-7-1024x683-1-300x200.jpg 300w, https:\/\/www.ufmg.br\/espacodoconhecimento\/wp-content\/uploads\/2025\/07\/olhares-metropolitanos-creditos-julia-lobato-7-1024x683-1-768x512.jpg 768w\" sizes=\"(max-width: 1024px) 100vw, 1024px\" \/><\/figure>\n\n\n\n<figure class=\"wp-block-image size-full\"><img loading=\"lazy\" decoding=\"async\" width=\"1024\" height=\"683\" data-id=\"1463\" src=\"https:\/\/www.ufmg.br\/espacodoconhecimento\/novo\/wp-content\/uploads\/2025\/07\/olhares-metropolitanos-creditos-julia-lobato-5-Copia-1024x683-1.jpg\" alt=\"\" class=\"wp-image-1463\" srcset=\"https:\/\/www.ufmg.br\/espacodoconhecimento\/wp-content\/uploads\/2025\/07\/olhares-metropolitanos-creditos-julia-lobato-5-Copia-1024x683-1.jpg 1024w, https:\/\/www.ufmg.br\/espacodoconhecimento\/wp-content\/uploads\/2025\/07\/olhares-metropolitanos-creditos-julia-lobato-5-Copia-1024x683-1-300x200.jpg 300w, https:\/\/www.ufmg.br\/espacodoconhecimento\/wp-content\/uploads\/2025\/07\/olhares-metropolitanos-creditos-julia-lobato-5-Copia-1024x683-1-768x512.jpg 768w\" sizes=\"(max-width: 1024px) 100vw, 1024px\" \/><\/figure>\n\n\n\n<figure class=\"wp-block-image size-full\"><img loading=\"lazy\" decoding=\"async\" width=\"1024\" height=\"683\" data-id=\"1465\" src=\"https:\/\/www.ufmg.br\/espacodoconhecimento\/novo\/wp-content\/uploads\/2025\/07\/olhares-metropolitanos-creditos-julia-lobato-Copia-1024x683-1.jpg\" alt=\"\" class=\"wp-image-1465\" srcset=\"https:\/\/www.ufmg.br\/espacodoconhecimento\/wp-content\/uploads\/2025\/07\/olhares-metropolitanos-creditos-julia-lobato-Copia-1024x683-1.jpg 1024w, https:\/\/www.ufmg.br\/espacodoconhecimento\/wp-content\/uploads\/2025\/07\/olhares-metropolitanos-creditos-julia-lobato-Copia-1024x683-1-300x200.jpg 300w, https:\/\/www.ufmg.br\/espacodoconhecimento\/wp-content\/uploads\/2025\/07\/olhares-metropolitanos-creditos-julia-lobato-Copia-1024x683-1-768x512.jpg 768w\" sizes=\"(max-width: 1024px) 100vw, 1024px\" \/><\/figure>\n\n\n\n<figure class=\"wp-block-image size-full\"><img loading=\"lazy\" decoding=\"async\" width=\"1024\" height=\"683\" data-id=\"1466\" src=\"https:\/\/www.ufmg.br\/espacodoconhecimento\/novo\/wp-content\/uploads\/2025\/07\/olhares-metropolitanos-creditos-julia-lobato-10-1024x683-1.jpg\" alt=\"\" class=\"wp-image-1466\" srcset=\"https:\/\/www.ufmg.br\/espacodoconhecimento\/wp-content\/uploads\/2025\/07\/olhares-metropolitanos-creditos-julia-lobato-10-1024x683-1.jpg 1024w, https:\/\/www.ufmg.br\/espacodoconhecimento\/wp-content\/uploads\/2025\/07\/olhares-metropolitanos-creditos-julia-lobato-10-1024x683-1-300x200.jpg 300w, https:\/\/www.ufmg.br\/espacodoconhecimento\/wp-content\/uploads\/2025\/07\/olhares-metropolitanos-creditos-julia-lobato-10-1024x683-1-768x512.jpg 768w\" sizes=\"(max-width: 1024px) 100vw, 1024px\" \/><\/figure>\n\n\n\n<figure class=\"wp-block-image size-full\"><img loading=\"lazy\" decoding=\"async\" width=\"1024\" height=\"683\" data-id=\"1467\" src=\"https:\/\/www.ufmg.br\/espacodoconhecimento\/novo\/wp-content\/uploads\/2025\/07\/Olhares-Metropolitanos-Creditos-Julia-Lobato-1024x683-1.jpg\" alt=\"\" class=\"wp-image-1467\" srcset=\"https:\/\/www.ufmg.br\/espacodoconhecimento\/wp-content\/uploads\/2025\/07\/Olhares-Metropolitanos-Creditos-Julia-Lobato-1024x683-1.jpg 1024w, https:\/\/www.ufmg.br\/espacodoconhecimento\/wp-content\/uploads\/2025\/07\/Olhares-Metropolitanos-Creditos-Julia-Lobato-1024x683-1-300x200.jpg 300w, https:\/\/www.ufmg.br\/espacodoconhecimento\/wp-content\/uploads\/2025\/07\/Olhares-Metropolitanos-Creditos-Julia-Lobato-1024x683-1-768x512.jpg 768w\" sizes=\"(max-width: 1024px) 100vw, 1024px\" \/><\/figure>\n<\/figure>\n\n\n\n<div style=\"height:34px\" aria-hidden=\"true\" class=\"wp-block-spacer\"><\/div>\n\n\n\n<h3 class=\"wp-block-heading\">Sobre o Concurso &#8220;Olhares Metropolitanos&#8221;<\/h3>\n\n\n\n<p>Realizado no primeiro semestre de 2024, o concurso contou com a participa\u00e7\u00e3o de 31 candidatos residentes da RMBH e do Colar Metropolitano, que enviaram um total de 116 registros fotogr\u00e1ficos. As inscri\u00e7\u00f5es foram avaliadas por uma comiss\u00e3o composta por representantes da Diretoria e dos N\u00facleos de Comunica\u00e7\u00e3o e Design, Audiovisual e Expografia do museu, considerando crit\u00e9rios de originalidade e criatividade, adequa\u00e7\u00e3o \u00e0 tem\u00e1tica proposta e dom\u00ednio da t\u00e9cnica e est\u00e9tica.<\/p>\n\n\n\n<p>Os 16 registros selecionados foram exibidos inicialmente na Fachada Digital do Espa\u00e7o do Conhecimento UFMG, proporcionando uma experi\u00eancia visual impactante para os transeuntes da Pra\u00e7a da Liberdade. Agora, em sua vers\u00e3o f\u00edsica, a exposi\u00e7\u00e3o presente no 5\u00b0 andar do museu convida o p\u00fablico a uma aproxima\u00e7\u00e3o mais sens\u00edvel e detalhada com cada fotografia.<\/p>\n","protected":false},"excerpt":{"rendered":"<p>14 de dezembro de 2024 a 04 de maio de 2025 Inaugurada no dia 14 de dezembro de 2024, a exposi\u00e7\u00e3o &#8220;Olhares Metropolitanos&#8221; convida o p\u00fablico a conhecer a Regi\u00e3o Metropolitana de Belo Horizonte (RMBH) por meio de 16 registros fotogr\u00e1ficos capturados por pessoas moradoras de diferentes munic\u00edpios. As imagens foram selecionadas a partir do [&hellip;]<\/p>\n","protected":false},"author":3,"featured_media":0,"parent":206,"menu_order":0,"comment_status":"closed","ping_status":"closed","template":"","meta":{"_acf_changed":false,"footnotes":""},"class_list":["post-1452","page","type-page","status-publish","hentry"],"acf":[],"_links":{"self":[{"href":"https:\/\/www.ufmg.br\/espacodoconhecimento\/wp-json\/wp\/v2\/pages\/1452"}],"collection":[{"href":"https:\/\/www.ufmg.br\/espacodoconhecimento\/wp-json\/wp\/v2\/pages"}],"about":[{"href":"https:\/\/www.ufmg.br\/espacodoconhecimento\/wp-json\/wp\/v2\/types\/page"}],"author":[{"embeddable":true,"href":"https:\/\/www.ufmg.br\/espacodoconhecimento\/wp-json\/wp\/v2\/users\/3"}],"replies":[{"embeddable":true,"href":"https:\/\/www.ufmg.br\/espacodoconhecimento\/wp-json\/wp\/v2\/comments?post=1452"}],"version-history":[{"count":7,"href":"https:\/\/www.ufmg.br\/espacodoconhecimento\/wp-json\/wp\/v2\/pages\/1452\/revisions"}],"predecessor-version":[{"id":2241,"href":"https:\/\/www.ufmg.br\/espacodoconhecimento\/wp-json\/wp\/v2\/pages\/1452\/revisions\/2241"}],"up":[{"embeddable":true,"href":"https:\/\/www.ufmg.br\/espacodoconhecimento\/wp-json\/wp\/v2\/pages\/206"}],"wp:attachment":[{"href":"https:\/\/www.ufmg.br\/espacodoconhecimento\/wp-json\/wp\/v2\/media?parent=1452"}],"curies":[{"name":"wp","href":"https:\/\/api.w.org\/{rel}","templated":true}]}}