{"id":1472,"date":"2025-07-31T15:13:13","date_gmt":"2025-07-31T18:13:13","guid":{"rendered":"https:\/\/www.ufmg.br\/espacodoconhecimento\/novo\/?page_id=1472"},"modified":"2026-04-15T13:51:52","modified_gmt":"2026-04-15T16:51:52","slug":"hamhitupma-alegrar-a-terra","status":"publish","type":"page","link":"https:\/\/www.ufmg.br\/espacodoconhecimento\/exposicoes\/hamhitupma-alegrar-a-terra\/","title":{"rendered":"H\u00e3mhitupm\u00e3: alegrar a terra"},"content":{"rendered":"\n<p><em>15 de julho a 10 de agosto de 2025<\/em><\/p>\n\n\n\n<div style=\"height:35px\" aria-hidden=\"true\" class=\"wp-block-spacer\"><\/div>\n\n\n\n<figure class=\"wp-block-image size-large\"><img loading=\"lazy\" decoding=\"async\" width=\"1024\" height=\"412\" src=\"https:\/\/www.ufmg.br\/espacodoconhecimento\/novo\/wp-content\/uploads\/2025\/07\/Hamhitupma-alegrar-a-terra-Creditos-Fernando-Silva-Divulgacao-Espaco-do-Conhecimento-UFMG.jpg-1024x412.png\" alt=\"\" class=\"wp-image-1473\" srcset=\"https:\/\/www.ufmg.br\/espacodoconhecimento\/wp-content\/uploads\/2025\/07\/Hamhitupma-alegrar-a-terra-Creditos-Fernando-Silva-Divulgacao-Espaco-do-Conhecimento-UFMG.jpg-1024x412.png 1024w, https:\/\/www.ufmg.br\/espacodoconhecimento\/wp-content\/uploads\/2025\/07\/Hamhitupma-alegrar-a-terra-Creditos-Fernando-Silva-Divulgacao-Espaco-do-Conhecimento-UFMG.jpg-300x121.png 300w, https:\/\/www.ufmg.br\/espacodoconhecimento\/wp-content\/uploads\/2025\/07\/Hamhitupma-alegrar-a-terra-Creditos-Fernando-Silva-Divulgacao-Espaco-do-Conhecimento-UFMG.jpg-768x309.png 768w, https:\/\/www.ufmg.br\/espacodoconhecimento\/wp-content\/uploads\/2025\/07\/Hamhitupma-alegrar-a-terra-Creditos-Fernando-Silva-Divulgacao-Espaco-do-Conhecimento-UFMG.jpg-1536x618.png 1536w, https:\/\/www.ufmg.br\/espacodoconhecimento\/wp-content\/uploads\/2025\/07\/Hamhitupma-alegrar-a-terra-Creditos-Fernando-Silva-Divulgacao-Espaco-do-Conhecimento-UFMG.jpg.png 2048w\" sizes=\"(max-width: 1024px) 100vw, 1024px\" \/><\/figure>\n\n\n\n<div style=\"height:35px\" aria-hidden=\"true\" class=\"wp-block-spacer\"><\/div>\n\n\n\n<p>Para resistir e lutar contra os projetos de devasta\u00e7\u00e3o de seus territ\u00f3rios, os Tikm\u0169\u2019\u0169n-Maxakali mant\u00eam fortes os la\u00e7os que unem sua l\u00edngua, suas culturas e seus saberes sobre a Mata Atl\u00e2ntica. Em um gesto de rever\u00eancia e cuidado com o meio ambiente, que visa fortalecer reflex\u00f5es sobre a recupera\u00e7\u00e3o de terras ind\u00edgenas, o Espa\u00e7o do Conhecimento UFMG recebe a exposi\u00e7\u00e3o \u201c<strong><mark style=\"background-color:rgba(0, 0, 0, 0);color:#dec312\" class=\"has-inline-color\">H\u00e3mhitupm\u00e3: alegrar a terra<\/mark><\/strong>\u201d. Anteriormente exibida no Minist\u00e9rio P\u00fablico de Minas Gerais (MPMG), a mostra chega ao museu e convida o p\u00fablico a mergulhar nos sonhos de preserva\u00e7\u00e3o ambiental que conectam gera\u00e7\u00f5es.<\/p>\n\n\n\n<p>A exposi\u00e7\u00e3o apresenta os resultados iniciais do projeto&nbsp;<a href=\"https:\/\/www.hamhi.org\/o-projeto\" target=\"_blank\" rel=\"noreferrer noopener\"><strong><mark style=\"background-color:rgba(0, 0, 0, 0);color:#dec312\" class=\"has-inline-color\">H\u00e3mhi Terra Viva<\/mark><\/strong><\/a>, fruto do encontro entre saberes ancestrais do povo Tikm\u0169\u2019\u0169n-Maxakali e pr\u00e1ticas da agroecologia, que j\u00e1 promoveu a restaura\u00e7\u00e3o de 156 hectares de \u00e1reas degradadas e a implanta\u00e7\u00e3o de 60 hectares de quintais agroflorestais. Por meio de fotografias, cantos tradicionais dos esp\u00edritos&nbsp;<em>y\u00e3m\u0129yxop<\/em>&nbsp;e textos que contextualizam as a\u00e7\u00f5es realizadas pelo projeto, a mostra revela uma potente experi\u00eancia de reconex\u00e3o com a terra, a Mata Atl\u00e2ntica e a vida em comum.<\/p>\n\n\n\n<div style=\"height:35px\" aria-hidden=\"true\" class=\"wp-block-spacer\"><\/div>\n\n\n\n<div style=\"height:20px\" aria-hidden=\"true\" class=\"wp-block-spacer\"><\/div>\n\n\n\n<p><strong>Espa\u00e7o do Conhecimento UFMG<\/strong> &#8211; Pra\u00e7a da Liberdade, 700 &#8211; Funcion\u00e1rios (BH\/MG)<\/p>\n\n\n\n<div style=\"height:45px\" aria-hidden=\"true\" class=\"wp-block-spacer\"><\/div>\n\n\n\n<figure class=\"wp-block-gallery has-nested-images columns-3 is-cropped wp-block-gallery-1 is-layout-flex wp-block-gallery-is-layout-flex\">\n<figure class=\"wp-block-image size-full\"><img loading=\"lazy\" decoding=\"async\" width=\"1024\" height=\"741\" data-id=\"1477\" src=\"https:\/\/www.ufmg.br\/espacodoconhecimento\/novo\/wp-content\/uploads\/2025\/07\/Hamhitupma_-alegrar-a-terra-Creditos-Fernando-Silva-Divulgacao-Espaco-do-Conhecimento-UFMG-3-1024x741-1.jpg\" alt=\"\" class=\"wp-image-1477\" srcset=\"https:\/\/www.ufmg.br\/espacodoconhecimento\/wp-content\/uploads\/2025\/07\/Hamhitupma_-alegrar-a-terra-Creditos-Fernando-Silva-Divulgacao-Espaco-do-Conhecimento-UFMG-3-1024x741-1.jpg 1024w, https:\/\/www.ufmg.br\/espacodoconhecimento\/wp-content\/uploads\/2025\/07\/Hamhitupma_-alegrar-a-terra-Creditos-Fernando-Silva-Divulgacao-Espaco-do-Conhecimento-UFMG-3-1024x741-1-300x217.jpg 300w, https:\/\/www.ufmg.br\/espacodoconhecimento\/wp-content\/uploads\/2025\/07\/Hamhitupma_-alegrar-a-terra-Creditos-Fernando-Silva-Divulgacao-Espaco-do-Conhecimento-UFMG-3-1024x741-1-768x556.jpg 768w\" sizes=\"(max-width: 1024px) 100vw, 1024px\" \/><\/figure>\n\n\n\n<figure class=\"wp-block-image size-full\"><img loading=\"lazy\" decoding=\"async\" width=\"1024\" height=\"768\" data-id=\"1478\" src=\"https:\/\/www.ufmg.br\/espacodoconhecimento\/novo\/wp-content\/uploads\/2025\/07\/Hamhitupma_-alegrar-a-terra-Creditos-Fernando-Silva-Divulgacao-Espaco-do-Conhecimento-UFMG-7-1024x768-1.jpg\" alt=\"\" class=\"wp-image-1478\" srcset=\"https:\/\/www.ufmg.br\/espacodoconhecimento\/wp-content\/uploads\/2025\/07\/Hamhitupma_-alegrar-a-terra-Creditos-Fernando-Silva-Divulgacao-Espaco-do-Conhecimento-UFMG-7-1024x768-1.jpg 1024w, https:\/\/www.ufmg.br\/espacodoconhecimento\/wp-content\/uploads\/2025\/07\/Hamhitupma_-alegrar-a-terra-Creditos-Fernando-Silva-Divulgacao-Espaco-do-Conhecimento-UFMG-7-1024x768-1-300x225.jpg 300w, https:\/\/www.ufmg.br\/espacodoconhecimento\/wp-content\/uploads\/2025\/07\/Hamhitupma_-alegrar-a-terra-Creditos-Fernando-Silva-Divulgacao-Espaco-do-Conhecimento-UFMG-7-1024x768-1-768x576.jpg 768w\" sizes=\"(max-width: 1024px) 100vw, 1024px\" \/><\/figure>\n\n\n\n<figure class=\"wp-block-image size-full\"><img loading=\"lazy\" decoding=\"async\" width=\"1024\" height=\"768\" data-id=\"1479\" src=\"https:\/\/www.ufmg.br\/espacodoconhecimento\/novo\/wp-content\/uploads\/2025\/07\/Hamhitupma_-alegrar-a-terra-Creditos-Fernando-Silva-Divulgacao-Espaco-do-Conhecimento-UFMG-11-1024x768-1.jpg\" alt=\"\" class=\"wp-image-1479\" srcset=\"https:\/\/www.ufmg.br\/espacodoconhecimento\/wp-content\/uploads\/2025\/07\/Hamhitupma_-alegrar-a-terra-Creditos-Fernando-Silva-Divulgacao-Espaco-do-Conhecimento-UFMG-11-1024x768-1.jpg 1024w, https:\/\/www.ufmg.br\/espacodoconhecimento\/wp-content\/uploads\/2025\/07\/Hamhitupma_-alegrar-a-terra-Creditos-Fernando-Silva-Divulgacao-Espaco-do-Conhecimento-UFMG-11-1024x768-1-300x225.jpg 300w, https:\/\/www.ufmg.br\/espacodoconhecimento\/wp-content\/uploads\/2025\/07\/Hamhitupma_-alegrar-a-terra-Creditos-Fernando-Silva-Divulgacao-Espaco-do-Conhecimento-UFMG-11-1024x768-1-768x576.jpg 768w\" sizes=\"(max-width: 1024px) 100vw, 1024px\" \/><\/figure>\n\n\n\n<figure class=\"wp-block-image size-full\"><img loading=\"lazy\" decoding=\"async\" width=\"1024\" height=\"768\" data-id=\"1480\" src=\"https:\/\/www.ufmg.br\/espacodoconhecimento\/novo\/wp-content\/uploads\/2025\/07\/Hamhitupma_-alegrar-a-terra-Creditos-Fernando-Silva-Divulgacao-Espaco-do-Conhecimento-UFMG-12-1024x768-1.jpg\" alt=\"\" class=\"wp-image-1480\" srcset=\"https:\/\/www.ufmg.br\/espacodoconhecimento\/wp-content\/uploads\/2025\/07\/Hamhitupma_-alegrar-a-terra-Creditos-Fernando-Silva-Divulgacao-Espaco-do-Conhecimento-UFMG-12-1024x768-1.jpg 1024w, https:\/\/www.ufmg.br\/espacodoconhecimento\/wp-content\/uploads\/2025\/07\/Hamhitupma_-alegrar-a-terra-Creditos-Fernando-Silva-Divulgacao-Espaco-do-Conhecimento-UFMG-12-1024x768-1-300x225.jpg 300w, https:\/\/www.ufmg.br\/espacodoconhecimento\/wp-content\/uploads\/2025\/07\/Hamhitupma_-alegrar-a-terra-Creditos-Fernando-Silva-Divulgacao-Espaco-do-Conhecimento-UFMG-12-1024x768-1-768x576.jpg 768w\" sizes=\"(max-width: 1024px) 100vw, 1024px\" \/><\/figure>\n\n\n\n<figure class=\"wp-block-image size-full\"><img loading=\"lazy\" decoding=\"async\" width=\"1024\" height=\"768\" data-id=\"1481\" src=\"https:\/\/www.ufmg.br\/espacodoconhecimento\/novo\/wp-content\/uploads\/2025\/07\/Hamhitupma_-alegrar-a-terra-Creditos-Fernando-Silva-Divulgacao-Espaco-do-Conhecimento-UFMG-10-1024x768-1.jpg\" alt=\"\" class=\"wp-image-1481\" srcset=\"https:\/\/www.ufmg.br\/espacodoconhecimento\/wp-content\/uploads\/2025\/07\/Hamhitupma_-alegrar-a-terra-Creditos-Fernando-Silva-Divulgacao-Espaco-do-Conhecimento-UFMG-10-1024x768-1.jpg 1024w, https:\/\/www.ufmg.br\/espacodoconhecimento\/wp-content\/uploads\/2025\/07\/Hamhitupma_-alegrar-a-terra-Creditos-Fernando-Silva-Divulgacao-Espaco-do-Conhecimento-UFMG-10-1024x768-1-300x225.jpg 300w, https:\/\/www.ufmg.br\/espacodoconhecimento\/wp-content\/uploads\/2025\/07\/Hamhitupma_-alegrar-a-terra-Creditos-Fernando-Silva-Divulgacao-Espaco-do-Conhecimento-UFMG-10-1024x768-1-768x576.jpg 768w\" sizes=\"(max-width: 1024px) 100vw, 1024px\" \/><\/figure>\n\n\n\n<figure class=\"wp-block-image size-full\"><img loading=\"lazy\" decoding=\"async\" width=\"1024\" height=\"756\" data-id=\"1482\" src=\"https:\/\/www.ufmg.br\/espacodoconhecimento\/novo\/wp-content\/uploads\/2025\/07\/Hamhitupma_-alegrar-a-terra-Creditos-Fernando-Silva-Divulgacao-Espaco-do-Conhecimento-UFMG-8-1024x756-1.jpg\" alt=\"\" class=\"wp-image-1482\" srcset=\"https:\/\/www.ufmg.br\/espacodoconhecimento\/wp-content\/uploads\/2025\/07\/Hamhitupma_-alegrar-a-terra-Creditos-Fernando-Silva-Divulgacao-Espaco-do-Conhecimento-UFMG-8-1024x756-1.jpg 1024w, https:\/\/www.ufmg.br\/espacodoconhecimento\/wp-content\/uploads\/2025\/07\/Hamhitupma_-alegrar-a-terra-Creditos-Fernando-Silva-Divulgacao-Espaco-do-Conhecimento-UFMG-8-1024x756-1-300x221.jpg 300w, https:\/\/www.ufmg.br\/espacodoconhecimento\/wp-content\/uploads\/2025\/07\/Hamhitupma_-alegrar-a-terra-Creditos-Fernando-Silva-Divulgacao-Espaco-do-Conhecimento-UFMG-8-1024x756-1-768x567.jpg 768w\" sizes=\"(max-width: 1024px) 100vw, 1024px\" \/><\/figure>\n\n\n\n<figure class=\"wp-block-image size-full\"><img loading=\"lazy\" decoding=\"async\" width=\"1024\" height=\"768\" data-id=\"1484\" src=\"https:\/\/www.ufmg.br\/espacodoconhecimento\/novo\/wp-content\/uploads\/2025\/07\/Hamhitupma_-alegrar-a-terra-Creditos-Fernando-Silva-Divulgacao-Espaco-do-Conhecimento-UFMG-9-1024x768-1.jpg\" alt=\"\" class=\"wp-image-1484\" srcset=\"https:\/\/www.ufmg.br\/espacodoconhecimento\/wp-content\/uploads\/2025\/07\/Hamhitupma_-alegrar-a-terra-Creditos-Fernando-Silva-Divulgacao-Espaco-do-Conhecimento-UFMG-9-1024x768-1.jpg 1024w, https:\/\/www.ufmg.br\/espacodoconhecimento\/wp-content\/uploads\/2025\/07\/Hamhitupma_-alegrar-a-terra-Creditos-Fernando-Silva-Divulgacao-Espaco-do-Conhecimento-UFMG-9-1024x768-1-300x225.jpg 300w, https:\/\/www.ufmg.br\/espacodoconhecimento\/wp-content\/uploads\/2025\/07\/Hamhitupma_-alegrar-a-terra-Creditos-Fernando-Silva-Divulgacao-Espaco-do-Conhecimento-UFMG-9-1024x768-1-768x576.jpg 768w\" sizes=\"(max-width: 1024px) 100vw, 1024px\" \/><\/figure>\n\n\n\n<figure class=\"wp-block-image size-full\"><img loading=\"lazy\" decoding=\"async\" width=\"1024\" height=\"768\" data-id=\"1485\" src=\"https:\/\/www.ufmg.br\/espacodoconhecimento\/novo\/wp-content\/uploads\/2025\/07\/Hamhitupma_-alegrar-a-terra-Creditos-Fernando-Silva-Divulgacao-Espaco-do-Conhecimento-UFMG-4-1024x768-1.jpg\" alt=\"\" class=\"wp-image-1485\" srcset=\"https:\/\/www.ufmg.br\/espacodoconhecimento\/wp-content\/uploads\/2025\/07\/Hamhitupma_-alegrar-a-terra-Creditos-Fernando-Silva-Divulgacao-Espaco-do-Conhecimento-UFMG-4-1024x768-1.jpg 1024w, https:\/\/www.ufmg.br\/espacodoconhecimento\/wp-content\/uploads\/2025\/07\/Hamhitupma_-alegrar-a-terra-Creditos-Fernando-Silva-Divulgacao-Espaco-do-Conhecimento-UFMG-4-1024x768-1-300x225.jpg 300w, https:\/\/www.ufmg.br\/espacodoconhecimento\/wp-content\/uploads\/2025\/07\/Hamhitupma_-alegrar-a-terra-Creditos-Fernando-Silva-Divulgacao-Espaco-do-Conhecimento-UFMG-4-1024x768-1-768x576.jpg 768w\" sizes=\"(max-width: 1024px) 100vw, 1024px\" \/><\/figure>\n\n\n\n<figure class=\"wp-block-image size-full\"><img loading=\"lazy\" decoding=\"async\" width=\"1024\" height=\"768\" data-id=\"1486\" src=\"https:\/\/www.ufmg.br\/espacodoconhecimento\/novo\/wp-content\/uploads\/2025\/07\/Hamhitupma_-alegrar-a-terra-Creditos-Fernando-Silva-Divulgacao-Espaco-do-Conhecimento-UFMG-5-1024x768-1.jpg\" alt=\"\" class=\"wp-image-1486\" srcset=\"https:\/\/www.ufmg.br\/espacodoconhecimento\/wp-content\/uploads\/2025\/07\/Hamhitupma_-alegrar-a-terra-Creditos-Fernando-Silva-Divulgacao-Espaco-do-Conhecimento-UFMG-5-1024x768-1.jpg 1024w, https:\/\/www.ufmg.br\/espacodoconhecimento\/wp-content\/uploads\/2025\/07\/Hamhitupma_-alegrar-a-terra-Creditos-Fernando-Silva-Divulgacao-Espaco-do-Conhecimento-UFMG-5-1024x768-1-300x225.jpg 300w, https:\/\/www.ufmg.br\/espacodoconhecimento\/wp-content\/uploads\/2025\/07\/Hamhitupma_-alegrar-a-terra-Creditos-Fernando-Silva-Divulgacao-Espaco-do-Conhecimento-UFMG-5-1024x768-1-768x576.jpg 768w\" sizes=\"(max-width: 1024px) 100vw, 1024px\" \/><\/figure>\n\n\n\n<figure class=\"wp-block-image size-full\"><img loading=\"lazy\" decoding=\"async\" width=\"1024\" height=\"768\" data-id=\"1487\" src=\"https:\/\/www.ufmg.br\/espacodoconhecimento\/novo\/wp-content\/uploads\/2025\/07\/Hamhitupma_-alegrar-a-terra-Creditos-Fernando-Silva-Divulgacao-Espaco-do-Conhecimento-UFMG-6-1024x768-1.jpg\" alt=\"\" class=\"wp-image-1487\" srcset=\"https:\/\/www.ufmg.br\/espacodoconhecimento\/wp-content\/uploads\/2025\/07\/Hamhitupma_-alegrar-a-terra-Creditos-Fernando-Silva-Divulgacao-Espaco-do-Conhecimento-UFMG-6-1024x768-1.jpg 1024w, https:\/\/www.ufmg.br\/espacodoconhecimento\/wp-content\/uploads\/2025\/07\/Hamhitupma_-alegrar-a-terra-Creditos-Fernando-Silva-Divulgacao-Espaco-do-Conhecimento-UFMG-6-1024x768-1-300x225.jpg 300w, https:\/\/www.ufmg.br\/espacodoconhecimento\/wp-content\/uploads\/2025\/07\/Hamhitupma_-alegrar-a-terra-Creditos-Fernando-Silva-Divulgacao-Espaco-do-Conhecimento-UFMG-6-1024x768-1-768x576.jpg 768w\" sizes=\"(max-width: 1024px) 100vw, 1024px\" \/><\/figure>\n\n\n\n<figure class=\"wp-block-image size-full\"><img loading=\"lazy\" decoding=\"async\" width=\"1024\" height=\"768\" data-id=\"1488\" src=\"https:\/\/www.ufmg.br\/espacodoconhecimento\/novo\/wp-content\/uploads\/2025\/07\/Hamhitupma_-alegrar-a-terra-Creditos-Fernando-Silva-Divulgacao-Espaco-do-Conhecimento-UFMG-1-1024x768-1.jpg\" alt=\"\" class=\"wp-image-1488\" srcset=\"https:\/\/www.ufmg.br\/espacodoconhecimento\/wp-content\/uploads\/2025\/07\/Hamhitupma_-alegrar-a-terra-Creditos-Fernando-Silva-Divulgacao-Espaco-do-Conhecimento-UFMG-1-1024x768-1.jpg 1024w, https:\/\/www.ufmg.br\/espacodoconhecimento\/wp-content\/uploads\/2025\/07\/Hamhitupma_-alegrar-a-terra-Creditos-Fernando-Silva-Divulgacao-Espaco-do-Conhecimento-UFMG-1-1024x768-1-300x225.jpg 300w, https:\/\/www.ufmg.br\/espacodoconhecimento\/wp-content\/uploads\/2025\/07\/Hamhitupma_-alegrar-a-terra-Creditos-Fernando-Silva-Divulgacao-Espaco-do-Conhecimento-UFMG-1-1024x768-1-768x576.jpg 768w\" sizes=\"(max-width: 1024px) 100vw, 1024px\" \/><\/figure>\n\n\n\n<figure class=\"wp-block-image size-full\"><img loading=\"lazy\" decoding=\"async\" width=\"1024\" height=\"768\" data-id=\"1489\" src=\"https:\/\/www.ufmg.br\/espacodoconhecimento\/novo\/wp-content\/uploads\/2025\/07\/Hamhitupma_-alegrar-a-terra-Creditos-Fernando-Silva-Divulgacao-Espaco-do-Conhecimento-UFMG-2-1024x768-1.jpg\" alt=\"\" class=\"wp-image-1489\" srcset=\"https:\/\/www.ufmg.br\/espacodoconhecimento\/wp-content\/uploads\/2025\/07\/Hamhitupma_-alegrar-a-terra-Creditos-Fernando-Silva-Divulgacao-Espaco-do-Conhecimento-UFMG-2-1024x768-1.jpg 1024w, https:\/\/www.ufmg.br\/espacodoconhecimento\/wp-content\/uploads\/2025\/07\/Hamhitupma_-alegrar-a-terra-Creditos-Fernando-Silva-Divulgacao-Espaco-do-Conhecimento-UFMG-2-1024x768-1-300x225.jpg 300w, https:\/\/www.ufmg.br\/espacodoconhecimento\/wp-content\/uploads\/2025\/07\/Hamhitupma_-alegrar-a-terra-Creditos-Fernando-Silva-Divulgacao-Espaco-do-Conhecimento-UFMG-2-1024x768-1-768x576.jpg 768w\" sizes=\"(max-width: 1024px) 100vw, 1024px\" \/><\/figure>\n<\/figure>\n\n\n\n<div style=\"height:45px\" aria-hidden=\"true\" class=\"wp-block-spacer\"><\/div>\n\n\n\n<p><strong>H\u00e3mhitupm\u00e3: alegrar a terra<\/strong><\/p>\n\n\n\n<p>Na l\u00edngua dos&nbsp;Tikm\u0169\u2019\u0169n-Maxakali, a palavra&nbsp;<em>hi<\/em>&nbsp;diz respeito a tudo que vive ou se movimenta: uma pessoa, um bicho, uma \u00e1rvore, e mesmo as imagens da TV s\u00e3o \u201cvivas\u201d. A palavra alegria, por sua vez, \u00e9&nbsp;<em>hitup<\/em>: \u201cvivo de novo\u201d. Quando uma pessoa se recupera de uma doen\u00e7a, diz-se que ela \u201cse alegrou\u201d, isto \u00e9, que est\u00e1 viva novamente. \u201cH\u00e3mhitupm\u00e3: alegrar a terra\u201d \u00e9 um convite a curar uma terra adoecida pela devasta\u00e7\u00e3o que j\u00e1 se arrasta h\u00e1 mais de dois s\u00e9culos nos territ\u00f3rios destes povos.<\/p>\n\n\n\n<div style=\"height:35px\" aria-hidden=\"true\" class=\"wp-block-spacer\"><\/div>\n\n\n\n<p><strong>Projeto H\u00e3mhi Terra Viva<\/strong><\/p>\n\n\n\n<p>Realizado pelo Instituto Opaok\u00e1 e viabilizado pelo Minist\u00e9rio P\u00fablico de Minas Gerais (MPMG), com apoio do N\u00facleo Semente, e em parceria com o Centro de Apoio Operacional das Promotorias de Justi\u00e7a de Defesa do Meio Ambiente, do Patrim\u00f4nio Cultural e da Habita\u00e7\u00e3o e Urbanismo (CAOMA) e o Centro de Apoio Operacional \u00e0s Promotorias de Justi\u00e7a de Apoio Comunit\u00e1rio, Inclus\u00e3o e Mobiliza\u00e7\u00e3o Sociais (CAO-Cimos). Iniciado em junho de 2023, tem como eixo principal a forma\u00e7\u00e3o de 30 agentes agroflorestais e 16 viveiristas&nbsp;Tikm\u0169\u2019\u0169n-Maxakali&nbsp;para a restaura\u00e7\u00e3o ambiental e a produ\u00e7\u00e3o de alimentos, aliando conhecimentos tradicionais aos princ\u00edpios da agroecologia. O H\u00e3mhi semeia alternativas para a juventude&nbsp;Tikm\u0169\u2019\u0169n-Maxakali&nbsp;e a juventude do campo, gerando renda nos territ\u00f3rios e as engajando na principal tarefa do s\u00e9culo: enfrentar a crise clim\u00e1tica.<\/p>\n","protected":false},"excerpt":{"rendered":"<p>15 de julho a 10 de agosto de 2025 Para resistir e lutar contra os projetos de devasta\u00e7\u00e3o de seus territ\u00f3rios, os Tikm\u0169\u2019\u0169n-Maxakali mant\u00eam fortes os la\u00e7os que unem sua l\u00edngua, suas culturas e seus saberes sobre a Mata Atl\u00e2ntica. Em um gesto de rever\u00eancia e cuidado com o meio ambiente, que visa fortalecer reflex\u00f5es [&hellip;]<\/p>\n","protected":false},"author":3,"featured_media":0,"parent":206,"menu_order":0,"comment_status":"closed","ping_status":"closed","template":"","meta":{"_acf_changed":false,"footnotes":""},"class_list":["post-1472","page","type-page","status-publish","hentry"],"acf":[],"_links":{"self":[{"href":"https:\/\/www.ufmg.br\/espacodoconhecimento\/wp-json\/wp\/v2\/pages\/1472"}],"collection":[{"href":"https:\/\/www.ufmg.br\/espacodoconhecimento\/wp-json\/wp\/v2\/pages"}],"about":[{"href":"https:\/\/www.ufmg.br\/espacodoconhecimento\/wp-json\/wp\/v2\/types\/page"}],"author":[{"embeddable":true,"href":"https:\/\/www.ufmg.br\/espacodoconhecimento\/wp-json\/wp\/v2\/users\/3"}],"replies":[{"embeddable":true,"href":"https:\/\/www.ufmg.br\/espacodoconhecimento\/wp-json\/wp\/v2\/comments?post=1472"}],"version-history":[{"count":8,"href":"https:\/\/www.ufmg.br\/espacodoconhecimento\/wp-json\/wp\/v2\/pages\/1472\/revisions"}],"predecessor-version":[{"id":9740,"href":"https:\/\/www.ufmg.br\/espacodoconhecimento\/wp-json\/wp\/v2\/pages\/1472\/revisions\/9740"}],"up":[{"embeddable":true,"href":"https:\/\/www.ufmg.br\/espacodoconhecimento\/wp-json\/wp\/v2\/pages\/206"}],"wp:attachment":[{"href":"https:\/\/www.ufmg.br\/espacodoconhecimento\/wp-json\/wp\/v2\/media?parent=1472"}],"curies":[{"name":"wp","href":"https:\/\/api.w.org\/{rel}","templated":true}]}}