{"id":1665,"date":"2025-08-04T12:11:40","date_gmt":"2025-08-04T15:11:40","guid":{"rendered":"https:\/\/www.ufmg.br\/espacodoconhecimento\/novo\/?page_id=1665"},"modified":"2026-04-14T11:52:01","modified_gmt":"2026-04-14T14:52:01","slug":"dissertacoeseteses","status":"publish","type":"page","link":"https:\/\/www.ufmg.br\/espacodoconhecimento\/dissertacoeseteses\/","title":{"rendered":"Disserta\u00e7\u00f5es e Teses"},"content":{"rendered":"\n<h3 class=\"wp-block-heading\">2026<\/h3>\n\n\n\n<p><a href=\"https:\/\/web.sistemas.pucminas.br\/BDP\/PUC%20Minas\/Home\/Visualizar?seq=D8052A79E1E63C8471AD586765E92EC8\" target=\"_blank\" rel=\"noreferrer noopener\"><mark style=\"background-color:rgba(0, 0, 0, 0)\" class=\"has-inline-color has-vivid-purple-color\">Construindo um saber \u201cdemasiado humano\u201d?: processos de transforma\u00e7\u00e3o, (auto) reflex\u00e3o e comunica\u00e7\u00e3o p\u00fablica da ci\u00eancia na exposi\u00e7\u00e3o do museu Espa\u00e7o do Conhecimento UFMG<\/mark><\/a> &#8211; Ana Carolyna Gon\u00e7alves Barboza<\/p>\n\n\n\n<h3 class=\"wp-block-heading\">2023<\/h3>\n\n\n\n<p><a href=\"https:\/\/drive.google.com\/file\/d\/1rmEfhmXT8yLgO-XCfEhxJvOOQDfLdJMn\/view?usp=sharing\" target=\"_blank\" rel=\"noreferrer noopener\"><mark style=\"background-color:rgba(0, 0, 0, 0)\" class=\"has-inline-color has-vivid-purple-color\">A constru\u00e7\u00e3o pol\u00edtico-social para a cidadania em um museu de ci\u00eancias de Belo Horizonte<\/mark><\/a> &#8211; Mayra Cristina da Silva Costa<\/p>\n\n\n\n<h3 class=\"wp-block-heading\">2022<\/h3>\n\n\n\n<p><a href=\"http:\/\/hdl.handle.net\/1843\/44130\" target=\"_blank\" rel=\"noreferrer noopener\"><mark style=\"background-color:rgba(0, 0, 0, 0)\" class=\"has-inline-color has-vivid-purple-color\">Filmes na tela hemisf\u00e9rica: Fulldome, anima\u00e7\u00e3o e experimenta\u00e7\u00e3o<\/mark><\/a> &#8211;&nbsp;Vitor Amaro Lacerda<\/p>\n\n\n\n<h3 class=\"wp-block-heading\">2021<\/h3>\n\n\n\n<p><a href=\"https:\/\/www.ufmg.br\/espacodoconhecimento\/wp-content\/uploads\/2025\/08\/Mediacoes-culturais-em-Museus-no-Contexto-da-Economia-Criativa-com-o-uso-de-Tecnologias-Digitais-1.pdf\" target=\"_blank\" rel=\"noreferrer noopener\"><mark style=\"background-color:rgba(0, 0, 0, 0)\" class=\"has-inline-color has-vivid-purple-color\">Media\u00e7\u00f5es culturais em Museus, no Contexto da Economia Criativa, com o uso de Tecnologias Digitais<\/mark>&nbsp;<\/a>&#8211; Fernanda Miranda de Vasconcellos Motta<\/p>\n\n\n\n<h3 class=\"wp-block-heading\">2020<\/h3>\n\n\n\n<p><a href=\"https:\/\/www.ufmg.br\/espacodoconhecimento\/wp-content\/uploads\/2025\/08\/ANDREA-ESTANISLAU-2020-Final-dissertacao-PROMESTRE.pdf\" target=\"_blank\" rel=\"noreferrer noopener\"><mark style=\"background-color:rgba(0, 0, 0, 0)\" class=\"has-inline-color has-vivid-purple-color\">A can\u00e7\u00e3o do Clube da Esquina como recurso pedag\u00f3gico: patrim\u00f4nio cultural e mem\u00f3ria<\/mark><\/a>&nbsp;&#8211;&nbsp;Andrea Bueno<\/p>\n\n\n\n<p><a href=\"https:\/\/www.ufmg.br\/espacodoconhecimento\/wp-content\/uploads\/2025\/08\/Lazer-e-Aprendizagem_intersecoes-a-partir-de-visitas-familiares-a-museus-universitarios-de-ciencias.pdf\" target=\"_blank\" rel=\"noreferrer noopener\"><mark style=\"background-color:rgba(0, 0, 0, 0)\" class=\"has-inline-color has-vivid-purple-color\">Lazer e Aprendizagem: interse\u00e7\u00f5es a partir de visitas familiares a museus universit\u00e1rios de ci\u00eancias<\/mark><\/a>&nbsp;&#8211;&nbsp;Luiza de Souza Lima Macedo<\/p>\n\n\n\n<h3 class=\"wp-block-heading\">2017<\/h3>\n\n\n\n<p><a href=\"https:\/\/www.ufmg.br\/espacodoconhecimento\/novo\/wp-content\/uploads\/2025\/08\/disserta__o_aline_barroso___2017.pdf\" target=\"_blank\" rel=\"noreferrer noopener\"><mark style=\"background-color:rgba(0, 0, 0, 0)\" class=\"has-inline-color has-vivid-purple-color\">A cultura ind\u00edgena nos museus da cidade de<\/mark><\/a><mark style=\"background-color:rgba(0, 0, 0, 0)\" class=\"has-inline-color has-vivid-purple-color\"><a href=\"https:\/\/www.ufmg.br\/espacodoconhecimento\/wp-content\/uploads\/2025\/08\/disserta__o_aline_barroso___2017.pdf\" target=\"_blank\" rel=\"noreferrer noopener\"> <\/a><\/mark><a href=\"https:\/\/www.ufmg.br\/espacodoconhecimento\/novo\/wp-content\/uploads\/2025\/08\/disserta__o_aline_barroso___2017.pdf\" target=\"_blank\" rel=\"noreferrer noopener\"><mark style=\"background-color:rgba(0, 0, 0, 0)\" class=\"has-inline-color has-vivid-purple-color\">Belo Horizonte<\/mark><\/a>&nbsp;&#8211;&nbsp;Aline Barroso<\/p>\n\n\n\n<p><a href=\"https:\/\/repositorio.ufmg.br\/handle\/1843\/BUOS-AREHJK\" target=\"_blank\" rel=\"noreferrer noopener\"><mark style=\"background-color:rgba(0, 0, 0, 0)\" class=\"has-inline-color has-vivid-purple-color\">Cole\u00e7\u00e3o de pr\u00e1ticas de forma\u00e7\u00e3o de mediadores em museus<\/mark><\/a>&nbsp;&#8211;&nbsp;Neilia Marcelina Barbosa<\/p>\n\n\n\n<h3 class=\"wp-block-heading\">2015<\/h3>\n\n\n\n<p><a href=\"https:\/\/www.ufmg.br\/espacodoconhecimento\/wp-content\/uploads\/2025\/08\/A-intervencao-teatral-nos-espacos-museais-e-na-escola-perspectivas-para-um-ensino-humanizado-de-ciencias-por-Ronaldo-Pires.pdf\" target=\"_blank\" rel=\"noreferrer noopener\"><mark style=\"background-color:rgba(0, 0, 0, 0)\" class=\"has-inline-color has-vivid-purple-color\">A interven\u00e7\u00e3o teatral nos espa\u00e7os museais e na escola perspectivas para um ensino humanizado de ci\u00eancias<\/mark><\/a>&nbsp;&#8211;&nbsp;Ronaldo Pires<\/p>\n\n\n\n<h3 class=\"wp-block-heading\">2016<\/h3>\n\n\n\n<p><a href=\"https:\/\/www.ufmg.br\/espacodoconhecimento\/wp-content\/uploads\/2025\/08\/disserta__o___renata_figueira.pdf\" target=\"_blank\" rel=\"noreferrer noopener\"><mark style=\"background-color:rgba(0, 0, 0, 0)\" class=\"has-inline-color has-vivid-purple-color\">Que macaco qu\u00ea! Uma proposta paradid\u00e1tica para o ensino de evolu\u00e7\u00e3o a partir de uma visita ao Espa\u00e7o do Conhecimento<\/mark><\/a>&nbsp;&#8211;&nbsp;Renata Figueira<\/p>\n","protected":false},"excerpt":{"rendered":"<p>2026 Construindo um saber \u201cdemasiado humano\u201d?: processos de transforma\u00e7\u00e3o, (auto) reflex\u00e3o e comunica\u00e7\u00e3o p\u00fablica da ci\u00eancia na exposi\u00e7\u00e3o do museu Espa\u00e7o do Conhecimento UFMG &#8211; Ana Carolyna Gon\u00e7alves Barboza 2023 A constru\u00e7\u00e3o pol\u00edtico-social para a cidadania em um museu de ci\u00eancias de Belo Horizonte &#8211; Mayra Cristina da Silva Costa 2022 Filmes na tela hemisf\u00e9rica: [&hellip;]<\/p>\n","protected":false},"author":3,"featured_media":0,"parent":0,"menu_order":0,"comment_status":"closed","ping_status":"closed","template":"","meta":{"_acf_changed":false,"footnotes":""},"class_list":["post-1665","page","type-page","status-publish","hentry"],"acf":[],"_links":{"self":[{"href":"https:\/\/www.ufmg.br\/espacodoconhecimento\/wp-json\/wp\/v2\/pages\/1665"}],"collection":[{"href":"https:\/\/www.ufmg.br\/espacodoconhecimento\/wp-json\/wp\/v2\/pages"}],"about":[{"href":"https:\/\/www.ufmg.br\/espacodoconhecimento\/wp-json\/wp\/v2\/types\/page"}],"author":[{"embeddable":true,"href":"https:\/\/www.ufmg.br\/espacodoconhecimento\/wp-json\/wp\/v2\/users\/3"}],"replies":[{"embeddable":true,"href":"https:\/\/www.ufmg.br\/espacodoconhecimento\/wp-json\/wp\/v2\/comments?post=1665"}],"version-history":[{"count":6,"href":"https:\/\/www.ufmg.br\/espacodoconhecimento\/wp-json\/wp\/v2\/pages\/1665\/revisions"}],"predecessor-version":[{"id":9730,"href":"https:\/\/www.ufmg.br\/espacodoconhecimento\/wp-json\/wp\/v2\/pages\/1665\/revisions\/9730"}],"wp:attachment":[{"href":"https:\/\/www.ufmg.br\/espacodoconhecimento\/wp-json\/wp\/v2\/media?parent=1665"}],"curies":[{"name":"wp","href":"https:\/\/api.w.org\/{rel}","templated":true}]}}

Dissertações e Teses

<h3 class="wp-block-heading">2026</h3>



<p><a href="https://web.sistemas.pucminas.br/BDP/PUC%20Minas/Home/Visualizar?seq=D8052A79E1E63C8471AD586765E92EC8" target="_blank" rel="noreferrer noopener"><mark style="background-color:rgba(0, 0, 0, 0)" class="has-inline-color has-vivid-purple-color">Construindo um saber “demasiado humano”?: processos de transformação, (auto) reflexão e comunicação pública da ciência na exposição do museu Espaço do Conhecimento UFMG</mark></a> &#8211; Ana Carolyna Gonçalves Barboza</p>



<h3 class="wp-block-heading">2023</h3>



<p><a href="https://drive.google.com/file/d/1rmEfhmXT8yLgO-XCfEhxJvOOQDfLdJMn/view?usp=sharing" target="_blank" rel="noreferrer noopener"><mark style="background-color:rgba(0, 0, 0, 0)" class="has-inline-color has-vivid-purple-color">A construção político-social para a cidadania em um museu de ciências de Belo Horizonte</mark></a> &#8211; Mayra Cristina da Silva Costa</p>



<h3 class="wp-block-heading">2022</h3>



<p><a href="http://hdl.handle.net/1843/44130" target="_blank" rel="noreferrer noopener"><mark style="background-color:rgba(0, 0, 0, 0)" class="has-inline-color has-vivid-purple-color">Filmes na tela hemisférica: Fulldome, animação e experimentação</mark></a> &#8211;&nbsp;Vitor Amaro Lacerda</p>



<h3 class="wp-block-heading">2021</h3>



<p><a href="https://www.ufmg.br/espacodoconhecimento/wp-content/uploads/2025/08/Mediacoes-culturais-em-Museus-no-Contexto-da-Economia-Criativa-com-o-uso-de-Tecnologias-Digitais-1.pdf" target="_blank" rel="noreferrer noopener"><mark style="background-color:rgba(0, 0, 0, 0)" class="has-inline-color has-vivid-purple-color">Mediações culturais em Museus, no Contexto da Economia Criativa, com o uso de Tecnologias Digitais</mark>&nbsp;</a>&#8211; Fernanda Miranda de Vasconcellos Motta</p>



<h3 class="wp-block-heading">2020</h3>



<p><a href="https://www.ufmg.br/espacodoconhecimento/wp-content/uploads/2025/08/ANDREA-ESTANISLAU-2020-Final-dissertacao-PROMESTRE.pdf" target="_blank" rel="noreferrer noopener"><mark style="background-color:rgba(0, 0, 0, 0)" class="has-inline-color has-vivid-purple-color">A canção do Clube da Esquina como recurso pedagógico: patrimônio cultural e memória</mark></a>&nbsp;&#8211;&nbsp;Andrea Bueno</p>



<p><a href="https://www.ufmg.br/espacodoconhecimento/wp-content/uploads/2025/08/Lazer-e-Aprendizagem_intersecoes-a-partir-de-visitas-familiares-a-museus-universitarios-de-ciencias.pdf" target="_blank" rel="noreferrer noopener"><mark style="background-color:rgba(0, 0, 0, 0)" class="has-inline-color has-vivid-purple-color">Lazer e Aprendizagem: interseções a partir de visitas familiares a museus universitários de ciências</mark></a>&nbsp;&#8211;&nbsp;Luiza de Souza Lima Macedo</p>



<h3 class="wp-block-heading">2017</h3>



<p><a href="https://www.ufmg.br/espacodoconhecimento/novo/wp-content/uploads/2025/08/disserta__o_aline_barroso___2017.pdf" target="_blank" rel="noreferrer noopener"><mark style="background-color:rgba(0, 0, 0, 0)" class="has-inline-color has-vivid-purple-color">A cultura indígena nos museus da cidade de</mark></a><mark style="background-color:rgba(0, 0, 0, 0)" class="has-inline-color has-vivid-purple-color"><a href="https://www.ufmg.br/espacodoconhecimento/wp-content/uploads/2025/08/disserta__o_aline_barroso___2017.pdf" target="_blank" rel="noreferrer noopener"> </a></mark><a href="https://www.ufmg.br/espacodoconhecimento/novo/wp-content/uploads/2025/08/disserta__o_aline_barroso___2017.pdf" target="_blank" rel="noreferrer noopener"><mark style="background-color:rgba(0, 0, 0, 0)" class="has-inline-color has-vivid-purple-color">Belo Horizonte</mark></a>&nbsp;&#8211;&nbsp;Aline Barroso</p>



<p><a href="https://repositorio.ufmg.br/handle/1843/BUOS-AREHJK" target="_blank" rel="noreferrer noopener"><mark style="background-color:rgba(0, 0, 0, 0)" class="has-inline-color has-vivid-purple-color">Coleção de práticas de formação de mediadores em museus</mark></a>&nbsp;&#8211;&nbsp;Neilia Marcelina Barbosa</p>



<h3 class="wp-block-heading">2015</h3>



<p><a href="https://www.ufmg.br/espacodoconhecimento/wp-content/uploads/2025/08/A-intervencao-teatral-nos-espacos-museais-e-na-escola-perspectivas-para-um-ensino-humanizado-de-ciencias-por-Ronaldo-Pires.pdf" target="_blank" rel="noreferrer noopener"><mark style="background-color:rgba(0, 0, 0, 0)" class="has-inline-color has-vivid-purple-color">A intervenção teatral nos espaços museais e na escola perspectivas para um ensino humanizado de ciências</mark></a>&nbsp;&#8211;&nbsp;Ronaldo Pires</p>



<h3 class="wp-block-heading">2016</h3>



<p><a href="https://www.ufmg.br/espacodoconhecimento/wp-content/uploads/2025/08/disserta__o___renata_figueira.pdf" target="_blank" rel="noreferrer noopener"><mark style="background-color:rgba(0, 0, 0, 0)" class="has-inline-color has-vivid-purple-color">Que macaco quê! Uma proposta paradidática para o ensino de evolução a partir de uma visita ao Espaço do Conhecimento</mark></a>&nbsp;&#8211;&nbsp;Renata Figueira</p>

<p>2026 Construindo um saber “demasiado humano”?: processos de transformação, (auto) reflexão e comunicação pública da ciência na exposição do museu Espaço do Conhecimento UFMG &#8211; Ana Carolyna Gonçalves Barboza 2023 A construção político-social para a cidadania em um museu de ciências de Belo Horizonte &#8211; Mayra Cristina da Silva Costa 2022 Filmes na tela hemisférica: [&hellip;]</p>
