{"id":2018,"date":"2025-08-05T15:25:26","date_gmt":"2025-08-05T18:25:26","guid":{"rendered":"https:\/\/www.ufmg.br\/espacodoconhecimento\/novo\/?page_id=2018"},"modified":"2025-08-07T07:57:52","modified_gmt":"2025-08-07T10:57:52","slug":"espacoliterario","status":"publish","type":"page","link":"https:\/\/www.ufmg.br\/espacodoconhecimento\/outros-projetos\/espacoliterario\/","title":{"rendered":"Espa\u00e7o Liter\u00e1rio"},"content":{"rendered":"\n<figure class=\"wp-block-image size-large\"><img loading=\"lazy\" decoding=\"async\" width=\"1024\" height=\"413\" src=\"https:\/\/www.ufmg.br\/espacodoconhecimento\/novo\/wp-content\/uploads\/2025\/08\/espa_C3_A7o-liter_C3_A1rio_Banner-site-2-1024x413.png\" alt=\"\" class=\"wp-image-2019\" srcset=\"https:\/\/www.ufmg.br\/espacodoconhecimento\/wp-content\/uploads\/2025\/08\/espa_C3_A7o-liter_C3_A1rio_Banner-site-2-1024x413.png 1024w, https:\/\/www.ufmg.br\/espacodoconhecimento\/wp-content\/uploads\/2025\/08\/espa_C3_A7o-liter_C3_A1rio_Banner-site-2-300x121.png 300w, https:\/\/www.ufmg.br\/espacodoconhecimento\/wp-content\/uploads\/2025\/08\/espa_C3_A7o-liter_C3_A1rio_Banner-site-2-768x310.png 768w, https:\/\/www.ufmg.br\/espacodoconhecimento\/wp-content\/uploads\/2025\/08\/espa_C3_A7o-liter_C3_A1rio_Banner-site-2-1536x620.png 1536w, https:\/\/www.ufmg.br\/espacodoconhecimento\/wp-content\/uploads\/2025\/08\/espa_C3_A7o-liter_C3_A1rio_Banner-site-2-2048x827.png 2048w\" sizes=\"(max-width: 1024px) 100vw, 1024px\" \/><\/figure>\n\n\n\n<div style=\"height:35px\" aria-hidden=\"true\" class=\"wp-block-spacer\"><\/div>\n\n\n\n<h3 class=\"wp-block-heading\"><strong>Espa\u00e7o Liter\u00e1rio<\/strong><\/h3>\n\n\n\n<div style=\"height:35px\" aria-hidden=\"true\" class=\"wp-block-spacer\"><\/div>\n\n\n\n<p>O projeto <strong>Espa\u00e7o Liter\u00e1rio: leituras comentadas<\/strong>, do Espa\u00e7o do Conhecimento UFMG, promoveu o di\u00e1logo entre grandes autores e amantes da literatura. Iniciada em&nbsp;12 de maio de 2021, a atividade foi realizada por meio de encontros virtuais no Zoom, com transmiss\u00e3o ao vivo para o canal de <a href=\"http:\/\/www.youtube.com\/espacoufmg\" target=\"_blank\" rel=\"noreferrer noopener\">YouTube<\/a> do museu.<\/p>\n\n\n\n<div style=\"height:35px\" aria-hidden=\"true\" class=\"wp-block-spacer\"><\/div>\n\n\n\n<p>\u00c0 frente do Espa\u00e7o Liter\u00e1rio estiveram as seguintes professoras da UFMG: Cl\u00e1udia Campos Soares, da Faculdade de Letras e especialista em Literatura Brasileira, e Diomira Faria, do Instituto de Geoci\u00eancias. Ap\u00f3s 31 edi\u00e7\u00f5es, o <strong>projeto foi encerrado<\/strong> em novembro de 2022.<\/p>\n\n\n\n<div style=\"height:35px\" aria-hidden=\"true\" class=\"wp-block-spacer\"><\/div>\n\n\n\n<p><strong>Acesse a <a href=\"https:\/\/youtube.com\/playlist?list=PLj6artl7bRnf8CAXwxuJioLQLJpi2RkY5\" target=\"_blank\" rel=\"noreferrer noopener\">playlist completa com os encontros realizados!&nbsp;<\/a><\/strong><\/p>\n\n\n\n<div style=\"height:35px\" aria-hidden=\"true\" class=\"wp-block-spacer\"><\/div>\n\n\n<div class=\"wp-block-image\">\n<figure class=\"aligncenter\"><img decoding=\"async\" src=\"https:\/\/www.ufmg.br\/espacodoconhecimento\/wp-content\/uploads\/2021\/04\/face-1024x795.png\" alt=\"\" class=\"wp-image-17811\"\/><\/figure><\/div>\n\n\n<div style=\"height:35px\" aria-hidden=\"true\" class=\"wp-block-spacer\"><\/div>\n\n\n\n<hr class=\"wp-block-separator has-alpha-channel-opacity\"\/>\n\n\n\n<div style=\"height:35px\" aria-hidden=\"true\" class=\"wp-block-spacer\"><\/div>\n\n\n\n<p>O <strong>Espa\u00e7o do Conhecimento UFMG<\/strong> estimula a constru\u00e7\u00e3o de um olhar cr\u00edtico acerca da produ\u00e7\u00e3o de saberes. Sua programa\u00e7\u00e3o diversificada inclui exposi\u00e7\u00f5es, cursos, oficinas e debates. Integrante do Circuito Liberdade, o museu \u00e9 fruto da parceria entre a UFMG e o Governo de Minas. O Espa\u00e7o integra a Pr\u00f3-reitoria de Cultura (ProCult) da Universidade e conta com a Funda\u00e7\u00e3o Rodrigo Mello Franco de Andrade (FRMFA) e a Funda\u00e7\u00e3o de Apoio da UFMG (Fundep) na gest\u00e3o administrativa-financeira de seus projetos. \u00c9 amparado pela Lei Federal de Incentivo \u00e0 Cultura e conta com patroc\u00ednio do Instituto Unimed-BH e da Cemig.<\/p>\n\n\n\n<div style=\"height:35px\" aria-hidden=\"true\" class=\"wp-block-spacer\"><\/div>\n\n\n\n<p><strong>Sobre o Instituto Unimed-BH<\/strong><\/p>\n\n\n\n<p>Associa\u00e7\u00e3o sem fins lucrativos, o Instituto Unimed-BH, desde 2003, desenvolve projetos socioculturais e ambientais visando a forma\u00e7\u00e3o da cidadania, estimular o bem-estar e a qualidade de vida das pessoas, ampliar o acesso \u00e0 cultura, valorizar os espa\u00e7os p\u00fablicos e o meio ambiente. Ao longo de sua hist\u00f3ria, o Instituto destinou cerca de R$140 milh\u00f5es por meio das Leis municipal e federal de Incentivo \u00e0 Cultura, viabilizado pelo patroc\u00ednio de mais de 5,2 mil m\u00e9dicos cooperados e colaboradores. No \u00faltimo ano, mais de 7 mil postos de trabalho foram gerados e 3,9 milh\u00f5es pessoas foram alcan\u00e7adas por meio de projetos em cinco linhas de atua\u00e7\u00e3o: Comunidade, Voluntariado, Meio Ambiente, Ado\u00e7\u00e3o de Espa\u00e7os P\u00fablicos e Cultura, que est\u00e3o alinhados aos Objetivos de Desenvolvimento Sustent\u00e1vel da Agenda 2030. <a href=\"https:\/\/resultadosinstituto.unimedbh.com.br\/2020\/\">Clique aqui<\/a> e conhe\u00e7a mais sobre os resultados do Instituto Unimed-BH.<\/p>\n\n\n\n<div style=\"height:35px\" aria-hidden=\"true\" class=\"wp-block-spacer\"><\/div>\n\n\n\n<p><strong>Sobre a Cemig<\/strong><\/p>\n\n\n\n<p>A Cemig \u00e9 a maior incentivadora de Cultura em Minas Gerais e uma das maiores do pa\u00eds, investindo em projetos culturais, esportivos e sociais, por meio das leis de dedu\u00e7\u00e3o fiscal estadual e federal; preservando o patrim\u00f4nio, a mem\u00f3ria e a identidade dos mineiros. Al\u00e9m de incentivar produtores e artistas, o apoio da Cemig traz benef\u00edcios diretos \u00e0 popula\u00e7\u00e3o, que passa a ter acesso aos bens culturais de maneira mais segura e democr\u00e1tica. A experimenta\u00e7\u00e3o tamb\u00e9m est\u00e1 aliada ao neg\u00f3cio da empresa que, al\u00e9m de trabalhar com fontes de energia limpas e de matrizes energ\u00e9ticas sustent\u00e1veis, busca continuamente a inova\u00e7\u00e3o, aliada \u00e0 pesquisa e ao desenvolvimento.<\/p>\n","protected":false},"excerpt":{"rendered":"<p>Espa\u00e7o Liter\u00e1rio O projeto Espa\u00e7o Liter\u00e1rio: leituras comentadas, do Espa\u00e7o do Conhecimento UFMG, promoveu o di\u00e1logo entre grandes autores e amantes da literatura. Iniciada em&nbsp;12 de maio de 2021, a atividade foi realizada por meio de encontros virtuais no Zoom, com transmiss\u00e3o ao vivo para o canal de YouTube do museu. \u00c0 frente do Espa\u00e7o [&hellip;]<\/p>\n","protected":false},"author":3,"featured_media":0,"parent":278,"menu_order":0,"comment_status":"closed","ping_status":"closed","template":"","meta":{"_acf_changed":false,"footnotes":""},"class_list":["post-2018","page","type-page","status-publish","hentry"],"acf":[],"_links":{"self":[{"href":"https:\/\/www.ufmg.br\/espacodoconhecimento\/wp-json\/wp\/v2\/pages\/2018"}],"collection":[{"href":"https:\/\/www.ufmg.br\/espacodoconhecimento\/wp-json\/wp\/v2\/pages"}],"about":[{"href":"https:\/\/www.ufmg.br\/espacodoconhecimento\/wp-json\/wp\/v2\/types\/page"}],"author":[{"embeddable":true,"href":"https:\/\/www.ufmg.br\/espacodoconhecimento\/wp-json\/wp\/v2\/users\/3"}],"replies":[{"embeddable":true,"href":"https:\/\/www.ufmg.br\/espacodoconhecimento\/wp-json\/wp\/v2\/comments?post=2018"}],"version-history":[{"count":2,"href":"https:\/\/www.ufmg.br\/espacodoconhecimento\/wp-json\/wp\/v2\/pages\/2018\/revisions"}],"predecessor-version":[{"id":2460,"href":"https:\/\/www.ufmg.br\/espacodoconhecimento\/wp-json\/wp\/v2\/pages\/2018\/revisions\/2460"}],"up":[{"embeddable":true,"href":"https:\/\/www.ufmg.br\/espacodoconhecimento\/wp-json\/wp\/v2\/pages\/278"}],"wp:attachment":[{"href":"https:\/\/www.ufmg.br\/espacodoconhecimento\/wp-json\/wp\/v2\/media?parent=2018"}],"curies":[{"name":"wp","href":"https:\/\/api.w.org\/{rel}","templated":true}]}}