{"id":284,"date":"2025-07-24T09:47:13","date_gmt":"2025-07-24T12:47:13","guid":{"rendered":"https:\/\/www.ufmg.br\/espacodoconhecimento\/novo\/?page_id=284"},"modified":"2026-01-12T09:48:01","modified_gmt":"2026-01-12T12:48:01","slug":"calendario-astronomico","status":"publish","type":"page","link":"https:\/\/www.ufmg.br\/espacodoconhecimento\/calendario-astronomico\/","title":{"rendered":"Calend\u00e1rio Astron\u00f4mico"},"content":{"rendered":"\n<h3 class=\"wp-block-heading\"><mark style=\"background-color:rgba(0, 0, 0, 0);color:#1a178c\" class=\"has-inline-color\">CALEND\u00c1RIO ASTRON\u00d4MICO 2025-2026<\/mark><\/h3>\n\n\n\n<div style=\"height:31px\" aria-hidden=\"true\" class=\"wp-block-spacer\"><\/div>\n\n\n\n<figure class=\"wp-block-image size-full\"><img loading=\"lazy\" decoding=\"async\" width=\"8192\" height=\"3305\" src=\"https:\/\/www.ufmg.br\/espacodoconhecimento\/wp-content\/uploads\/2026\/01\/banner-site@4x.png\" alt=\"\" class=\"wp-image-8176\" srcset=\"https:\/\/www.ufmg.br\/espacodoconhecimento\/wp-content\/uploads\/2026\/01\/banner-site@4x.png 8192w, https:\/\/www.ufmg.br\/espacodoconhecimento\/wp-content\/uploads\/2026\/01\/banner-site@4x-300x121.png 300w, https:\/\/www.ufmg.br\/espacodoconhecimento\/wp-content\/uploads\/2026\/01\/banner-site@4x-1024x413.png 1024w, https:\/\/www.ufmg.br\/espacodoconhecimento\/wp-content\/uploads\/2026\/01\/banner-site@4x-768x310.png 768w, https:\/\/www.ufmg.br\/espacodoconhecimento\/wp-content\/uploads\/2026\/01\/banner-site@4x-1536x620.png 1536w, https:\/\/www.ufmg.br\/espacodoconhecimento\/wp-content\/uploads\/2026\/01\/banner-site@4x-2048x826.png 2048w\" sizes=\"(max-width: 8192px) 100vw, 8192px\" \/><\/figure>\n\n\n\n<div style=\"height:31px\" aria-hidden=\"true\" class=\"wp-block-spacer\"><\/div>\n\n\n\n<p>A edi\u00e7\u00e3o<strong> 2025\u20132026<\/strong> do Calend\u00e1rio Astron\u00f4mico prop\u00f5e uma viagem pelo c\u00e9u, com foco na compreens\u00e3o do zod\u00edaco e nos diferentes caminhos trilhados pela astronomia e pela astrologia ao longo da hist\u00f3ria. Partindo de uma heran\u00e7a comum, a observa\u00e7\u00e3o atenta dos astros, o calend\u00e1rio apresenta como essas duas \u00e1reas se desenvolveram de maneiras distintas: uma voltada \u00e0 investiga\u00e7\u00e3o cient\u00edfica do universo, a outra associada a interpreta\u00e7\u00f5es simb\u00f3licas e culturais do c\u00e9u.<\/p>\n\n\n\n<div style=\"height:31px\" aria-hidden=\"true\" class=\"wp-block-spacer\"><\/div>\n\n\n\n<p>Ao longo dos meses, Kate e Joj\u00f4 acompanham o p\u00fablico em um percurso pelas constela\u00e7\u00f5es zodiacais, apresentando curiosidades sobre estrelas, movimentos celestes e fen\u00f4menos observ\u00e1veis, com uma linguagem acess\u00edvel e visualmente envolvente. <\/p>\n\n\n\n<div style=\"height:31px\" aria-hidden=\"true\" class=\"wp-block-spacer\"><\/div>\n\n\n\n<p>Produzido anualmente pelos n\u00facleos de Astronomia e Comunica\u00e7\u00e3o e Design do Espa\u00e7o do Conhecimento UFMG, o Calend\u00e1rio Astron\u00f4mico 2025\u20132026 cobre o per\u00edodo de dezembro de 2025 a dezembro de 2026. Confira!<\/p>\n\n\n\n<div style=\"height:31px\" aria-hidden=\"true\" class=\"wp-block-spacer\"><\/div>\n\n\n\n<div data-wp-interactive=\"core\/file\" class=\"wp-block-file\"><object data-wp-bind--hidden=\"!state.hasPdfPreview\"  class=\"wp-block-file__embed\" data=\"https:\/\/www.ufmg.br\/espacodoconhecimento\/wp-content\/uploads\/2025\/12\/Calendario-25-26.pdf\" type=\"application\/pdf\" style=\"width:100%;height:600px\" aria-label=\"Incorporado de &lt;strong&gt;&lt;mark style=&quot;background-color:rgba(0, 0, 0, 0);color:#096da6&quot; class=&quot;has-inline-color&quot;&gt;Calenda\u0301rio Astron\u00f4mico - 2025-2026&lt;\/mark&gt;&lt;\/strong&gt;.\"><\/object><a id=\"wp-block-file--media-6e91f43e-4108-4fc7-bcde-c8aa74dbdda2\" href=\"https:\/\/www.ufmg.br\/espacodoconhecimento\/wp-content\/uploads\/2025\/12\/Calendario-25-26.pdf\"><strong><mark style=\"background-color:rgba(0, 0, 0, 0);color:#096da6\" class=\"has-inline-color\">Calenda\u0301rio Astron\u00f4mico &#8211; 2025-2026<\/mark><\/strong><\/a><a href=\"https:\/\/www.ufmg.br\/espacodoconhecimento\/wp-content\/uploads\/2025\/12\/Calendario-25-26.pdf\" class=\"wp-block-file__button wp-element-button\" download aria-describedby=\"wp-block-file--media-6e91f43e-4108-4fc7-bcde-c8aa74dbdda2\"><mark style=\"background-color:rgba(0, 0, 0, 0)\" class=\"has-inline-color has-white-color\"><strong>Baixar<\/strong><\/mark><\/a><\/div>\n\n\n\n<div style=\"height:35px\" aria-hidden=\"true\" class=\"wp-block-spacer\"><\/div>\n\n\n\n<hr class=\"wp-block-separator has-alpha-channel-opacity\"\/>\n\n\n\n<div style=\"height:35px\" aria-hidden=\"true\" class=\"wp-block-spacer\"><\/div>\n\n\n\n<h3 class=\"wp-block-heading\"><mark style=\"background-color:rgba(0, 0, 0, 0);color:#e20613\" class=\"has-inline-color\">EDI\u00c7\u00d5ES ANTERIORES<\/mark><\/h3>\n\n\n\n<div style=\"height:35px\" aria-hidden=\"true\" class=\"wp-block-spacer\"><\/div>\n\n\n\n<figure class=\"wp-block-gallery has-nested-images columns-default is-cropped wp-block-gallery-1 is-layout-flex wp-block-gallery-is-layout-flex\">\n<figure class=\"wp-block-image size-large\"><a href=\"https:\/\/www.ufmg.br\/espacodoconhecimento\/calendario-astronomico\/calendario-astronomico-solsticio-a-solsticio-2024-2025\/\" target=\"_blank\" rel=\"noreferrer noopener\"><img loading=\"lazy\" decoding=\"async\" width=\"1024\" height=\"413\" data-id=\"907\" src=\"https:\/\/www.ufmg.br\/espacodoconhecimento\/wp-content\/uploads\/2025\/07\/capa-1-op2@4x-1-1024x413.png\" alt=\"\" class=\"wp-image-907\" srcset=\"https:\/\/www.ufmg.br\/espacodoconhecimento\/wp-content\/uploads\/2025\/07\/capa-1-op2@4x-1-1024x413.png 1024w, https:\/\/www.ufmg.br\/espacodoconhecimento\/wp-content\/uploads\/2025\/07\/capa-1-op2@4x-1-300x121.png 300w, https:\/\/www.ufmg.br\/espacodoconhecimento\/wp-content\/uploads\/2025\/07\/capa-1-op2@4x-1-768x310.png 768w, https:\/\/www.ufmg.br\/espacodoconhecimento\/wp-content\/uploads\/2025\/07\/capa-1-op2@4x-1-1536x620.png 1536w, https:\/\/www.ufmg.br\/espacodoconhecimento\/wp-content\/uploads\/2025\/07\/capa-1-op2@4x-1-2048x826.png 2048w\" sizes=\"(max-width: 1024px) 100vw, 1024px\" \/><\/a><figcaption class=\"wp-element-caption\"><mark style=\"background-color:rgba(0, 0, 0, 0)\" class=\"has-inline-color has-white-color\">Calend\u00e1rio Astron\u00f4mico Solst\u00edcio a Solst\u00edcio 2024-2025<\/mark><\/figcaption><\/figure>\n\n\n\n<figure class=\"wp-block-image size-large\"><a href=\"https:\/\/www.ufmg.br\/espacodoconhecimento\/calendario-astronomico\/calendario-astronomico-solsticio-a-solsticio-2023-2024\/\" target=\"_blank\" rel=\"noreferrer noopener\"><img decoding=\"async\" src=\"https:\/\/www.ufmg.br\/espacodoconhecimento\/wp-content\/uploads\/2025\/12\/capa-calendario-2023-2024-1024x412-2.png\" alt=\"\"\/><\/a><figcaption class=\"wp-element-caption\"><mark style=\"background-color:rgba(0, 0, 0, 0)\" class=\"has-inline-color has-white-color\">Calend\u00e1rio Astron\u00f4mico Solst\u00edcio a Solst\u00edcio 2023-2024<\/mark><\/figcaption><\/figure>\n<\/figure>\n\n\n\n<div style=\"height:35px\" aria-hidden=\"true\" class=\"wp-block-spacer\"><\/div>\n\n\n\n<figure class=\"wp-block-gallery has-nested-images columns-default is-cropped wp-block-gallery-2 is-layout-flex wp-block-gallery-is-layout-flex\">\n<figure class=\"wp-block-image size-large\"><a href=\"https:\/\/www.ufmg.br\/espacodoconhecimento\/calendario-astronomico\/calendario-astronomico-solsticio-a-solsticio-2022-2023\/\" target=\"_blank\" rel=\"noreferrer noopener\"><img decoding=\"async\" src=\"https:\/\/www.ufmg.br\/espacodoconhecimento\/wp-content\/uploads\/2025\/12\/capa-1-1-1024x413-1-1.png\" alt=\"\"\/><\/a><figcaption class=\"wp-element-caption\"><mark style=\"background-color:rgba(0, 0, 0, 0)\" class=\"has-inline-color has-white-color\">Calend\u00e1rio Astron\u00f4mico Solst\u00edcio a Solst\u00edcio 2022-2023<\/mark><\/figcaption><\/figure>\n\n\n\n<figure class=\"wp-block-image size-large\"><a href=\"https:\/\/www.ufmg.br\/espacodoconhecimento\/calendario-astronomico\/calendario-astronomico-solsticio-a-solsticio-2021-2022\/\" target=\"_blank\" rel=\"noreferrer noopener\"><img decoding=\"async\" src=\"https:\/\/www.ufmg.br\/espacodoconhecimento\/wp-content\/uploads\/2025\/12\/Divulgacao-Calendario-Impresso-Final_Banner-site-1024x413-1.png\" alt=\"\"\/><\/a><figcaption class=\"wp-element-caption\"><mark style=\"background-color:rgba(0, 0, 0, 0)\" class=\"has-inline-color has-white-color\">Calend\u00e1rio Astron\u00f4mico Solst\u00edcio a Solst\u00edcio 2021-2022<\/mark><\/figcaption><\/figure>\n<\/figure>\n\n\n\n<div style=\"height:35px\" aria-hidden=\"true\" class=\"wp-block-spacer\"><\/div>\n\n\n\n<figure class=\"wp-block-gallery has-nested-images columns-default is-cropped wp-block-gallery-3 is-layout-flex wp-block-gallery-is-layout-flex\">\n<figure class=\"wp-block-image size-large\"><a href=\"https:\/\/www.ufmg.br\/espacodoconhecimento\/calendario-astronomico\/calendario-astronomico-solsticio-a-solsticio-2020-2021\/\" target=\"_blank\" rel=\"noreferrer noopener\"><img decoding=\"async\" src=\"https:\/\/www.ufmg.br\/espacodoconhecimento\/wp-content\/uploads\/2025\/12\/Calendario-Astronomico-05-1024x413-1.jpg\" alt=\"\"\/><\/a><figcaption class=\"wp-element-caption\"><mark style=\"background-color:rgba(0, 0, 0, 0)\" class=\"has-inline-color has-white-color\"> Calend\u00e1rio Astron\u00f4mico Solst\u00edcio a Solst\u00edcio 2020-2021<\/mark><\/figcaption><\/figure>\n\n\n\n<figure class=\"wp-block-image size-large\"><a href=\"https:\/\/www.ufmg.br\/espacodoconhecimento\/calendario-astronomico\/calendario-astronomico-solsticio-a-solsticio-2019-2020\/\" target=\"_blank\" rel=\"noreferrer noopener\"><img decoding=\"async\" src=\"https:\/\/www.ufmg.br\/espacodoconhecimento\/wp-content\/uploads\/2025\/12\/calendario-astronomico-2019-2020-1024x412-2.png\" alt=\"\"\/><\/a><figcaption class=\"wp-element-caption\"><mark style=\"background-color:rgba(0, 0, 0, 0)\" class=\"has-inline-color has-white-color\">Calend\u00e1rio Astron\u00f4mico Solst\u00edcio a Solst\u00edcio 2019-2020<\/mark><\/figcaption><\/figure>\n<\/figure>\n\n\n\n<div style=\"height:35px\" aria-hidden=\"true\" class=\"wp-block-spacer\"><\/div>\n\n\n\n<figure class=\"wp-block-gallery has-nested-images columns-default is-cropped wp-block-gallery-4 is-layout-flex wp-block-gallery-is-layout-flex\">\n<figure class=\"wp-block-image size-large\"><a href=\"https:\/\/www.ufmg.br\/espacodoconhecimento\/calendario-astronomico\/calendario-astronomico-solsticio-a-solsticio-2018-2019\/\" target=\"_blank\" rel=\"noreferrer noopener\"><img decoding=\"async\" src=\"https:\/\/www.ufmg.br\/espacodoconhecimento\/wp-content\/uploads\/2025\/12\/calendario-astronomico-2018-2019-1024x412-2.png\" alt=\"\"\/><\/a><figcaption class=\"wp-element-caption\"><mark style=\"background-color:rgba(0, 0, 0, 0)\" class=\"has-inline-color has-white-color\">Calend\u00e1rio Astron\u00f4mico Solst\u00edcio a Solst\u00edcio 2018-2019<\/mark><\/figcaption><\/figure>\n\n\n\n<figure class=\"wp-block-image size-large\"><a href=\"https:\/\/www.ufmg.br\/espacodoconhecimento\/calendario-astronomico\/calendario-astronomico-solsticio-a-solsticio-2017-2018\/\" target=\"_blank\" rel=\"noreferrer noopener\"><img decoding=\"async\" src=\"https:\/\/www.ufmg.br\/espacodoconhecimento\/wp-content\/uploads\/2025\/12\/calendario-astronomico-2017-2018-1024x412-2.png\" alt=\"\"\/><\/a><figcaption class=\"wp-element-caption\"><mark style=\"background-color:rgba(0, 0, 0, 0)\" class=\"has-inline-color has-white-color\"> Calend\u00e1rio Astron\u00f4mico Solst\u00edcio a Solst\u00edcio 2017-2018<\/mark><\/figcaption><\/figure>\n<\/figure>\n","protected":false},"excerpt":{"rendered":"<p>CALEND\u00c1RIO ASTRON\u00d4MICO 2025-2026 A edi\u00e7\u00e3o 2025\u20132026 do Calend\u00e1rio Astron\u00f4mico prop\u00f5e uma viagem pelo c\u00e9u, com foco na compreens\u00e3o do zod\u00edaco e nos diferentes caminhos trilhados pela astronomia e pela astrologia ao longo da hist\u00f3ria. Partindo de uma heran\u00e7a comum, a observa\u00e7\u00e3o atenta dos astros, o calend\u00e1rio apresenta como essas duas \u00e1reas se desenvolveram de maneiras [&hellip;]<\/p>\n","protected":false},"author":3,"featured_media":8176,"parent":0,"menu_order":0,"comment_status":"closed","ping_status":"closed","template":"","meta":{"_acf_changed":false,"footnotes":""},"class_list":["post-284","page","type-page","status-publish","has-post-thumbnail","hentry"],"acf":[],"_links":{"self":[{"href":"https:\/\/www.ufmg.br\/espacodoconhecimento\/wp-json\/wp\/v2\/pages\/284"}],"collection":[{"href":"https:\/\/www.ufmg.br\/espacodoconhecimento\/wp-json\/wp\/v2\/pages"}],"about":[{"href":"https:\/\/www.ufmg.br\/espacodoconhecimento\/wp-json\/wp\/v2\/types\/page"}],"author":[{"embeddable":true,"href":"https:\/\/www.ufmg.br\/espacodoconhecimento\/wp-json\/wp\/v2\/users\/3"}],"replies":[{"embeddable":true,"href":"https:\/\/www.ufmg.br\/espacodoconhecimento\/wp-json\/wp\/v2\/comments?post=284"}],"version-history":[{"count":47,"href":"https:\/\/www.ufmg.br\/espacodoconhecimento\/wp-json\/wp\/v2\/pages\/284\/revisions"}],"predecessor-version":[{"id":8185,"href":"https:\/\/www.ufmg.br\/espacodoconhecimento\/wp-json\/wp\/v2\/pages\/284\/revisions\/8185"}],"wp:featuredmedia":[{"embeddable":true,"href":"https:\/\/www.ufmg.br\/espacodoconhecimento\/wp-json\/wp\/v2\/media\/8176"}],"wp:attachment":[{"href":"https:\/\/www.ufmg.br\/espacodoconhecimento\/wp-json\/wp\/v2\/media?parent=284"}],"curies":[{"name":"wp","href":"https:\/\/api.w.org\/{rel}","templated":true}]}}

Calendário Astronômico

<h3 class="wp-block-heading"><mark style="background-color:rgba(0, 0, 0, 0);color:#1a178c" class="has-inline-color">CALENDÁRIO ASTRONÔMICO 2025-2026</mark></h3>



<div style="height:31px" aria-hidden="true" class="wp-block-spacer"></div>



<figure class="wp-block-image size-full"><img loading="lazy" decoding="async" width="8192" height="3305" src="https://www.ufmg.br/espacodoconhecimento/wp-content/uploads/2026/01/banner-site@4x.png" alt="" class="wp-image-8176" srcset="https://www.ufmg.br/espacodoconhecimento/wp-content/uploads/2026/01/banner-site@4x.png 8192w, https://www.ufmg.br/espacodoconhecimento/wp-content/uploads/2026/01/banner-site@4x-300x121.png 300w, https://www.ufmg.br/espacodoconhecimento/wp-content/uploads/2026/01/banner-site@4x-1024x413.png 1024w, https://www.ufmg.br/espacodoconhecimento/wp-content/uploads/2026/01/banner-site@4x-768x310.png 768w, https://www.ufmg.br/espacodoconhecimento/wp-content/uploads/2026/01/banner-site@4x-1536x620.png 1536w, https://www.ufmg.br/espacodoconhecimento/wp-content/uploads/2026/01/banner-site@4x-2048x826.png 2048w" sizes="(max-width: 8192px) 100vw, 8192px" /></figure>



<div style="height:31px" aria-hidden="true" class="wp-block-spacer"></div>



<p>A edição<strong> 2025–2026</strong> do Calendário Astronômico propõe uma viagem pelo céu, com foco na compreensão do zodíaco e nos diferentes caminhos trilhados pela astronomia e pela astrologia ao longo da história. Partindo de uma herança comum, a observação atenta dos astros, o calendário apresenta como essas duas áreas se desenvolveram de maneiras distintas: uma voltada à investigação científica do universo, a outra associada a interpretações simbólicas e culturais do céu.</p>



<div style="height:31px" aria-hidden="true" class="wp-block-spacer"></div>



<p>Ao longo dos meses, Kate e Jojô acompanham o público em um percurso pelas constelações zodiacais, apresentando curiosidades sobre estrelas, movimentos celestes e fenômenos observáveis, com uma linguagem acessível e visualmente envolvente. </p>



<div style="height:31px" aria-hidden="true" class="wp-block-spacer"></div>



<p>Produzido anualmente pelos núcleos de Astronomia e Comunicação e Design do Espaço do Conhecimento UFMG, o Calendário Astronômico 2025–2026 cobre o período de dezembro de 2025 a dezembro de 2026. Confira!</p>



<div style="height:31px" aria-hidden="true" class="wp-block-spacer"></div>



<div data-wp-interactive="core/file" class="wp-block-file"><object data-wp-bind--hidden="!state.hasPdfPreview"  class="wp-block-file__embed" data="https://www.ufmg.br/espacodoconhecimento/wp-content/uploads/2025/12/Calendario-25-26.pdf" type="application/pdf" style="width:100%;height:600px" aria-label="Incorporado de &lt;strong&gt;&lt;mark style=&quot;background-color:rgba(0, 0, 0, 0);color:#096da6&quot; class=&quot;has-inline-color&quot;&gt;Calendário Astronômico - 2025-2026&lt;/mark&gt;&lt;/strong&gt;."></object><a id="wp-block-file--media-6e91f43e-4108-4fc7-bcde-c8aa74dbdda2" href="https://www.ufmg.br/espacodoconhecimento/wp-content/uploads/2025/12/Calendario-25-26.pdf"><strong><mark style="background-color:rgba(0, 0, 0, 0);color:#096da6" class="has-inline-color">Calendário Astronômico &#8211; 2025-2026</mark></strong></a><a href="https://www.ufmg.br/espacodoconhecimento/wp-content/uploads/2025/12/Calendario-25-26.pdf" class="wp-block-file__button wp-element-button" download aria-describedby="wp-block-file--media-6e91f43e-4108-4fc7-bcde-c8aa74dbdda2"><mark style="background-color:rgba(0, 0, 0, 0)" class="has-inline-color has-white-color"><strong>Baixar</strong></mark></a></div>



<div style="height:35px" aria-hidden="true" class="wp-block-spacer"></div>



<hr class="wp-block-separator has-alpha-channel-opacity"/>



<div style="height:35px" aria-hidden="true" class="wp-block-spacer"></div>



<h3 class="wp-block-heading"><mark style="background-color:rgba(0, 0, 0, 0);color:#e20613" class="has-inline-color">EDIÇÕES ANTERIORES</mark></h3>



<div style="height:35px" aria-hidden="true" class="wp-block-spacer"></div>



<figure class="wp-block-gallery has-nested-images columns-default is-cropped wp-block-gallery-1 is-layout-flex wp-block-gallery-is-layout-flex">
<figure class="wp-block-image size-large"><a href="https://www.ufmg.br/espacodoconhecimento/calendario-astronomico/calendario-astronomico-solsticio-a-solsticio-2024-2025/" target="_blank" rel="noreferrer noopener"><img loading="lazy" decoding="async" width="1024" height="413" data-id="907" src="https://www.ufmg.br/espacodoconhecimento/wp-content/uploads/2025/07/capa-1-op2@4x-1-1024x413.png" alt="" class="wp-image-907" srcset="https://www.ufmg.br/espacodoconhecimento/wp-content/uploads/2025/07/capa-1-op2@4x-1-1024x413.png 1024w, https://www.ufmg.br/espacodoconhecimento/wp-content/uploads/2025/07/capa-1-op2@4x-1-300x121.png 300w, https://www.ufmg.br/espacodoconhecimento/wp-content/uploads/2025/07/capa-1-op2@4x-1-768x310.png 768w, https://www.ufmg.br/espacodoconhecimento/wp-content/uploads/2025/07/capa-1-op2@4x-1-1536x620.png 1536w, https://www.ufmg.br/espacodoconhecimento/wp-content/uploads/2025/07/capa-1-op2@4x-1-2048x826.png 2048w" sizes="(max-width: 1024px) 100vw, 1024px" /></a><figcaption class="wp-element-caption"><mark style="background-color:rgba(0, 0, 0, 0)" class="has-inline-color has-white-color">Calendário Astronômico Solstício a Solstício 2024-2025</mark></figcaption></figure>



<figure class="wp-block-image size-large"><a href="https://www.ufmg.br/espacodoconhecimento/calendario-astronomico/calendario-astronomico-solsticio-a-solsticio-2023-2024/" target="_blank" rel="noreferrer noopener"><img decoding="async" src="https://www.ufmg.br/espacodoconhecimento/wp-content/uploads/2025/12/capa-calendario-2023-2024-1024x412-2.png" alt=""/></a><figcaption class="wp-element-caption"><mark style="background-color:rgba(0, 0, 0, 0)" class="has-inline-color has-white-color">Calendário Astronômico Solstício a Solstício 2023-2024</mark></figcaption></figure>
</figure>



<div style="height:35px" aria-hidden="true" class="wp-block-spacer"></div>



<figure class="wp-block-gallery has-nested-images columns-default is-cropped wp-block-gallery-2 is-layout-flex wp-block-gallery-is-layout-flex">
<figure class="wp-block-image size-large"><a href="https://www.ufmg.br/espacodoconhecimento/calendario-astronomico/calendario-astronomico-solsticio-a-solsticio-2022-2023/" target="_blank" rel="noreferrer noopener"><img decoding="async" src="https://www.ufmg.br/espacodoconhecimento/wp-content/uploads/2025/12/capa-1-1-1024x413-1-1.png" alt=""/></a><figcaption class="wp-element-caption"><mark style="background-color:rgba(0, 0, 0, 0)" class="has-inline-color has-white-color">Calendário Astronômico Solstício a Solstício 2022-2023</mark></figcaption></figure>



<figure class="wp-block-image size-large"><a href="https://www.ufmg.br/espacodoconhecimento/calendario-astronomico/calendario-astronomico-solsticio-a-solsticio-2021-2022/" target="_blank" rel="noreferrer noopener"><img decoding="async" src="https://www.ufmg.br/espacodoconhecimento/wp-content/uploads/2025/12/Divulgacao-Calendario-Impresso-Final_Banner-site-1024x413-1.png" alt=""/></a><figcaption class="wp-element-caption"><mark style="background-color:rgba(0, 0, 0, 0)" class="has-inline-color has-white-color">Calendário Astronômico Solstício a Solstício 2021-2022</mark></figcaption></figure>
</figure>



<div style="height:35px" aria-hidden="true" class="wp-block-spacer"></div>



<figure class="wp-block-gallery has-nested-images columns-default is-cropped wp-block-gallery-3 is-layout-flex wp-block-gallery-is-layout-flex">
<figure class="wp-block-image size-large"><a href="https://www.ufmg.br/espacodoconhecimento/calendario-astronomico/calendario-astronomico-solsticio-a-solsticio-2020-2021/" target="_blank" rel="noreferrer noopener"><img decoding="async" src="https://www.ufmg.br/espacodoconhecimento/wp-content/uploads/2025/12/Calendario-Astronomico-05-1024x413-1.jpg" alt=""/></a><figcaption class="wp-element-caption"><mark style="background-color:rgba(0, 0, 0, 0)" class="has-inline-color has-white-color"> Calendário Astronômico Solstício a Solstício 2020-2021</mark></figcaption></figure>



<figure class="wp-block-image size-large"><a href="https://www.ufmg.br/espacodoconhecimento/calendario-astronomico/calendario-astronomico-solsticio-a-solsticio-2019-2020/" target="_blank" rel="noreferrer noopener"><img decoding="async" src="https://www.ufmg.br/espacodoconhecimento/wp-content/uploads/2025/12/calendario-astronomico-2019-2020-1024x412-2.png" alt=""/></a><figcaption class="wp-element-caption"><mark style="background-color:rgba(0, 0, 0, 0)" class="has-inline-color has-white-color">Calendário Astronômico Solstício a Solstício 2019-2020</mark></figcaption></figure>
</figure>



<div style="height:35px" aria-hidden="true" class="wp-block-spacer"></div>



<figure class="wp-block-gallery has-nested-images columns-default is-cropped wp-block-gallery-4 is-layout-flex wp-block-gallery-is-layout-flex">
<figure class="wp-block-image size-large"><a href="https://www.ufmg.br/espacodoconhecimento/calendario-astronomico/calendario-astronomico-solsticio-a-solsticio-2018-2019/" target="_blank" rel="noreferrer noopener"><img decoding="async" src="https://www.ufmg.br/espacodoconhecimento/wp-content/uploads/2025/12/calendario-astronomico-2018-2019-1024x412-2.png" alt=""/></a><figcaption class="wp-element-caption"><mark style="background-color:rgba(0, 0, 0, 0)" class="has-inline-color has-white-color">Calendário Astronômico Solstício a Solstício 2018-2019</mark></figcaption></figure>



<figure class="wp-block-image size-large"><a href="https://www.ufmg.br/espacodoconhecimento/calendario-astronomico/calendario-astronomico-solsticio-a-solsticio-2017-2018/" target="_blank" rel="noreferrer noopener"><img decoding="async" src="https://www.ufmg.br/espacodoconhecimento/wp-content/uploads/2025/12/calendario-astronomico-2017-2018-1024x412-2.png" alt=""/></a><figcaption class="wp-element-caption"><mark style="background-color:rgba(0, 0, 0, 0)" class="has-inline-color has-white-color"> Calendário Astronômico Solstício a Solstício 2017-2018</mark></figcaption></figure>
</figure>

<p>CALENDÁRIO ASTRONÔMICO 2025-2026 A edição 2025–2026 do Calendário Astronômico propõe uma viagem pelo céu, com foco na compreensão do zodíaco e nos diferentes caminhos trilhados pela astronomia e pela astrologia ao longo da história. Partindo de uma herança comum, a observação atenta dos astros, o calendário apresenta como essas duas áreas se desenvolveram de maneiras [&hellip;]</p>
