{"id":3719,"date":"2025-08-28T13:08:47","date_gmt":"2025-08-28T16:08:47","guid":{"rendered":"https:\/\/www.ufmg.br\/espacodoconhecimento\/novo\/?page_id=3719"},"modified":"2025-08-28T13:48:34","modified_gmt":"2025-08-28T16:48:34","slug":"multiverso-conversas-de-terreiro","status":"publish","type":"page","link":"https:\/\/www.ufmg.br\/espacodoconhecimento\/multiverso-conversas-de-terreiro\/","title":{"rendered":"Multiverso | Conversas de Terreiro"},"content":{"rendered":"\n<figure class=\"wp-block-image size-large\"><img loading=\"lazy\" decoding=\"async\" width=\"1024\" height=\"412\" src=\"https:\/\/www.ufmg.br\/espacodoconhecimento\/novo\/wp-content\/uploads\/2025\/08\/capa-programacao-8-1024x412.png\" alt=\"\" class=\"wp-image-3720\" srcset=\"https:\/\/www.ufmg.br\/espacodoconhecimento\/wp-content\/uploads\/2025\/08\/capa-programacao-8-1024x412.png 1024w, https:\/\/www.ufmg.br\/espacodoconhecimento\/wp-content\/uploads\/2025\/08\/capa-programacao-8-300x121.png 300w, https:\/\/www.ufmg.br\/espacodoconhecimento\/wp-content\/uploads\/2025\/08\/capa-programacao-8-768x309.png 768w, https:\/\/www.ufmg.br\/espacodoconhecimento\/wp-content\/uploads\/2025\/08\/capa-programacao-8-1536x618.png 1536w, https:\/\/www.ufmg.br\/espacodoconhecimento\/wp-content\/uploads\/2025\/08\/capa-programacao-8.png 2048w\" sizes=\"(max-width: 1024px) 100vw, 1024px\" \/><\/figure>\n\n\n\n<div style=\"height:50px\" aria-hidden=\"true\" class=\"wp-block-spacer\"><\/div>\n\n\n\n<p>Gratuito e aberto ao p\u00fablico, o Multiverso \u00e9 realizado no Espa\u00e7o do Conhecimento UFMG desde 2017 pela Pr\u00f3-reitoria de Cultura (Procult) da UFMG, como parte do Circuito Cultural da Universidade, promovendo espet\u00e1culos, concertos, performances musicais e outras apresenta\u00e7\u00f5es gratuitas. Em maio de 2025, o projeto ganhou uma nova abordagem no museu, por meio de uma edi\u00e7\u00e3o especial intitulada \u201cConversas de Terreiro\u201d, que visa receber artistas conectados \u00e0 tradi\u00e7\u00e3o e \u00e0 pot\u00eancia da arte afrodiasp\u00f3rica.<\/p>\n\n\n\n<div style=\"height:10px\" aria-hidden=\"true\" class=\"wp-block-spacer\"><\/div>\n\n\n\n<p>\u201cConversas de Terreiro\u201d \u00e9 um bate-papo sonoro, visual e perform\u00e1tico com artistas que trabalham a arte negra na Regi\u00e3o Metropolitana de BH. A cada m\u00eas, o Espa\u00e7o do Conhecimento UFMG \u00e9 tomado pelo protagonismo de vozes negras por meio do canto, da dan\u00e7a, da m\u00fasica, da poesia e de performances \u2014 n\u00e3o apenas como express\u00e3o est\u00e9tica, mas como forma de pensar o mundo e relacionar viv\u00eancias com os modos africanos e afrodiasp\u00f3ricos de fazer arte. Inspirado nos terreiros, nas giras, nas quebradas, nas pra\u00e7as e na intelig\u00eancia ancestral africana, a iniciativa prop\u00f5e encontros vivos entre arte e ci\u00eancia, superando dicotomias e afirmando que pensar tamb\u00e9m \u00e9 dan\u00e7ar, rimar, tocar e respirar junto.<\/p>\n\n\n\n<div style=\"height:35px\" aria-hidden=\"true\" class=\"wp-block-spacer\"><\/div>\n\n\n\n<figure class=\"wp-block-gallery has-nested-images columns-2 is-cropped wp-block-gallery-1 is-layout-flex wp-block-gallery-is-layout-flex\">\n<figure class=\"wp-block-image size-full\"><img loading=\"lazy\" decoding=\"async\" width=\"1280\" height=\"853\" data-id=\"3732\" src=\"https:\/\/www.ufmg.br\/espacodoconhecimento\/novo\/wp-content\/uploads\/2025\/08\/imagemblog-2.png\" alt=\"\" class=\"wp-image-3732\" srcset=\"https:\/\/www.ufmg.br\/espacodoconhecimento\/wp-content\/uploads\/2025\/08\/imagemblog-2.png 1280w, https:\/\/www.ufmg.br\/espacodoconhecimento\/wp-content\/uploads\/2025\/08\/imagemblog-2-300x200.png 300w, https:\/\/www.ufmg.br\/espacodoconhecimento\/wp-content\/uploads\/2025\/08\/imagemblog-2-1024x682.png 1024w, https:\/\/www.ufmg.br\/espacodoconhecimento\/wp-content\/uploads\/2025\/08\/imagemblog-2-768x512.png 768w\" sizes=\"(max-width: 1280px) 100vw, 1280px\" \/><figcaption class=\"wp-element-caption\"><em><strong>Conversas de Terreiro, com Luan Manzo, em julho de 2025<\/strong><\/em><\/figcaption><\/figure>\n\n\n\n<figure class=\"wp-block-image size-large\"><img loading=\"lazy\" decoding=\"async\" width=\"1024\" height=\"683\" data-id=\"3724\" src=\"https:\/\/www.ufmg.br\/espacodoconhecimento\/novo\/wp-content\/uploads\/2025\/08\/27.11-Projeto-_Multiverso_-Corpo-Preto-Surdo_-Nos-Estamos-Aqui-_-Creditos-Iris-Zanetti-1-1024x683.jpg\" alt=\"\" class=\"wp-image-3724\" srcset=\"https:\/\/www.ufmg.br\/espacodoconhecimento\/wp-content\/uploads\/2025\/08\/27.11-Projeto-_Multiverso_-Corpo-Preto-Surdo_-Nos-Estamos-Aqui-_-Creditos-Iris-Zanetti-1-1024x683.jpg 1024w, https:\/\/www.ufmg.br\/espacodoconhecimento\/wp-content\/uploads\/2025\/08\/27.11-Projeto-_Multiverso_-Corpo-Preto-Surdo_-Nos-Estamos-Aqui-_-Creditos-Iris-Zanetti-1-300x200.jpg 300w, https:\/\/www.ufmg.br\/espacodoconhecimento\/wp-content\/uploads\/2025\/08\/27.11-Projeto-_Multiverso_-Corpo-Preto-Surdo_-Nos-Estamos-Aqui-_-Creditos-Iris-Zanetti-1-768x512.jpg 768w, https:\/\/www.ufmg.br\/espacodoconhecimento\/wp-content\/uploads\/2025\/08\/27.11-Projeto-_Multiverso_-Corpo-Preto-Surdo_-Nos-Estamos-Aqui-_-Creditos-Iris-Zanetti-1-1536x1024.jpg 1536w, https:\/\/www.ufmg.br\/espacodoconhecimento\/wp-content\/uploads\/2025\/08\/27.11-Projeto-_Multiverso_-Corpo-Preto-Surdo_-Nos-Estamos-Aqui-_-Creditos-Iris-Zanetti-1-2048x1365.jpg 2048w\" sizes=\"(max-width: 1024px) 100vw, 1024px\" \/><figcaption class=\"wp-element-caption\"><strong><em>Em novembro de 2024, o projeto recebeu o espet\u00e1culo &#8220;Corpo Preto Surdo \u2013 N\u00f3s Estamos Aqui&#8221; (Foto: \u00ccris Zanetti)<\/em><\/strong><\/figcaption><\/figure>\n\n\n\n<figure class=\"wp-block-image size-large\"><img loading=\"lazy\" decoding=\"async\" width=\"1024\" height=\"412\" data-id=\"3731\" src=\"https:\/\/www.ufmg.br\/espacodoconhecimento\/novo\/wp-content\/uploads\/2025\/08\/capa-bloco-chega-o-rei-1-1-1024x412.png\" alt=\"\" class=\"wp-image-3731\" srcset=\"https:\/\/www.ufmg.br\/espacodoconhecimento\/wp-content\/uploads\/2025\/08\/capa-bloco-chega-o-rei-1-1-1024x412.png 1024w, https:\/\/www.ufmg.br\/espacodoconhecimento\/wp-content\/uploads\/2025\/08\/capa-bloco-chega-o-rei-1-1-300x121.png 300w, https:\/\/www.ufmg.br\/espacodoconhecimento\/wp-content\/uploads\/2025\/08\/capa-bloco-chega-o-rei-1-1-768x309.png 768w, https:\/\/www.ufmg.br\/espacodoconhecimento\/wp-content\/uploads\/2025\/08\/capa-bloco-chega-o-rei-1-1-1536x618.png 1536w, https:\/\/www.ufmg.br\/espacodoconhecimento\/wp-content\/uploads\/2025\/08\/capa-bloco-chega-o-rei-1-1.png 2048w\" sizes=\"(max-width: 1024px) 100vw, 1024px\" \/><figcaption class=\"wp-element-caption\"><strong><em>O Bloco Chega o Rei abrilhantou o museu com uma apresenta\u00e7\u00e3o especial em fevereiro de 2024 <\/em><\/strong><br><strong><em>(Foto: Ruy Pereira)<\/em><\/strong><\/figcaption><\/figure>\n\n\n\n<figure class=\"wp-block-image size-large\"><img loading=\"lazy\" decoding=\"async\" width=\"1024\" height=\"768\" data-id=\"3738\" src=\"https:\/\/www.ufmg.br\/espacodoconhecimento\/novo\/wp-content\/uploads\/2025\/08\/WhatsApp-Image-2022-09-27-at-15.38.48-3-1024x768.jpeg\" alt=\"\" class=\"wp-image-3738\" srcset=\"https:\/\/www.ufmg.br\/espacodoconhecimento\/wp-content\/uploads\/2025\/08\/WhatsApp-Image-2022-09-27-at-15.38.48-3-1024x768.jpeg 1024w, https:\/\/www.ufmg.br\/espacodoconhecimento\/wp-content\/uploads\/2025\/08\/WhatsApp-Image-2022-09-27-at-15.38.48-3-300x225.jpeg 300w, https:\/\/www.ufmg.br\/espacodoconhecimento\/wp-content\/uploads\/2025\/08\/WhatsApp-Image-2022-09-27-at-15.38.48-3-768x576.jpeg 768w, https:\/\/www.ufmg.br\/espacodoconhecimento\/wp-content\/uploads\/2025\/08\/WhatsApp-Image-2022-09-27-at-15.38.48-3-1536x1152.jpeg 1536w, https:\/\/www.ufmg.br\/espacodoconhecimento\/wp-content\/uploads\/2025\/08\/WhatsApp-Image-2022-09-27-at-15.38.48-3.jpeg 1600w\" sizes=\"(max-width: 1024px) 100vw, 1024px\" \/><figcaption class=\"wp-element-caption\"><strong><em>O Multiverso recebeu, em outubro de 2022, um concerto para beb\u00eas, ministrado por alunos e professoras da Escola de M\u00fasica da UFMG (Foto: Arquivo pessoal)<\/em><\/strong><\/figcaption><\/figure>\n\n\n\n<figure class=\"wp-block-image size-large\"><img loading=\"lazy\" decoding=\"async\" width=\"1024\" height=\"412\" data-id=\"3737\" src=\"https:\/\/www.ufmg.br\/espacodoconhecimento\/novo\/wp-content\/uploads\/2025\/08\/Multiverso_Estorias-Roseanas-3-1024x412.png\" alt=\"\" class=\"wp-image-3737\" srcset=\"https:\/\/www.ufmg.br\/espacodoconhecimento\/wp-content\/uploads\/2025\/08\/Multiverso_Estorias-Roseanas-3-1024x412.png 1024w, https:\/\/www.ufmg.br\/espacodoconhecimento\/wp-content\/uploads\/2025\/08\/Multiverso_Estorias-Roseanas-3-300x121.png 300w, https:\/\/www.ufmg.br\/espacodoconhecimento\/wp-content\/uploads\/2025\/08\/Multiverso_Estorias-Roseanas-3-768x309.png 768w, https:\/\/www.ufmg.br\/espacodoconhecimento\/wp-content\/uploads\/2025\/08\/Multiverso_Estorias-Roseanas-3-1536x618.png 1536w, https:\/\/www.ufmg.br\/espacodoconhecimento\/wp-content\/uploads\/2025\/08\/Multiverso_Estorias-Roseanas-3.png 2048w\" sizes=\"(max-width: 1024px) 100vw, 1024px\" \/><figcaption class=\"wp-element-caption\"><strong><em>Em maio de 2023, Grupo Miguilim e F\u00e1bio Barbosa transportaram o p\u00fablico para o sert\u00e3o de Guimar\u00e3es Rosa (Foto: Divulga\u00e7\u00e3o | Grupo Miguilim)<\/em><\/strong><\/figcaption><\/figure>\n\n\n\n<figure class=\"wp-block-image size-large\"><img loading=\"lazy\" decoding=\"async\" width=\"1024\" height=\"682\" data-id=\"3733\" src=\"https:\/\/www.ufmg.br\/espacodoconhecimento\/novo\/wp-content\/uploads\/2025\/08\/imagemblog-1-1024x682.png\" alt=\"\" class=\"wp-image-3733\" srcset=\"https:\/\/www.ufmg.br\/espacodoconhecimento\/wp-content\/uploads\/2025\/08\/imagemblog-1-1024x682.png 1024w, https:\/\/www.ufmg.br\/espacodoconhecimento\/wp-content\/uploads\/2025\/08\/imagemblog-1-300x200.png 300w, https:\/\/www.ufmg.br\/espacodoconhecimento\/wp-content\/uploads\/2025\/08\/imagemblog-1-768x512.png 768w, https:\/\/www.ufmg.br\/espacodoconhecimento\/wp-content\/uploads\/2025\/08\/imagemblog-1.png 1280w\" sizes=\"(max-width: 1024px) 100vw, 1024px\" \/><figcaption class=\"wp-element-caption\"><strong><em>Conversas de Terreiro, com S\u00e9rgio Perer\u00ea, em maio de 2025<\/em><\/strong><\/figcaption><\/figure>\n<\/figure>\n\n\n\n<div style=\"height:50px\" aria-hidden=\"true\" class=\"wp-block-spacer\"><\/div>\n\n\n\n<p>O&nbsp;<strong>Espa\u00e7o do Conhecimento UFMG<\/strong>&nbsp;estimula a constru\u00e7\u00e3o de um olhar cr\u00edtico acerca da produ\u00e7\u00e3o de saberes. Sua programa\u00e7\u00e3o diversificada inclui exposi\u00e7\u00f5es, sess\u00f5es de planet\u00e1rio, debates, oficinas e a\u00e7\u00f5es educativas diversas. O Espa\u00e7o integra a Pr\u00f3-reitoria de Cultura (Procult) da Universidade Federal de Minas Gerais (UFMG) e conta com a Funda\u00e7\u00e3o Rodrigo Mello Franco de Andrade (FRMFA) e a Funda\u00e7\u00e3o de Apoio da UFMG (Fundep) no desenvolvimento de seus projetos. Integrante do Circuito Liberdade, o museu \u00e9 fruto da parceria entre a Universidade e o governo do estado de Minas Gerais. As a\u00e7\u00f5es do Espa\u00e7o do Conhecimento UFMG s\u00e3o viabilizadas por Leis de Incentivo \u00e0 Cultura, com patroc\u00ednio do Instituto Unimed-BH, da Cemig e da CYMI.<\/p>\n","protected":false},"excerpt":{"rendered":"<p>Gratuito e aberto ao p\u00fablico, o Multiverso \u00e9 realizado no Espa\u00e7o do Conhecimento UFMG desde 2017 pela Pr\u00f3-reitoria de Cultura (Procult) da UFMG, como parte do Circuito Cultural da Universidade, promovendo espet\u00e1culos, concertos, performances musicais e outras apresenta\u00e7\u00f5es gratuitas. Em maio de 2025, o projeto ganhou uma nova abordagem no museu, por meio de uma [&hellip;]<\/p>\n","protected":false},"author":3,"featured_media":0,"parent":0,"menu_order":0,"comment_status":"closed","ping_status":"closed","template":"","meta":{"_acf_changed":false,"footnotes":""},"class_list":["post-3719","page","type-page","status-publish","hentry"],"acf":[],"_links":{"self":[{"href":"https:\/\/www.ufmg.br\/espacodoconhecimento\/wp-json\/wp\/v2\/pages\/3719"}],"collection":[{"href":"https:\/\/www.ufmg.br\/espacodoconhecimento\/wp-json\/wp\/v2\/pages"}],"about":[{"href":"https:\/\/www.ufmg.br\/espacodoconhecimento\/wp-json\/wp\/v2\/types\/page"}],"author":[{"embeddable":true,"href":"https:\/\/www.ufmg.br\/espacodoconhecimento\/wp-json\/wp\/v2\/users\/3"}],"replies":[{"embeddable":true,"href":"https:\/\/www.ufmg.br\/espacodoconhecimento\/wp-json\/wp\/v2\/comments?post=3719"}],"version-history":[{"count":11,"href":"https:\/\/www.ufmg.br\/espacodoconhecimento\/wp-json\/wp\/v2\/pages\/3719\/revisions"}],"predecessor-version":[{"id":3753,"href":"https:\/\/www.ufmg.br\/espacodoconhecimento\/wp-json\/wp\/v2\/pages\/3719\/revisions\/3753"}],"wp:attachment":[{"href":"https:\/\/www.ufmg.br\/espacodoconhecimento\/wp-json\/wp\/v2\/media?parent=3719"}],"curies":[{"name":"wp","href":"https:\/\/api.w.org\/{rel}","templated":true}]}}

<figure class="wp-block-image size-large"><img loading="lazy" decoding="async" width="1024" height="412" src="https://www.ufmg.br/espacodoconhecimento/novo/wp-content/uploads/2025/08/capa-programacao-8-1024x412.png" alt="" class="wp-image-3720" srcset="https://www.ufmg.br/espacodoconhecimento/wp-content/uploads/2025/08/capa-programacao-8-1024x412.png 1024w, https://www.ufmg.br/espacodoconhecimento/wp-content/uploads/2025/08/capa-programacao-8-300x121.png 300w, https://www.ufmg.br/espacodoconhecimento/wp-content/uploads/2025/08/capa-programacao-8-768x309.png 768w, https://www.ufmg.br/espacodoconhecimento/wp-content/uploads/2025/08/capa-programacao-8-1536x618.png 1536w, https://www.ufmg.br/espacodoconhecimento/wp-content/uploads/2025/08/capa-programacao-8.png 2048w" sizes="(max-width: 1024px) 100vw, 1024px" /></figure>



<div style="height:50px" aria-hidden="true" class="wp-block-spacer"></div>



<p>Gratuito e aberto ao público, o Multiverso é realizado no Espaço do Conhecimento UFMG desde 2017 pela Pró-reitoria de Cultura (Procult) da UFMG, como parte do Circuito Cultural da Universidade, promovendo espetáculos, concertos, performances musicais e outras apresentações gratuitas. Em maio de 2025, o projeto ganhou uma nova abordagem no museu, por meio de uma edição especial intitulada “Conversas de Terreiro”, que visa receber artistas conectados à tradição e à potência da arte afrodiaspórica.</p>



<div style="height:10px" aria-hidden="true" class="wp-block-spacer"></div>



<p>“Conversas de Terreiro” é um bate-papo sonoro, visual e performático com artistas que trabalham a arte negra na Região Metropolitana de BH. A cada mês, o Espaço do Conhecimento UFMG é tomado pelo protagonismo de vozes negras por meio do canto, da dança, da música, da poesia e de performances — não apenas como expressão estética, mas como forma de pensar o mundo e relacionar vivências com os modos africanos e afrodiaspóricos de fazer arte. Inspirado nos terreiros, nas giras, nas quebradas, nas praças e na inteligência ancestral africana, a iniciativa propõe encontros vivos entre arte e ciência, superando dicotomias e afirmando que pensar também é dançar, rimar, tocar e respirar junto.</p>



<div style="height:35px" aria-hidden="true" class="wp-block-spacer"></div>



<figure class="wp-block-gallery has-nested-images columns-2 is-cropped wp-block-gallery-1 is-layout-flex wp-block-gallery-is-layout-flex">
<figure class="wp-block-image size-full"><img loading="lazy" decoding="async" width="1280" height="853" data-id="3732" src="https://www.ufmg.br/espacodoconhecimento/novo/wp-content/uploads/2025/08/imagemblog-2.png" alt="" class="wp-image-3732" srcset="https://www.ufmg.br/espacodoconhecimento/wp-content/uploads/2025/08/imagemblog-2.png 1280w, https://www.ufmg.br/espacodoconhecimento/wp-content/uploads/2025/08/imagemblog-2-300x200.png 300w, https://www.ufmg.br/espacodoconhecimento/wp-content/uploads/2025/08/imagemblog-2-1024x682.png 1024w, https://www.ufmg.br/espacodoconhecimento/wp-content/uploads/2025/08/imagemblog-2-768x512.png 768w" sizes="(max-width: 1280px) 100vw, 1280px" /><figcaption class="wp-element-caption"><em><strong>Conversas de Terreiro, com Luan Manzo, em julho de 2025</strong></em></figcaption></figure>



<figure class="wp-block-image size-large"><img loading="lazy" decoding="async" width="1024" height="683" data-id="3724" src="https://www.ufmg.br/espacodoconhecimento/novo/wp-content/uploads/2025/08/27.11-Projeto-_Multiverso_-Corpo-Preto-Surdo_-Nos-Estamos-Aqui-_-Creditos-Iris-Zanetti-1-1024x683.jpg" alt="" class="wp-image-3724" srcset="https://www.ufmg.br/espacodoconhecimento/wp-content/uploads/2025/08/27.11-Projeto-_Multiverso_-Corpo-Preto-Surdo_-Nos-Estamos-Aqui-_-Creditos-Iris-Zanetti-1-1024x683.jpg 1024w, https://www.ufmg.br/espacodoconhecimento/wp-content/uploads/2025/08/27.11-Projeto-_Multiverso_-Corpo-Preto-Surdo_-Nos-Estamos-Aqui-_-Creditos-Iris-Zanetti-1-300x200.jpg 300w, https://www.ufmg.br/espacodoconhecimento/wp-content/uploads/2025/08/27.11-Projeto-_Multiverso_-Corpo-Preto-Surdo_-Nos-Estamos-Aqui-_-Creditos-Iris-Zanetti-1-768x512.jpg 768w, https://www.ufmg.br/espacodoconhecimento/wp-content/uploads/2025/08/27.11-Projeto-_Multiverso_-Corpo-Preto-Surdo_-Nos-Estamos-Aqui-_-Creditos-Iris-Zanetti-1-1536x1024.jpg 1536w, https://www.ufmg.br/espacodoconhecimento/wp-content/uploads/2025/08/27.11-Projeto-_Multiverso_-Corpo-Preto-Surdo_-Nos-Estamos-Aqui-_-Creditos-Iris-Zanetti-1-2048x1365.jpg 2048w" sizes="(max-width: 1024px) 100vw, 1024px" /><figcaption class="wp-element-caption"><strong><em>Em novembro de 2024, o projeto recebeu o espetáculo &#8220;Corpo Preto Surdo – Nós Estamos Aqui&#8221; (Foto: Ìris Zanetti)</em></strong></figcaption></figure>



<figure class="wp-block-image size-large"><img loading="lazy" decoding="async" width="1024" height="412" data-id="3731" src="https://www.ufmg.br/espacodoconhecimento/novo/wp-content/uploads/2025/08/capa-bloco-chega-o-rei-1-1-1024x412.png" alt="" class="wp-image-3731" srcset="https://www.ufmg.br/espacodoconhecimento/wp-content/uploads/2025/08/capa-bloco-chega-o-rei-1-1-1024x412.png 1024w, https://www.ufmg.br/espacodoconhecimento/wp-content/uploads/2025/08/capa-bloco-chega-o-rei-1-1-300x121.png 300w, https://www.ufmg.br/espacodoconhecimento/wp-content/uploads/2025/08/capa-bloco-chega-o-rei-1-1-768x309.png 768w, https://www.ufmg.br/espacodoconhecimento/wp-content/uploads/2025/08/capa-bloco-chega-o-rei-1-1-1536x618.png 1536w, https://www.ufmg.br/espacodoconhecimento/wp-content/uploads/2025/08/capa-bloco-chega-o-rei-1-1.png 2048w" sizes="(max-width: 1024px) 100vw, 1024px" /><figcaption class="wp-element-caption"><strong><em>O Bloco Chega o Rei abrilhantou o museu com uma apresentação especial em fevereiro de 2024 </em></strong><br><strong><em>(Foto: Ruy Pereira)</em></strong></figcaption></figure>



<figure class="wp-block-image size-large"><img loading="lazy" decoding="async" width="1024" height="768" data-id="3738" src="https://www.ufmg.br/espacodoconhecimento/novo/wp-content/uploads/2025/08/WhatsApp-Image-2022-09-27-at-15.38.48-3-1024x768.jpeg" alt="" class="wp-image-3738" srcset="https://www.ufmg.br/espacodoconhecimento/wp-content/uploads/2025/08/WhatsApp-Image-2022-09-27-at-15.38.48-3-1024x768.jpeg 1024w, https://www.ufmg.br/espacodoconhecimento/wp-content/uploads/2025/08/WhatsApp-Image-2022-09-27-at-15.38.48-3-300x225.jpeg 300w, https://www.ufmg.br/espacodoconhecimento/wp-content/uploads/2025/08/WhatsApp-Image-2022-09-27-at-15.38.48-3-768x576.jpeg 768w, https://www.ufmg.br/espacodoconhecimento/wp-content/uploads/2025/08/WhatsApp-Image-2022-09-27-at-15.38.48-3-1536x1152.jpeg 1536w, https://www.ufmg.br/espacodoconhecimento/wp-content/uploads/2025/08/WhatsApp-Image-2022-09-27-at-15.38.48-3.jpeg 1600w" sizes="(max-width: 1024px) 100vw, 1024px" /><figcaption class="wp-element-caption"><strong><em>O Multiverso recebeu, em outubro de 2022, um concerto para bebês, ministrado por alunos e professoras da Escola de Música da UFMG (Foto: Arquivo pessoal)</em></strong></figcaption></figure>



<figure class="wp-block-image size-large"><img loading="lazy" decoding="async" width="1024" height="412" data-id="3737" src="https://www.ufmg.br/espacodoconhecimento/novo/wp-content/uploads/2025/08/Multiverso_Estorias-Roseanas-3-1024x412.png" alt="" class="wp-image-3737" srcset="https://www.ufmg.br/espacodoconhecimento/wp-content/uploads/2025/08/Multiverso_Estorias-Roseanas-3-1024x412.png 1024w, https://www.ufmg.br/espacodoconhecimento/wp-content/uploads/2025/08/Multiverso_Estorias-Roseanas-3-300x121.png 300w, https://www.ufmg.br/espacodoconhecimento/wp-content/uploads/2025/08/Multiverso_Estorias-Roseanas-3-768x309.png 768w, https://www.ufmg.br/espacodoconhecimento/wp-content/uploads/2025/08/Multiverso_Estorias-Roseanas-3-1536x618.png 1536w, https://www.ufmg.br/espacodoconhecimento/wp-content/uploads/2025/08/Multiverso_Estorias-Roseanas-3.png 2048w" sizes="(max-width: 1024px) 100vw, 1024px" /><figcaption class="wp-element-caption"><strong><em>Em maio de 2023, Grupo Miguilim e Fábio Barbosa transportaram o público para o sertão de Guimarães Rosa (Foto: Divulgação | Grupo Miguilim)</em></strong></figcaption></figure>



<figure class="wp-block-image size-large"><img loading="lazy" decoding="async" width="1024" height="682" data-id="3733" src="https://www.ufmg.br/espacodoconhecimento/novo/wp-content/uploads/2025/08/imagemblog-1-1024x682.png" alt="" class="wp-image-3733" srcset="https://www.ufmg.br/espacodoconhecimento/wp-content/uploads/2025/08/imagemblog-1-1024x682.png 1024w, https://www.ufmg.br/espacodoconhecimento/wp-content/uploads/2025/08/imagemblog-1-300x200.png 300w, https://www.ufmg.br/espacodoconhecimento/wp-content/uploads/2025/08/imagemblog-1-768x512.png 768w, https://www.ufmg.br/espacodoconhecimento/wp-content/uploads/2025/08/imagemblog-1.png 1280w" sizes="(max-width: 1024px) 100vw, 1024px" /><figcaption class="wp-element-caption"><strong><em>Conversas de Terreiro, com Sérgio Pererê, em maio de 2025</em></strong></figcaption></figure>
</figure>



<div style="height:50px" aria-hidden="true" class="wp-block-spacer"></div>



<p>O&nbsp;<strong>Espaço do Conhecimento UFMG</strong>&nbsp;estimula a construção de um olhar crítico acerca da produção de saberes. Sua programação diversificada inclui exposições, sessões de planetário, debates, oficinas e ações educativas diversas. O Espaço integra a Pró-reitoria de Cultura (Procult) da Universidade Federal de Minas Gerais (UFMG) e conta com a Fundação Rodrigo Mello Franco de Andrade (FRMFA) e a Fundação de Apoio da UFMG (Fundep) no desenvolvimento de seus projetos. Integrante do Circuito Liberdade, o museu é fruto da parceria entre a Universidade e o governo do estado de Minas Gerais. As ações do Espaço do Conhecimento UFMG são viabilizadas por Leis de Incentivo à Cultura, com patrocínio do Instituto Unimed-BH, da Cemig e da CYMI.</p>

<p>Gratuito e aberto ao público, o Multiverso é realizado no Espaço do Conhecimento UFMG desde 2017 pela Pró-reitoria de Cultura (Procult) da UFMG, como parte do Circuito Cultural da Universidade, promovendo espetáculos, concertos, performances musicais e outras apresentações gratuitas. Em maio de 2025, o projeto ganhou uma nova abordagem no museu, por meio de uma [&hellip;]</p>
