{"id":7112,"date":"2025-11-28T12:32:28","date_gmt":"2025-11-28T15:32:28","guid":{"rendered":"https:\/\/www.ufmg.br\/espacodoconhecimento\/novo\/?page_id=7112"},"modified":"2025-12-02T11:45:58","modified_gmt":"2025-12-02T14:45:58","slug":"da-terra-ao-universo","status":"publish","type":"page","link":"https:\/\/www.ufmg.br\/espacodoconhecimento\/planetario\/sinopses-planetario\/da-terra-ao-universo\/","title":{"rendered":"Da Terra ao Universo"},"content":{"rendered":"<figure class=\"wp-block-post-featured-image\"><img loading=\"lazy\" decoding=\"async\" width=\"1536\" height=\"636\" src=\"https:\/\/www.ufmg.br\/espacodoconhecimento\/wp-content\/uploads\/2025\/12\/Planetario-Creditos-Ana-Valvassori-e-Vanessa-Lemos-divulgacao-Espaco-do-Conhecimento-UFMG-5-1536x636-1.jpg\" class=\"attachment-post-thumbnail size-post-thumbnail wp-post-image\" alt=\"\" style=\"object-fit:cover;\" srcset=\"https:\/\/www.ufmg.br\/espacodoconhecimento\/wp-content\/uploads\/2025\/12\/Planetario-Creditos-Ana-Valvassori-e-Vanessa-Lemos-divulgacao-Espaco-do-Conhecimento-UFMG-5-1536x636-1.jpg 1536w, https:\/\/www.ufmg.br\/espacodoconhecimento\/wp-content\/uploads\/2025\/12\/Planetario-Creditos-Ana-Valvassori-e-Vanessa-Lemos-divulgacao-Espaco-do-Conhecimento-UFMG-5-1536x636-1-300x124.jpg 300w, https:\/\/www.ufmg.br\/espacodoconhecimento\/wp-content\/uploads\/2025\/12\/Planetario-Creditos-Ana-Valvassori-e-Vanessa-Lemos-divulgacao-Espaco-do-Conhecimento-UFMG-5-1536x636-1-1024x424.jpg 1024w, https:\/\/www.ufmg.br\/espacodoconhecimento\/wp-content\/uploads\/2025\/12\/Planetario-Creditos-Ana-Valvassori-e-Vanessa-Lemos-divulgacao-Espaco-do-Conhecimento-UFMG-5-1536x636-1-768x318.jpg 768w\" sizes=\"(max-width: 1536px) 100vw, 1536px\" \/><\/figure>\n\n\n<div style=\"height:36px\" aria-hidden=\"true\" class=\"wp-block-spacer\"><\/div>\n\n\n\n<p>O desejo de compreender o Universo \u00e9 uma das aspira\u00e7\u00f5es mais antigas dos seres humanos. No entanto, s\u00f3 recentemente come\u00e7amos a entender nosso lugar no cosmos. Nesta sess\u00e3o, os telespectadores se deleitam com o esplendor dos v\u00e1rios mundos no Sistema Solar e a incr\u00edvel imensid\u00e3o de gal\u00e1xias. O&nbsp;filme traz a experi\u00eancia de \u201cuma viagem colorida e inspiradora&#8221;, como descreve o diretor,&nbsp;Theofanis N. Matsopoulos. Segundo ele, &#8220;os visuais s\u00e3o deslumbrantes e realmente falam por si mesmos, mostrando at\u00e9 que ponto a ambi\u00e7\u00e3o da humanidade nos levou em termos de observa\u00e7\u00e3o e compreens\u00e3o do Universo\u201d.<\/p>\n\n\n\n<div style=\"height:36px\" aria-hidden=\"true\" class=\"wp-block-spacer\"><\/div>\n\n\n\n<p><strong><br>T\u00edtulo original:<\/strong>&nbsp;From Earth to the Universe<br><strong>Dura\u00e7\u00e3o:<\/strong>&nbsp;30 min<br><strong>Pa\u00eds de origem:<\/strong>&nbsp;Alemanha<br><strong>Produtor:<\/strong>&nbsp;European Southern Observatory (ESO)<br><strong>Diretor:&nbsp;<\/strong>Theofanis Matsopoulos<br><strong>Ano:<\/strong>&nbsp;2016<br><strong>Classifica\u00e7\u00e3o:<\/strong>&nbsp;Livre<br><strong>Recomenda\u00e7\u00e3o:<\/strong> a partir de 12 anos de idade. S\u00e3o abordados conceitos e teorias que&nbsp;exigem abstra\u00e7\u00e3o<\/p>\n","protected":false},"excerpt":{"rendered":"<p>O desejo de compreender o Universo \u00e9 uma das aspira\u00e7\u00f5es mais antigas dos seres humanos. No entanto, s\u00f3 recentemente come\u00e7amos a entender nosso lugar no cosmos. Nesta sess\u00e3o, os telespectadores se deleitam com o esplendor dos v\u00e1rios mundos no Sistema Solar e a incr\u00edvel imensid\u00e3o de gal\u00e1xias. O&nbsp;filme traz a experi\u00eancia de \u201cuma viagem colorida [&hellip;]<\/p>\n","protected":false},"author":3,"featured_media":7279,"parent":265,"menu_order":0,"comment_status":"closed","ping_status":"closed","template":"","meta":{"_acf_changed":false,"footnotes":""},"class_list":["post-7112","page","type-page","status-publish","has-post-thumbnail","hentry"],"acf":[],"_links":{"self":[{"href":"https:\/\/www.ufmg.br\/espacodoconhecimento\/wp-json\/wp\/v2\/pages\/7112"}],"collection":[{"href":"https:\/\/www.ufmg.br\/espacodoconhecimento\/wp-json\/wp\/v2\/pages"}],"about":[{"href":"https:\/\/www.ufmg.br\/espacodoconhecimento\/wp-json\/wp\/v2\/types\/page"}],"author":[{"embeddable":true,"href":"https:\/\/www.ufmg.br\/espacodoconhecimento\/wp-json\/wp\/v2\/users\/3"}],"replies":[{"embeddable":true,"href":"https:\/\/www.ufmg.br\/espacodoconhecimento\/wp-json\/wp\/v2\/comments?post=7112"}],"version-history":[{"count":1,"href":"https:\/\/www.ufmg.br\/espacodoconhecimento\/wp-json\/wp\/v2\/pages\/7112\/revisions"}],"predecessor-version":[{"id":7114,"href":"https:\/\/www.ufmg.br\/espacodoconhecimento\/wp-json\/wp\/v2\/pages\/7112\/revisions\/7114"}],"up":[{"embeddable":true,"href":"https:\/\/www.ufmg.br\/espacodoconhecimento\/wp-json\/wp\/v2\/pages\/265"}],"wp:featuredmedia":[{"embeddable":true,"href":"https:\/\/www.ufmg.br\/espacodoconhecimento\/wp-json\/wp\/v2\/media\/7279"}],"wp:attachment":[{"href":"https:\/\/www.ufmg.br\/espacodoconhecimento\/wp-json\/wp\/v2\/media?parent=7112"}],"curies":[{"name":"wp","href":"https:\/\/api.w.org\/{rel}","templated":true}]}}

<figure class="wp-block-post-featured-image"><img loading="lazy" decoding="async" width="1536" height="636" src="https://www.ufmg.br/espacodoconhecimento/wp-content/uploads/2025/12/Planetario-Creditos-Ana-Valvassori-e-Vanessa-Lemos-divulgacao-Espaco-do-Conhecimento-UFMG-5-1536x636-1.jpg" class="attachment-post-thumbnail size-post-thumbnail wp-post-image" alt="" style="object-fit:cover;" srcset="https://www.ufmg.br/espacodoconhecimento/wp-content/uploads/2025/12/Planetario-Creditos-Ana-Valvassori-e-Vanessa-Lemos-divulgacao-Espaco-do-Conhecimento-UFMG-5-1536x636-1.jpg 1536w, https://www.ufmg.br/espacodoconhecimento/wp-content/uploads/2025/12/Planetario-Creditos-Ana-Valvassori-e-Vanessa-Lemos-divulgacao-Espaco-do-Conhecimento-UFMG-5-1536x636-1-300x124.jpg 300w, https://www.ufmg.br/espacodoconhecimento/wp-content/uploads/2025/12/Planetario-Creditos-Ana-Valvassori-e-Vanessa-Lemos-divulgacao-Espaco-do-Conhecimento-UFMG-5-1536x636-1-1024x424.jpg 1024w, https://www.ufmg.br/espacodoconhecimento/wp-content/uploads/2025/12/Planetario-Creditos-Ana-Valvassori-e-Vanessa-Lemos-divulgacao-Espaco-do-Conhecimento-UFMG-5-1536x636-1-768x318.jpg 768w" sizes="(max-width: 1536px) 100vw, 1536px" /></figure>


<div style="height:36px" aria-hidden="true" class="wp-block-spacer"></div>



<p>O desejo de compreender o Universo é uma das aspirações mais antigas dos seres humanos. No entanto, só recentemente começamos a entender nosso lugar no cosmos. Nesta sessão, os telespectadores se deleitam com o esplendor dos vários mundos no Sistema Solar e a incrível imensidão de galáxias. O&nbsp;filme traz a experiência de “uma viagem colorida e inspiradora&#8221;, como descreve o diretor,&nbsp;Theofanis N. Matsopoulos. Segundo ele, &#8220;os visuais são deslumbrantes e realmente falam por si mesmos, mostrando até que ponto a ambição da humanidade nos levou em termos de observação e compreensão do Universo”.</p>



<div style="height:36px" aria-hidden="true" class="wp-block-spacer"></div>



<p><strong><br>Título original:</strong>&nbsp;From Earth to the Universe<br><strong>Duração:</strong>&nbsp;30 min<br><strong>País de origem:</strong>&nbsp;Alemanha<br><strong>Produtor:</strong>&nbsp;European Southern Observatory (ESO)<br><strong>Diretor:&nbsp;</strong>Theofanis Matsopoulos<br><strong>Ano:</strong>&nbsp;2016<br><strong>Classificação:</strong>&nbsp;Livre<br><strong>Recomendação:</strong> a partir de 12 anos de idade. São abordados conceitos e teorias que&nbsp;exigem abstração</p>

<p>O desejo de compreender o Universo é uma das aspirações mais antigas dos seres humanos. No entanto, só recentemente começamos a entender nosso lugar no cosmos. Nesta sessão, os telespectadores se deleitam com o esplendor dos vários mundos no Sistema Solar e a incrível imensidão de galáxias. O&nbsp;filme traz a experiência de “uma viagem colorida [&hellip;]</p>
