{"id":7121,"date":"2025-11-28T13:04:52","date_gmt":"2025-11-28T16:04:52","guid":{"rendered":"https:\/\/www.ufmg.br\/espacodoconhecimento\/novo\/?page_id=7121"},"modified":"2025-12-02T12:06:26","modified_gmt":"2025-12-02T15:06:26","slug":"alvorecer-da-era-espacial","status":"publish","type":"page","link":"https:\/\/www.ufmg.br\/espacodoconhecimento\/planetario\/sinopses-planetario\/alvorecer-da-era-espacial\/","title":{"rendered":"Alvorecer da Era Espacial"},"content":{"rendered":"\n<div style=\"height:36px\" aria-hidden=\"true\" class=\"wp-block-spacer\"><\/div>\n\n\n<figure class=\"wp-block-post-featured-image\"><img loading=\"lazy\" decoding=\"async\" width=\"1440\" height=\"582\" src=\"https:\/\/www.ufmg.br\/espacodoconhecimento\/wp-content\/uploads\/2025\/11\/Alvorecer-da-Era-Espacial-print-2-1.png\" class=\"attachment-post-thumbnail size-post-thumbnail wp-post-image\" alt=\"\" style=\"object-fit:cover;\" srcset=\"https:\/\/www.ufmg.br\/espacodoconhecimento\/wp-content\/uploads\/2025\/11\/Alvorecer-da-Era-Espacial-print-2-1.png 1440w, https:\/\/www.ufmg.br\/espacodoconhecimento\/wp-content\/uploads\/2025\/11\/Alvorecer-da-Era-Espacial-print-2-1-300x121.png 300w, https:\/\/www.ufmg.br\/espacodoconhecimento\/wp-content\/uploads\/2025\/11\/Alvorecer-da-Era-Espacial-print-2-1-1024x414.png 1024w, https:\/\/www.ufmg.br\/espacodoconhecimento\/wp-content\/uploads\/2025\/11\/Alvorecer-da-Era-Espacial-print-2-1-768x310.png 768w\" sizes=\"(max-width: 1440px) 100vw, 1440px\" \/><\/figure>\n\n\n<div style=\"height:36px\" aria-hidden=\"true\" class=\"wp-block-spacer\"><\/div>\n\n\n\n<p>O filme conta a hist\u00f3ria das viagens espaciais, passando por v\u00e1rios momentos: o Sputnik 1, as explora\u00e7\u00f5es na Lua, a constru\u00e7\u00e3o da Esta\u00e7\u00e3o Espacial e os primeiros voos particulares. Mostra, tamb\u00e9m, a competi\u00e7\u00e3o entre os Estados Unidos e a Uni\u00e3o Sovi\u00e9tica&nbsp;pela supremacia do espa\u00e7o&nbsp;em uma cuidadosa reconstru\u00e7\u00e3o hist\u00f3rica dos primeiros&nbsp;passos da humanidade no cosmos.<\/p>\n\n\n\n<div style=\"height:36px\" aria-hidden=\"true\" class=\"wp-block-spacer\"><\/div>\n\n\n\n<p><strong>T\u00edtulo original:<\/strong>Dawn of the Space Age<\/p>\n\n\n\n<p><strong>Dura\u00e7\u00e3o:<\/strong>40 minutos<br><\/p>\n\n\n\n<p><strong>Pa\u00eds de origem:<\/strong>Holanda<br><\/p>\n\n\n\n<p><strong>Produtora:<\/strong>Mirage 3D<br><\/p>\n\n\n\n<p><strong>Ano:<\/strong>2006<br><\/p>\n\n\n\n<p><strong>Classifica\u00e7\u00e3o<\/strong>: livre<br><\/p>\n\n\n\n<p><strong>Recomenda\u00e7\u00e3o<\/strong>: a partir de 12 anos de idade. S\u00e3o abordados conceitos e teorias\u00a0que exigem abstra\u00e7\u00e3o.<\/p>\n","protected":false},"excerpt":{"rendered":"<p>O filme conta a hist\u00f3ria das viagens espaciais, passando por v\u00e1rios momentos: o Sputnik 1, as explora\u00e7\u00f5es na Lua, a constru\u00e7\u00e3o da Esta\u00e7\u00e3o Espacial e os primeiros voos particulares. Mostra, tamb\u00e9m, a competi\u00e7\u00e3o entre os Estados Unidos e a Uni\u00e3o Sovi\u00e9tica&nbsp;pela supremacia do espa\u00e7o&nbsp;em uma cuidadosa reconstru\u00e7\u00e3o hist\u00f3rica dos primeiros&nbsp;passos da humanidade no cosmos. T\u00edtulo [&hellip;]<\/p>\n","protected":false},"author":3,"featured_media":7122,"parent":265,"menu_order":0,"comment_status":"closed","ping_status":"closed","template":"","meta":{"_acf_changed":false,"footnotes":""},"class_list":["post-7121","page","type-page","status-publish","has-post-thumbnail","hentry"],"acf":[],"_links":{"self":[{"href":"https:\/\/www.ufmg.br\/espacodoconhecimento\/wp-json\/wp\/v2\/pages\/7121"}],"collection":[{"href":"https:\/\/www.ufmg.br\/espacodoconhecimento\/wp-json\/wp\/v2\/pages"}],"about":[{"href":"https:\/\/www.ufmg.br\/espacodoconhecimento\/wp-json\/wp\/v2\/types\/page"}],"author":[{"embeddable":true,"href":"https:\/\/www.ufmg.br\/espacodoconhecimento\/wp-json\/wp\/v2\/users\/3"}],"replies":[{"embeddable":true,"href":"https:\/\/www.ufmg.br\/espacodoconhecimento\/wp-json\/wp\/v2\/comments?post=7121"}],"version-history":[{"count":2,"href":"https:\/\/www.ufmg.br\/espacodoconhecimento\/wp-json\/wp\/v2\/pages\/7121\/revisions"}],"predecessor-version":[{"id":7292,"href":"https:\/\/www.ufmg.br\/espacodoconhecimento\/wp-json\/wp\/v2\/pages\/7121\/revisions\/7292"}],"up":[{"embeddable":true,"href":"https:\/\/www.ufmg.br\/espacodoconhecimento\/wp-json\/wp\/v2\/pages\/265"}],"wp:featuredmedia":[{"embeddable":true,"href":"https:\/\/www.ufmg.br\/espacodoconhecimento\/wp-json\/wp\/v2\/media\/7122"}],"wp:attachment":[{"href":"https:\/\/www.ufmg.br\/espacodoconhecimento\/wp-json\/wp\/v2\/media?parent=7121"}],"curies":[{"name":"wp","href":"https:\/\/api.w.org\/{rel}","templated":true}]}}

<div style="height:36px" aria-hidden="true" class="wp-block-spacer"></div>


<figure class="wp-block-post-featured-image"><img loading="lazy" decoding="async" width="1440" height="582" src="https://www.ufmg.br/espacodoconhecimento/wp-content/uploads/2025/11/Alvorecer-da-Era-Espacial-print-2-1.png" class="attachment-post-thumbnail size-post-thumbnail wp-post-image" alt="" style="object-fit:cover;" srcset="https://www.ufmg.br/espacodoconhecimento/wp-content/uploads/2025/11/Alvorecer-da-Era-Espacial-print-2-1.png 1440w, https://www.ufmg.br/espacodoconhecimento/wp-content/uploads/2025/11/Alvorecer-da-Era-Espacial-print-2-1-300x121.png 300w, https://www.ufmg.br/espacodoconhecimento/wp-content/uploads/2025/11/Alvorecer-da-Era-Espacial-print-2-1-1024x414.png 1024w, https://www.ufmg.br/espacodoconhecimento/wp-content/uploads/2025/11/Alvorecer-da-Era-Espacial-print-2-1-768x310.png 768w" sizes="(max-width: 1440px) 100vw, 1440px" /></figure>


<div style="height:36px" aria-hidden="true" class="wp-block-spacer"></div>



<p>O filme conta a história das viagens espaciais, passando por vários momentos: o Sputnik 1, as explorações na Lua, a construção da Estação Espacial e os primeiros voos particulares. Mostra, também, a competição entre os Estados Unidos e a União Soviética&nbsp;pela supremacia do espaço&nbsp;em uma cuidadosa reconstrução histórica dos primeiros&nbsp;passos da humanidade no cosmos.</p>



<div style="height:36px" aria-hidden="true" class="wp-block-spacer"></div>



<p><strong>Título original:</strong>Dawn of the Space Age</p>



<p><strong>Duração:</strong>40 minutos<br></p>



<p><strong>País de origem:</strong>Holanda<br></p>



<p><strong>Produtora:</strong>Mirage 3D<br></p>



<p><strong>Ano:</strong>2006<br></p>



<p><strong>Classificação</strong>: livre<br></p>



<p><strong>Recomendação</strong>: a partir de 12 anos de idade. São abordados conceitos e teorias que exigem abstração.</p>

<p>O filme conta a história das viagens espaciais, passando por vários momentos: o Sputnik 1, as explorações na Lua, a construção da Estação Espacial e os primeiros voos particulares. Mostra, também, a competição entre os Estados Unidos e a União Soviética&nbsp;pela supremacia do espaço&nbsp;em uma cuidadosa reconstrução histórica dos primeiros&nbsp;passos da humanidade no cosmos. Título [&hellip;]</p>
