{"id":7130,"date":"2025-11-28T13:16:23","date_gmt":"2025-11-28T16:16:23","guid":{"rendered":"https:\/\/www.ufmg.br\/espacodoconhecimento\/novo\/?page_id=7130"},"modified":"2025-12-02T12:11:53","modified_gmt":"2025-12-02T15:11:53","slug":"a-lua-e-o-zodiaco-sessao-comentada","status":"publish","type":"page","link":"https:\/\/www.ufmg.br\/espacodoconhecimento\/planetario\/sinopses-planetario\/a-lua-e-o-zodiaco-sessao-comentada\/","title":{"rendered":"A Lua e o Zod\u00edaco"},"content":{"rendered":"\n<div style=\"height:36px\" aria-hidden=\"true\" class=\"wp-block-spacer\"><\/div>\n\n\n<figure class=\"wp-block-post-featured-image\"><img loading=\"lazy\" decoding=\"async\" width=\"2560\" height=\"1033\" src=\"https:\/\/www.ufmg.br\/espacodoconhecimento\/wp-content\/uploads\/2025\/11\/IMG_3550-2-1-scaled.jpg\" class=\"attachment-post-thumbnail size-post-thumbnail wp-post-image\" alt=\"\" style=\"object-fit:cover;\" srcset=\"https:\/\/www.ufmg.br\/espacodoconhecimento\/wp-content\/uploads\/2025\/11\/IMG_3550-2-1-scaled.jpg 2560w, https:\/\/www.ufmg.br\/espacodoconhecimento\/wp-content\/uploads\/2025\/11\/IMG_3550-2-1-300x121.jpg 300w, https:\/\/www.ufmg.br\/espacodoconhecimento\/wp-content\/uploads\/2025\/11\/IMG_3550-2-1-1024x413.jpg 1024w, https:\/\/www.ufmg.br\/espacodoconhecimento\/wp-content\/uploads\/2025\/11\/IMG_3550-2-1-768x310.jpg 768w, https:\/\/www.ufmg.br\/espacodoconhecimento\/wp-content\/uploads\/2025\/11\/IMG_3550-2-1-1536x620.jpg 1536w, https:\/\/www.ufmg.br\/espacodoconhecimento\/wp-content\/uploads\/2025\/11\/IMG_3550-2-1-2048x826.jpg 2048w\" sizes=\"(max-width: 2560px) 100vw, 2560px\" \/><\/figure>\n\n\n<div style=\"height:36px\" aria-hidden=\"true\" class=\"wp-block-spacer\"><\/div>\n\n\n\n<p>No per\u00edodo de aproximadamente um m\u00eas, a Lua completa sua \u00f3rbita em torno do nosso planeta e, a cada posi\u00e7\u00e3o em que ela se encontra, percebemos uma fase diferente. Com algumas simples observa\u00e7\u00f5es a olho nu, \u00e9 poss\u00edvel reconhecer as fases da Lua e as constela\u00e7\u00f5es do zod\u00edaco por onde ela passa ao longo de seu ciclo.<\/p>\n\n\n\n<div style=\"height:36px\" aria-hidden=\"true\" class=\"wp-block-spacer\"><\/div>\n\n\n\n<p><strong>Dura\u00e7\u00e3o: <\/strong>Aproximadamente 30 min<strong><br>Classifica\u00e7\u00e3o<\/strong>: livre<br><strong>Recomenda\u00e7\u00e3o<\/strong>:&nbsp;a partir de 12 anos de idade.&nbsp;S\u00e3o abordados conceitos e teorias&nbsp;que exigem abstra\u00e7\u00e3o.<\/p>\n","protected":false},"excerpt":{"rendered":"<p>No per\u00edodo de aproximadamente um m\u00eas, a Lua completa sua \u00f3rbita em torno do nosso planeta e, a cada posi\u00e7\u00e3o em que ela se encontra, percebemos uma fase diferente. Com algumas simples observa\u00e7\u00f5es a olho nu, \u00e9 poss\u00edvel reconhecer as fases da Lua e as constela\u00e7\u00f5es do zod\u00edaco por onde ela passa ao longo de [&hellip;]<\/p>\n","protected":false},"author":3,"featured_media":7131,"parent":265,"menu_order":0,"comment_status":"closed","ping_status":"closed","template":"","meta":{"_acf_changed":false,"footnotes":""},"class_list":["post-7130","page","type-page","status-publish","has-post-thumbnail","hentry"],"acf":[],"_links":{"self":[{"href":"https:\/\/www.ufmg.br\/espacodoconhecimento\/wp-json\/wp\/v2\/pages\/7130"}],"collection":[{"href":"https:\/\/www.ufmg.br\/espacodoconhecimento\/wp-json\/wp\/v2\/pages"}],"about":[{"href":"https:\/\/www.ufmg.br\/espacodoconhecimento\/wp-json\/wp\/v2\/types\/page"}],"author":[{"embeddable":true,"href":"https:\/\/www.ufmg.br\/espacodoconhecimento\/wp-json\/wp\/v2\/users\/3"}],"replies":[{"embeddable":true,"href":"https:\/\/www.ufmg.br\/espacodoconhecimento\/wp-json\/wp\/v2\/comments?post=7130"}],"version-history":[{"count":2,"href":"https:\/\/www.ufmg.br\/espacodoconhecimento\/wp-json\/wp\/v2\/pages\/7130\/revisions"}],"predecessor-version":[{"id":7299,"href":"https:\/\/www.ufmg.br\/espacodoconhecimento\/wp-json\/wp\/v2\/pages\/7130\/revisions\/7299"}],"up":[{"embeddable":true,"href":"https:\/\/www.ufmg.br\/espacodoconhecimento\/wp-json\/wp\/v2\/pages\/265"}],"wp:featuredmedia":[{"embeddable":true,"href":"https:\/\/www.ufmg.br\/espacodoconhecimento\/wp-json\/wp\/v2\/media\/7131"}],"wp:attachment":[{"href":"https:\/\/www.ufmg.br\/espacodoconhecimento\/wp-json\/wp\/v2\/media?parent=7130"}],"curies":[{"name":"wp","href":"https:\/\/api.w.org\/{rel}","templated":true}]}}

A Lua e o Zodíaco

<div style="height:36px" aria-hidden="true" class="wp-block-spacer"></div>


<figure class="wp-block-post-featured-image"><img loading="lazy" decoding="async" width="2560" height="1033" src="https://www.ufmg.br/espacodoconhecimento/wp-content/uploads/2025/11/IMG_3550-2-1-scaled.jpg" class="attachment-post-thumbnail size-post-thumbnail wp-post-image" alt="" style="object-fit:cover;" srcset="https://www.ufmg.br/espacodoconhecimento/wp-content/uploads/2025/11/IMG_3550-2-1-scaled.jpg 2560w, https://www.ufmg.br/espacodoconhecimento/wp-content/uploads/2025/11/IMG_3550-2-1-300x121.jpg 300w, https://www.ufmg.br/espacodoconhecimento/wp-content/uploads/2025/11/IMG_3550-2-1-1024x413.jpg 1024w, https://www.ufmg.br/espacodoconhecimento/wp-content/uploads/2025/11/IMG_3550-2-1-768x310.jpg 768w, https://www.ufmg.br/espacodoconhecimento/wp-content/uploads/2025/11/IMG_3550-2-1-1536x620.jpg 1536w, https://www.ufmg.br/espacodoconhecimento/wp-content/uploads/2025/11/IMG_3550-2-1-2048x826.jpg 2048w" sizes="(max-width: 2560px) 100vw, 2560px" /></figure>


<div style="height:36px" aria-hidden="true" class="wp-block-spacer"></div>



<p>No período de aproximadamente um mês, a Lua completa sua órbita em torno do nosso planeta e, a cada posição em que ela se encontra, percebemos uma fase diferente. Com algumas simples observações a olho nu, é possível reconhecer as fases da Lua e as constelações do zodíaco por onde ela passa ao longo de seu ciclo.</p>



<div style="height:36px" aria-hidden="true" class="wp-block-spacer"></div>



<p><strong>Duração: </strong>Aproximadamente 30 min<strong><br>Classificação</strong>: livre<br><strong>Recomendação</strong>:&nbsp;a partir de 12 anos de idade.&nbsp;São abordados conceitos e teorias&nbsp;que exigem abstração.</p>

<p>No período de aproximadamente um mês, a Lua completa sua órbita em torno do nosso planeta e, a cada posição em que ela se encontra, percebemos uma fase diferente. Com algumas simples observações a olho nu, é possível reconhecer as fases da Lua e as constelações do zodíaco por onde ela passa ao longo de [&hellip;]</p>
