{"id":7228,"date":"2025-12-01T14:03:25","date_gmt":"2025-12-01T17:03:25","guid":{"rendered":"https:\/\/www.ufmg.br\/espacodoconhecimento\/?page_id=7228"},"modified":"2026-04-10T14:15:19","modified_gmt":"2026-04-10T17:15:19","slug":"fachada-digital","status":"publish","type":"page","link":"https:\/\/www.ufmg.br\/espacodoconhecimento\/fachada-digital\/","title":{"rendered":"Fachada Digital"},"content":{"rendered":"\n<h3 class=\"wp-block-heading\"><\/h3>\n\n\n\n<figure class=\"wp-block-image size-full\"><img loading=\"lazy\" decoding=\"async\" width=\"863\" height=\"666\" src=\"https:\/\/www.ufmg.br\/espacodoconhecimento\/wp-content\/uploads\/2025\/12\/Fachada-Digital-Divulgacao-Espaco-do-Conhecimento-UFMG-1.jpeg\" alt=\"\" class=\"wp-image-7230\" srcset=\"https:\/\/www.ufmg.br\/espacodoconhecimento\/wp-content\/uploads\/2025\/12\/Fachada-Digital-Divulgacao-Espaco-do-Conhecimento-UFMG-1.jpeg 863w, https:\/\/www.ufmg.br\/espacodoconhecimento\/wp-content\/uploads\/2025\/12\/Fachada-Digital-Divulgacao-Espaco-do-Conhecimento-UFMG-1-300x232.jpeg 300w, https:\/\/www.ufmg.br\/espacodoconhecimento\/wp-content\/uploads\/2025\/12\/Fachada-Digital-Divulgacao-Espaco-do-Conhecimento-UFMG-1-768x593.jpeg 768w\" sizes=\"(max-width: 863px) 100vw, 863px\" \/><\/figure>\n\n\n\n<div style=\"height:35px\" aria-hidden=\"true\" class=\"wp-block-spacer\"><\/div>\n\n\n\n<p>Durante a noite, a fachada do Espa\u00e7o do Conhecimento UFMG se transforma em uma<strong> grande tela de proje\u00e7\u00e3o:<\/strong> revestida por um material v\u00edtreo especial, ela exibe imagens, v\u00eddeos e conte\u00fados audiovisuais relacionados \u00e0 programa\u00e7\u00e3o do <strong>museu, da universidade e da sociedade.<\/strong> <a href=\"https:\/\/www.ufmg.br\/espacodoconhecimento\/descubra\/fachada-digital\/?utm_source=chatgpt.com\" target=\"_blank\" rel=\"noreferrer noopener\"><\/a>O sistema de proje\u00e7\u00e3o \u00e9 composto por 12 projetores<strong> <\/strong>, integrados por um sistema de divis\u00e3o e distribui\u00e7\u00e3o da imagem dividida em doze se\u00e7\u00f5es. <a href=\"https:\/\/www.ufmg.br\/espacodoconhecimento\/roteiro-para-submissao-de-propostas-planetario-e-fachada-digital\/?utm_source=chatgpt.com\" target=\"_blank\" rel=\"noreferrer noopener\"><\/a><\/p>\n\n\n\n<p>Ao longo do ano, a fachada exibe produ\u00e7\u00f5es que aproximam ci\u00eancia, arte e cultura da cidade: fotografias, poemas, curtas, anima\u00e7\u00f5es, mostras tem\u00e1ticas, conte\u00fados da universidade e propostas externas submetidas em chamadas p\u00fablicas. <a href=\"https:\/\/ufmg.br\/comunicacao\/assessoria-de-imprensa\/release\/fachada-digital-do-espaco-do-conhecimento-ufmg-exibe-projetos-e-acoes-de-extensao?utm_source=chatgpt.com\" target=\"_blank\" rel=\"noreferrer noopener\"><\/a>As proje\u00e7\u00f5es acontecem no per\u00edodo noturno, geralmente entre<strong> 19h e 22h.<\/strong><\/p>\n\n\n\n<div style=\"height:27px\" aria-hidden=\"true\" class=\"wp-block-spacer\"><\/div>\n\n\n\n<p> _________<\/p>\n\n\n\n<h3 class=\"wp-block-heading\">EDITAL DE CHAMADA P\u00daBLICA N\u00ba 01\/2025<mark style=\"background-color:rgba(0, 0, 0, 0)\" class=\"has-inline-color has-vivid-red-color\"> (INSCRI\u00c7\u00d5ES ENCERRADAS)<\/mark><\/h3>\n\n\n\n<p><em>FACHADA DIGITAL DO ESPA\u00c7O DO CONHECIMENTO UFMG<\/em><\/p>\n\n\n\n<div style=\"height:15px\" aria-hidden=\"true\" class=\"wp-block-spacer\"><\/div>\n\n\n\n<p>O Espa\u00e7o do Conhecimento UFMG abre inscri\u00e7\u00f5es para a <strong>Chamada P\u00fablica n\u00ba 01\/2025<\/strong>, destinada \u00e0 sele\u00e7\u00e3o de obras para a programa\u00e7\u00e3o de 2026 da <strong>Fachada Digital<\/strong>, voltada \u00e0 difus\u00e3o de conte\u00fados que articulam ci\u00eancia, arte, cultura e cidade.<\/p>\n\n\n\n<div style=\"height:15px\" aria-hidden=\"true\" class=\"wp-block-spacer\"><\/div>\n\n\n\n<p><strong><mark style=\"background-color:rgba(0, 0, 0, 0)\" class=\"has-inline-color has-vivid-cyan-blue-color\">Acesse o edital completo!<\/mark><\/strong><\/p>\n\n\n\n<p><a href=\"https:\/\/ufmg.br\/comunicacao\/noticias\/exposicao-em-fachada-digital-comemora-120-anos-de-bh?utm_source=chatgpt.com\" target=\"_blank\" rel=\"noreferrer noopener\"><\/a><\/p>\n\n\n\n<div data-wp-interactive=\"core\/file\" class=\"wp-block-file\"><object data-wp-bind--hidden=\"!state.hasPdfPreview\"  class=\"wp-block-file__embed\" data=\"https:\/\/www.ufmg.br\/espacodoconhecimento\/wp-content\/uploads\/2025\/12\/Chamada-Fachada-Digital-2026.pdf\" type=\"application\/pdf\" style=\"width:100%;height:600px\" aria-label=\"Incorporado de Chamada Fachada Digital 2026.\"><\/object><a id=\"wp-block-file--media-6ca53972-efed-45f5-b465-4554ddb962c7\" href=\"https:\/\/www.ufmg.br\/espacodoconhecimento\/wp-content\/uploads\/2025\/12\/Chamada-Fachada-Digital-2026.pdf\">Chamada Fachada Digital 2026<\/a><a href=\"https:\/\/www.ufmg.br\/espacodoconhecimento\/wp-content\/uploads\/2025\/12\/Chamada-Fachada-Digital-2026.pdf\" class=\"wp-block-file__button wp-element-button\" download aria-describedby=\"wp-block-file--media-6ca53972-efed-45f5-b465-4554ddb962c7\">Baixar<\/a><\/div>\n\n\n\n<div style=\"height:11px\" aria-hidden=\"true\" class=\"wp-block-spacer\"><\/div>\n\n\n\n<p>_________<\/p>\n\n\n\n<h3 class=\"wp-block-heading\">PARA ENVIO DE PROPOSTAS<\/h3>\n\n\n\n<p>O Espa\u00e7o do Conhecimento UFMG recebe propostas externas para a Fachada Digital e para o Planet\u00e1rio. Todas as submiss\u00f5es passam pela avalia\u00e7\u00e3o da Comiss\u00e3o Curatorial dessas m\u00eddias.<\/p>\n\n\n\n<p><em><strong><mark style=\"background-color:rgba(0, 0, 0, 0)\" class=\"has-inline-color has-vivid-red-color\">Aten\u00e7\u00e3o<\/mark>:<\/strong> o recebimento de propostas pelo fluxo cont\u00ednuo est\u00e1 suspenso at\u00e9 a data de divulga\u00e7\u00e3o do resultado da chamada tem\u00e1tica 01\/2025 da Fachada Digital. Durante esse intervalo, o formul\u00e1rio de envio ficar\u00e1 indispon\u00edvel. <\/em><\/p>\n\n\n\n<div style=\"height:11px\" aria-hidden=\"true\" class=\"wp-block-spacer\"><\/div>\n\n\n\n<figure class=\"wp-block-gallery has-nested-images columns-default is-cropped wp-block-gallery-1 is-layout-flex wp-block-gallery-is-layout-flex\">\n<figure class=\"wp-block-image size-large\"><img loading=\"lazy\" decoding=\"async\" width=\"1024\" height=\"768\" data-id=\"3251\" src=\"https:\/\/www.ufmg.br\/espacodoconhecimento\/wp-content\/uploads\/2025\/08\/image_2025-08-13_204314907.png\" alt=\"\" class=\"wp-image-3251\" srcset=\"https:\/\/www.ufmg.br\/espacodoconhecimento\/wp-content\/uploads\/2025\/08\/image_2025-08-13_204314907.png 1024w, https:\/\/www.ufmg.br\/espacodoconhecimento\/wp-content\/uploads\/2025\/08\/image_2025-08-13_204314907-300x225.png 300w, https:\/\/www.ufmg.br\/espacodoconhecimento\/wp-content\/uploads\/2025\/08\/image_2025-08-13_204314907-768x576.png 768w\" sizes=\"(max-width: 1024px) 100vw, 1024px\" \/><\/figure>\n\n\n\n<figure class=\"wp-block-image size-large\"><img loading=\"lazy\" decoding=\"async\" width=\"1024\" height=\"837\" data-id=\"1597\" src=\"https:\/\/www.ufmg.br\/espacodoconhecimento\/wp-content\/uploads\/2025\/08\/Fachada-Digital-Creditos-Espaco-do-Conhecimento-UFMG-1024x837-1.jpg\" alt=\"\" class=\"wp-image-1597\" srcset=\"https:\/\/www.ufmg.br\/espacodoconhecimento\/wp-content\/uploads\/2025\/08\/Fachada-Digital-Creditos-Espaco-do-Conhecimento-UFMG-1024x837-1.jpg 1024w, https:\/\/www.ufmg.br\/espacodoconhecimento\/wp-content\/uploads\/2025\/08\/Fachada-Digital-Creditos-Espaco-do-Conhecimento-UFMG-1024x837-1-300x245.jpg 300w, https:\/\/www.ufmg.br\/espacodoconhecimento\/wp-content\/uploads\/2025\/08\/Fachada-Digital-Creditos-Espaco-do-Conhecimento-UFMG-1024x837-1-768x628.jpg 768w\" sizes=\"(max-width: 1024px) 100vw, 1024px\" \/><\/figure>\n<\/figure>\n\n\n\n<div style=\"height:26px\" aria-hidden=\"true\" class=\"wp-block-spacer\"><\/div>\n\n\n\n<figure class=\"wp-block-embed is-type-wp-embed is-provider-espa-o-do-conhecimento-ufmg wp-block-embed-espa-o-do-conhecimento-ufmg\"><div class=\"wp-block-embed__wrapper\">\n<blockquote class=\"wp-embedded-content\" data-secret=\"WGA7IHHq59\"><a href=\"https:\/\/www.ufmg.br\/espacodoconhecimento\/regulamento-interno-da-comissao-curatorial-do-planetario-e-da-fachada-digital\/\">Regulamento Interno da Comiss\u00e3o Curatorial do Planet\u00e1rio e da Fachada Digital<\/a><\/blockquote><iframe loading=\"lazy\" class=\"wp-embedded-content\" sandbox=\"allow-scripts\" security=\"restricted\" style=\"position: absolute; visibility: hidden;\" title=\"&#8220;Regulamento Interno da Comiss\u00e3o Curatorial do Planet\u00e1rio e da Fachada Digital&#8221; &#8212; Espa\u00e7o do Conhecimento UFMG\" src=\"https:\/\/www.ufmg.br\/espacodoconhecimento\/regulamento-interno-da-comissao-curatorial-do-planetario-e-da-fachada-digital\/embed\/#?secret=g7pukGkKxE#?secret=WGA7IHHq59\" data-secret=\"WGA7IHHq59\" width=\"500\" height=\"282\" frameborder=\"0\" marginwidth=\"0\" marginheight=\"0\" scrolling=\"no\"><\/iframe>\n<\/div><\/figure>\n","protected":false},"excerpt":{"rendered":"<p>Durante a noite, a fachada do Espa\u00e7o do Conhecimento UFMG se transforma em uma grande tela de proje\u00e7\u00e3o: revestida por um material v\u00edtreo especial, ela exibe imagens, v\u00eddeos e conte\u00fados audiovisuais relacionados \u00e0 programa\u00e7\u00e3o do museu, da universidade e da sociedade. O sistema de proje\u00e7\u00e3o \u00e9 composto por 12 projetores , integrados por um sistema [&hellip;]<\/p>\n","protected":false},"author":3,"featured_media":0,"parent":0,"menu_order":4,"comment_status":"closed","ping_status":"closed","template":"","meta":{"_acf_changed":false,"footnotes":""},"class_list":["post-7228","page","type-page","status-publish","hentry"],"acf":[],"_links":{"self":[{"href":"https:\/\/www.ufmg.br\/espacodoconhecimento\/wp-json\/wp\/v2\/pages\/7228"}],"collection":[{"href":"https:\/\/www.ufmg.br\/espacodoconhecimento\/wp-json\/wp\/v2\/pages"}],"about":[{"href":"https:\/\/www.ufmg.br\/espacodoconhecimento\/wp-json\/wp\/v2\/types\/page"}],"author":[{"embeddable":true,"href":"https:\/\/www.ufmg.br\/espacodoconhecimento\/wp-json\/wp\/v2\/users\/3"}],"replies":[{"embeddable":true,"href":"https:\/\/www.ufmg.br\/espacodoconhecimento\/wp-json\/wp\/v2\/comments?post=7228"}],"version-history":[{"count":10,"href":"https:\/\/www.ufmg.br\/espacodoconhecimento\/wp-json\/wp\/v2\/pages\/7228\/revisions"}],"predecessor-version":[{"id":9707,"href":"https:\/\/www.ufmg.br\/espacodoconhecimento\/wp-json\/wp\/v2\/pages\/7228\/revisions\/9707"}],"wp:attachment":[{"href":"https:\/\/www.ufmg.br\/espacodoconhecimento\/wp-json\/wp\/v2\/media?parent=7228"}],"curies":[{"name":"wp","href":"https:\/\/api.w.org\/{rel}","templated":true}]}}