{"id":7250,"date":"2025-12-02T10:48:07","date_gmt":"2025-12-02T13:48:07","guid":{"rendered":"https:\/\/www.ufmg.br\/espacodoconhecimento\/?page_id=7250"},"modified":"2025-12-02T12:30:17","modified_gmt":"2025-12-02T15:30:17","slug":"astronomia-indigena-sessao-comentada","status":"publish","type":"page","link":"https:\/\/www.ufmg.br\/espacodoconhecimento\/planetario\/sinopses-planetario\/astronomia-indigena-sessao-comentada\/","title":{"rendered":"Astronomia Ind\u00edgena"},"content":{"rendered":"<figure class=\"wp-block-post-featured-image\"><img loading=\"lazy\" decoding=\"async\" width=\"768\" height=\"310\" src=\"https:\/\/www.ufmg.br\/espacodoconhecimento\/wp-content\/uploads\/2025\/12\/IMG_3567-2-768x310-1.jpg\" class=\"attachment-post-thumbnail size-post-thumbnail wp-post-image\" alt=\"\" style=\"object-fit:cover;\" srcset=\"https:\/\/www.ufmg.br\/espacodoconhecimento\/wp-content\/uploads\/2025\/12\/IMG_3567-2-768x310-1.jpg 768w, https:\/\/www.ufmg.br\/espacodoconhecimento\/wp-content\/uploads\/2025\/12\/IMG_3567-2-768x310-1-300x121.jpg 300w\" sizes=\"(max-width: 768px) 100vw, 768px\" \/><\/figure>\n\n\n<div style=\"height:36px\" aria-hidden=\"true\" class=\"wp-block-spacer\"><\/div>\n\n\n\n<p>A sess\u00e3o aborda a perspectiva dos povos guarani sobre o c\u00e9u. Elaborada pelo N\u00facleo de Astronomia do Espa\u00e7o, a sess\u00e3o traz narrativas que envolvem o Sol, a Lua, os pontos cardeais, as mudan\u00e7as nas esta\u00e7\u00f5es, o eclipse lunar e as constela\u00e7\u00f5es de Ema, Homem Velho, Veado e Anta. \u00c9 uma proje\u00e7\u00e3o intercultural, que parte do olhar ocidental para chegar \u00e0s explica\u00e7\u00f5es, \u00e0s hist\u00f3rias e aos costumes ind\u00edgenas.<\/p>\n\n\n\n<div style=\"height:36px\" aria-hidden=\"true\" class=\"wp-block-spacer\"><\/div>\n\n\n\n<p><strong>Dura\u00e7\u00e3o:<\/strong>&nbsp;40 min<br><strong>Classifica\u00e7\u00e3o:<\/strong>&nbsp;livre<br><strong>Produtor:&nbsp;<\/strong>Espa\u00e7o do Conhecimento UFMG<br><strong>Ano:&nbsp;<\/strong>2016<\/p>\n","protected":false},"excerpt":{"rendered":"<p>A sess\u00e3o aborda a perspectiva dos povos guarani sobre o c\u00e9u. Elaborada pelo N\u00facleo de Astronomia do Espa\u00e7o, a sess\u00e3o traz narrativas que envolvem o Sol, a Lua, os pontos cardeais, as mudan\u00e7as nas esta\u00e7\u00f5es, o eclipse lunar e as constela\u00e7\u00f5es de Ema, Homem Velho, Veado e Anta. \u00c9 uma proje\u00e7\u00e3o intercultural, que parte do [&hellip;]<\/p>\n","protected":false},"author":3,"featured_media":7252,"parent":265,"menu_order":0,"comment_status":"closed","ping_status":"closed","template":"","meta":{"_acf_changed":false,"footnotes":""},"class_list":["post-7250","page","type-page","status-publish","has-post-thumbnail","hentry"],"acf":[],"_links":{"self":[{"href":"https:\/\/www.ufmg.br\/espacodoconhecimento\/wp-json\/wp\/v2\/pages\/7250"}],"collection":[{"href":"https:\/\/www.ufmg.br\/espacodoconhecimento\/wp-json\/wp\/v2\/pages"}],"about":[{"href":"https:\/\/www.ufmg.br\/espacodoconhecimento\/wp-json\/wp\/v2\/types\/page"}],"author":[{"embeddable":true,"href":"https:\/\/www.ufmg.br\/espacodoconhecimento\/wp-json\/wp\/v2\/users\/3"}],"replies":[{"embeddable":true,"href":"https:\/\/www.ufmg.br\/espacodoconhecimento\/wp-json\/wp\/v2\/comments?post=7250"}],"version-history":[{"count":2,"href":"https:\/\/www.ufmg.br\/espacodoconhecimento\/wp-json\/wp\/v2\/pages\/7250\/revisions"}],"predecessor-version":[{"id":7316,"href":"https:\/\/www.ufmg.br\/espacodoconhecimento\/wp-json\/wp\/v2\/pages\/7250\/revisions\/7316"}],"up":[{"embeddable":true,"href":"https:\/\/www.ufmg.br\/espacodoconhecimento\/wp-json\/wp\/v2\/pages\/265"}],"wp:featuredmedia":[{"embeddable":true,"href":"https:\/\/www.ufmg.br\/espacodoconhecimento\/wp-json\/wp\/v2\/media\/7252"}],"wp:attachment":[{"href":"https:\/\/www.ufmg.br\/espacodoconhecimento\/wp-json\/wp\/v2\/media?parent=7250"}],"curies":[{"name":"wp","href":"https:\/\/api.w.org\/{rel}","templated":true}]}}

Astronomia Indígena

<figure class="wp-block-post-featured-image"><img loading="lazy" decoding="async" width="768" height="310" src="https://www.ufmg.br/espacodoconhecimento/wp-content/uploads/2025/12/IMG_3567-2-768x310-1.jpg" class="attachment-post-thumbnail size-post-thumbnail wp-post-image" alt="" style="object-fit:cover;" srcset="https://www.ufmg.br/espacodoconhecimento/wp-content/uploads/2025/12/IMG_3567-2-768x310-1.jpg 768w, https://www.ufmg.br/espacodoconhecimento/wp-content/uploads/2025/12/IMG_3567-2-768x310-1-300x121.jpg 300w" sizes="(max-width: 768px) 100vw, 768px" /></figure>


<div style="height:36px" aria-hidden="true" class="wp-block-spacer"></div>



<p>A sessão aborda a perspectiva dos povos guarani sobre o céu. Elaborada pelo Núcleo de Astronomia do Espaço, a sessão traz narrativas que envolvem o Sol, a Lua, os pontos cardeais, as mudanças nas estações, o eclipse lunar e as constelações de Ema, Homem Velho, Veado e Anta. É uma projeção intercultural, que parte do olhar ocidental para chegar às explicações, às histórias e aos costumes indígenas.</p>



<div style="height:36px" aria-hidden="true" class="wp-block-spacer"></div>



<p><strong>Duração:</strong>&nbsp;40 min<br><strong>Classificação:</strong>&nbsp;livre<br><strong>Produtor:&nbsp;</strong>Espaço do Conhecimento UFMG<br><strong>Ano:&nbsp;</strong>2016</p>

<p>A sessão aborda a perspectiva dos povos guarani sobre o céu. Elaborada pelo Núcleo de Astronomia do Espaço, a sessão traz narrativas que envolvem o Sol, a Lua, os pontos cardeais, as mudanças nas estações, o eclipse lunar e as constelações de Ema, Homem Velho, Veado e Anta. É uma projeção intercultural, que parte do [&hellip;]</p>
