{"id":7264,"date":"2025-12-02T10:56:54","date_gmt":"2025-12-02T13:56:54","guid":{"rendered":"https:\/\/www.ufmg.br\/espacodoconhecimento\/?page_id=7264"},"modified":"2025-12-02T10:56:54","modified_gmt":"2025-12-02T13:56:54","slug":"o-ceu-como-patrimonio","status":"publish","type":"page","link":"https:\/\/www.ufmg.br\/espacodoconhecimento\/planetario\/sinopses-planetario\/o-ceu-como-patrimonio\/","title":{"rendered":"O c\u00e9u como patrim\u00f4nio"},"content":{"rendered":"<figure class=\"wp-block-post-featured-image\"><img loading=\"lazy\" decoding=\"async\" width=\"768\" height=\"310\" src=\"https:\/\/www.ufmg.br\/espacodoconhecimento\/wp-content\/uploads\/2025\/12\/occp-final-corrigido-40009-1-768x310-1.jpg\" class=\"attachment-post-thumbnail size-post-thumbnail wp-post-image\" alt=\"\" style=\"object-fit:cover;\" srcset=\"https:\/\/www.ufmg.br\/espacodoconhecimento\/wp-content\/uploads\/2025\/12\/occp-final-corrigido-40009-1-768x310-1.jpg 768w, https:\/\/www.ufmg.br\/espacodoconhecimento\/wp-content\/uploads\/2025\/12\/occp-final-corrigido-40009-1-768x310-1-300x121.jpg 300w\" sizes=\"(max-width: 768px) 100vw, 768px\" \/><\/figure>\n\n\n<div style=\"height:36px\" aria-hidden=\"true\" class=\"wp-block-spacer\"><\/div>\n\n\n\n<p>Inspira\u00e7\u00e3o para a cria\u00e7\u00e3o de narrativas, do conhecimento cient\u00edfico e das diferentes formas de saber, o c\u00e9u pode ser visto e explorado muito al\u00e9m do que os nossos olhos conseguem enxergar. O document\u00e1rio convida o espectador a repensar a rela\u00e7\u00e3o com o firmamento.<\/p>\n\n\n\n<p>As imagens foram produzidas em cidades de Minas Gerais, como Belo Horizonte, Ouro Preto e Milho Verde, e em \u00e1reas de preserva\u00e7\u00e3o ambiental.<\/p>\n\n\n\n<p>Realizado com recursos do edital Filme em Minas 2014, da Secretaria de Estado da Cultura de Minas Gerais, o v\u00eddeo \u00e9 resultado do projeto&nbsp;<em>O c\u00e9u como patrim\u00f4nio: uma experi\u00eancia em document\u00e1rio imersivo<\/em>&nbsp;e produzido pelos N\u00facleos de Audiovisual e Astronomia do Espa\u00e7o do Conhecimento.<\/p>\n\n\n\n<div style=\"height:36px\" aria-hidden=\"true\" class=\"wp-block-spacer\"><\/div>\n\n\n\n<p><strong>Dura\u00e7\u00e3o:<\/strong>35&nbsp;minutos<br><strong>Produtor:<\/strong>&nbsp;Espa\u00e7o do Conhecimento UFMG<br><strong>Classifica\u00e7\u00e3o:<\/strong>&nbsp;livre<br><strong>Ano:<\/strong>2016<\/p>\n","protected":false},"excerpt":{"rendered":"<p>Inspira\u00e7\u00e3o para a cria\u00e7\u00e3o de narrativas, do conhecimento cient\u00edfico e das diferentes formas de saber, o c\u00e9u pode ser visto e explorado muito al\u00e9m do que os nossos olhos conseguem enxergar. O document\u00e1rio convida o espectador a repensar a rela\u00e7\u00e3o com o firmamento. As imagens foram produzidas em cidades de Minas Gerais, como Belo Horizonte, [&hellip;]<\/p>\n","protected":false},"author":3,"featured_media":7265,"parent":265,"menu_order":0,"comment_status":"closed","ping_status":"closed","template":"","meta":{"_acf_changed":false,"footnotes":""},"class_list":["post-7264","page","type-page","status-publish","has-post-thumbnail","hentry"],"acf":[],"_links":{"self":[{"href":"https:\/\/www.ufmg.br\/espacodoconhecimento\/wp-json\/wp\/v2\/pages\/7264"}],"collection":[{"href":"https:\/\/www.ufmg.br\/espacodoconhecimento\/wp-json\/wp\/v2\/pages"}],"about":[{"href":"https:\/\/www.ufmg.br\/espacodoconhecimento\/wp-json\/wp\/v2\/types\/page"}],"author":[{"embeddable":true,"href":"https:\/\/www.ufmg.br\/espacodoconhecimento\/wp-json\/wp\/v2\/users\/3"}],"replies":[{"embeddable":true,"href":"https:\/\/www.ufmg.br\/espacodoconhecimento\/wp-json\/wp\/v2\/comments?post=7264"}],"version-history":[{"count":1,"href":"https:\/\/www.ufmg.br\/espacodoconhecimento\/wp-json\/wp\/v2\/pages\/7264\/revisions"}],"predecessor-version":[{"id":7266,"href":"https:\/\/www.ufmg.br\/espacodoconhecimento\/wp-json\/wp\/v2\/pages\/7264\/revisions\/7266"}],"up":[{"embeddable":true,"href":"https:\/\/www.ufmg.br\/espacodoconhecimento\/wp-json\/wp\/v2\/pages\/265"}],"wp:featuredmedia":[{"embeddable":true,"href":"https:\/\/www.ufmg.br\/espacodoconhecimento\/wp-json\/wp\/v2\/media\/7265"}],"wp:attachment":[{"href":"https:\/\/www.ufmg.br\/espacodoconhecimento\/wp-json\/wp\/v2\/media?parent=7264"}],"curies":[{"name":"wp","href":"https:\/\/api.w.org\/{rel}","templated":true}]}}