{"id":7267,"date":"2025-12-02T10:58:05","date_gmt":"2025-12-02T13:58:05","guid":{"rendered":"https:\/\/www.ufmg.br\/espacodoconhecimento\/?page_id=7267"},"modified":"2025-12-02T10:58:21","modified_gmt":"2025-12-02T13:58:21","slug":"perspectivas-austrais","status":"publish","type":"page","link":"https:\/\/www.ufmg.br\/espacodoconhecimento\/planetario\/sinopses-planetario\/perspectivas-austrais\/","title":{"rendered":"Perspectivas Austrais"},"content":{"rendered":"<figure class=\"wp-block-post-featured-image\"><img loading=\"lazy\" decoding=\"async\" width=\"768\" height=\"310\" src=\"https:\/\/www.ufmg.br\/espacodoconhecimento\/wp-content\/uploads\/2025\/12\/Antartica-Fulldome-01-768x310-1.png\" class=\"attachment-post-thumbnail size-post-thumbnail wp-post-image\" alt=\"\" style=\"object-fit:cover;\" srcset=\"https:\/\/www.ufmg.br\/espacodoconhecimento\/wp-content\/uploads\/2025\/12\/Antartica-Fulldome-01-768x310-1.png 768w, https:\/\/www.ufmg.br\/espacodoconhecimento\/wp-content\/uploads\/2025\/12\/Antartica-Fulldome-01-768x310-1-300x121.png 300w\" sizes=\"(max-width: 768px) 100vw, 768px\" \/><\/figure>\n\n\n<div style=\"height:36px\" aria-hidden=\"true\" class=\"wp-block-spacer\"><\/div>\n\n\n\n<p>O curta-metragem leva o espectador a uma viagem pelas belas paisagens da Ant\u00e1rtica a partir do ponto de vista de cientistas que exploram o continente.<\/p>\n\n\n\n<p>As imagens s\u00e3o in\u00e9ditas e foram capturadas em 360 graus durante expedi\u00e7\u00f5es de pesquisa, nos \u00faltimos anos, oferecendo um vislumbre da extraordin\u00e1ria beleza do continente.<\/p>\n\n\n\n<p>Produ\u00e7\u00e3o do Espa\u00e7o do Conhecimento UFMG, o filme valoriza a natureza e a ci\u00eancia do Hemisf\u00e9rio Sul, pouco exploradas na maior parte das produ\u00e7\u00f5es audiovisuais para Planet\u00e1rios. Integrou programa\u00e7\u00e3o da exposi\u00e7\u00e3o tempor\u00e1ria&nbsp;Expedi\u00e7\u00e3o Ant\u00e1rtica.<\/p>\n\n\n\n<p><strong>Dura\u00e7\u00e3o:&nbsp;<\/strong>13 min<strong><br>Classifica\u00e7\u00e3o:<\/strong>&nbsp;livre<strong>&nbsp;<\/strong><br><strong>Produtor:<\/strong>&nbsp;Espa\u00e7o do Conhecimento UFMG<br><strong>Ano:<\/strong>&nbsp;2017<\/p>\n\n\n\n<div style=\"height:36px\" aria-hidden=\"true\" class=\"wp-block-spacer\"><\/div>\n","protected":false},"excerpt":{"rendered":"<p>O curta-metragem leva o espectador a uma viagem pelas belas paisagens da Ant\u00e1rtica a partir do ponto de vista de cientistas que exploram o continente. As imagens s\u00e3o in\u00e9ditas e foram capturadas em 360 graus durante expedi\u00e7\u00f5es de pesquisa, nos \u00faltimos anos, oferecendo um vislumbre da extraordin\u00e1ria beleza do continente. Produ\u00e7\u00e3o do Espa\u00e7o do Conhecimento [&hellip;]<\/p>\n","protected":false},"author":3,"featured_media":7268,"parent":265,"menu_order":0,"comment_status":"closed","ping_status":"closed","template":"","meta":{"_acf_changed":false,"footnotes":""},"class_list":["post-7267","page","type-page","status-publish","has-post-thumbnail","hentry"],"acf":[],"_links":{"self":[{"href":"https:\/\/www.ufmg.br\/espacodoconhecimento\/wp-json\/wp\/v2\/pages\/7267"}],"collection":[{"href":"https:\/\/www.ufmg.br\/espacodoconhecimento\/wp-json\/wp\/v2\/pages"}],"about":[{"href":"https:\/\/www.ufmg.br\/espacodoconhecimento\/wp-json\/wp\/v2\/types\/page"}],"author":[{"embeddable":true,"href":"https:\/\/www.ufmg.br\/espacodoconhecimento\/wp-json\/wp\/v2\/users\/3"}],"replies":[{"embeddable":true,"href":"https:\/\/www.ufmg.br\/espacodoconhecimento\/wp-json\/wp\/v2\/comments?post=7267"}],"version-history":[{"count":1,"href":"https:\/\/www.ufmg.br\/espacodoconhecimento\/wp-json\/wp\/v2\/pages\/7267\/revisions"}],"predecessor-version":[{"id":7269,"href":"https:\/\/www.ufmg.br\/espacodoconhecimento\/wp-json\/wp\/v2\/pages\/7267\/revisions\/7269"}],"up":[{"embeddable":true,"href":"https:\/\/www.ufmg.br\/espacodoconhecimento\/wp-json\/wp\/v2\/pages\/265"}],"wp:featuredmedia":[{"embeddable":true,"href":"https:\/\/www.ufmg.br\/espacodoconhecimento\/wp-json\/wp\/v2\/media\/7268"}],"wp:attachment":[{"href":"https:\/\/www.ufmg.br\/espacodoconhecimento\/wp-json\/wp\/v2\/media?parent=7267"}],"curies":[{"name":"wp","href":"https:\/\/api.w.org\/{rel}","templated":true}]}}

<figure class="wp-block-post-featured-image"><img loading="lazy" decoding="async" width="768" height="310" src="https://www.ufmg.br/espacodoconhecimento/wp-content/uploads/2025/12/Antartica-Fulldome-01-768x310-1.png" class="attachment-post-thumbnail size-post-thumbnail wp-post-image" alt="" style="object-fit:cover;" srcset="https://www.ufmg.br/espacodoconhecimento/wp-content/uploads/2025/12/Antartica-Fulldome-01-768x310-1.png 768w, https://www.ufmg.br/espacodoconhecimento/wp-content/uploads/2025/12/Antartica-Fulldome-01-768x310-1-300x121.png 300w" sizes="(max-width: 768px) 100vw, 768px" /></figure>


<div style="height:36px" aria-hidden="true" class="wp-block-spacer"></div>



<p>O curta-metragem leva o espectador a uma viagem pelas belas paisagens da Antártica a partir do ponto de vista de cientistas que exploram o continente.</p>



<p>As imagens são inéditas e foram capturadas em 360 graus durante expedições de pesquisa, nos últimos anos, oferecendo um vislumbre da extraordinária beleza do continente.</p>



<p>Produção do Espaço do Conhecimento UFMG, o filme valoriza a natureza e a ciência do Hemisfério Sul, pouco exploradas na maior parte das produções audiovisuais para Planetários. Integrou programação da exposição temporária&nbsp;Expedição Antártica.</p>



<p><strong>Duração:&nbsp;</strong>13 min<strong><br>Classificação:</strong>&nbsp;livre<strong>&nbsp;</strong><br><strong>Produtor:</strong>&nbsp;Espaço do Conhecimento UFMG<br><strong>Ano:</strong>&nbsp;2017</p>



<div style="height:36px" aria-hidden="true" class="wp-block-spacer"></div>

<p>O curta-metragem leva o espectador a uma viagem pelas belas paisagens da Antártica a partir do ponto de vista de cientistas que exploram o continente. As imagens são inéditas e foram capturadas em 360 graus durante expedições de pesquisa, nos últimos anos, oferecendo um vislumbre da extraordinária beleza do continente. Produção do Espaço do Conhecimento [&hellip;]</p>
