{"id":7339,"date":"2025-12-02T13:21:21","date_gmt":"2025-12-02T16:21:21","guid":{"rendered":"https:\/\/www.ufmg.br\/espacodoconhecimento\/?page_id=7339"},"modified":"2025-12-04T17:42:50","modified_gmt":"2025-12-04T20:42:50","slug":"entre-estrelas-e-planetas-perspectivas-da-carreira-em-astrofisica","status":"publish","type":"page","link":"https:\/\/www.ufmg.br\/espacodoconhecimento\/podcasts\/entre-estrelas-e-planetas-perspectivas-da-carreira-em-astrofisica\/","title":{"rendered":"Entre estrelas e planetas: perspectivas da carreira em astrof\u00edsica"},"content":{"rendered":"\n<div style=\"height:34px\" aria-hidden=\"true\" class=\"wp-block-spacer\"><\/div>\n\n\n\n<figure class=\"wp-block-image size-large\"><img loading=\"lazy\" decoding=\"async\" width=\"1024\" height=\"413\" src=\"https:\/\/www.ufmg.br\/espacodoconhecimento\/wp-content\/uploads\/2025\/09\/Papo-em-pauta-Ep_4-Recupere_Banner-2-copia-1024x413.png\" alt=\"\" class=\"wp-image-4370\" srcset=\"https:\/\/www.ufmg.br\/espacodoconhecimento\/wp-content\/uploads\/2025\/09\/Papo-em-pauta-Ep_4-Recupere_Banner-2-copia-1024x413.png 1024w, https:\/\/www.ufmg.br\/espacodoconhecimento\/wp-content\/uploads\/2025\/09\/Papo-em-pauta-Ep_4-Recupere_Banner-2-copia-300x121.png 300w, https:\/\/www.ufmg.br\/espacodoconhecimento\/wp-content\/uploads\/2025\/09\/Papo-em-pauta-Ep_4-Recupere_Banner-2-copia-768x310.png 768w, https:\/\/www.ufmg.br\/espacodoconhecimento\/wp-content\/uploads\/2025\/09\/Papo-em-pauta-Ep_4-Recupere_Banner-2-copia-1536x620.png 1536w, https:\/\/www.ufmg.br\/espacodoconhecimento\/wp-content\/uploads\/2025\/09\/Papo-em-pauta-Ep_4-Recupere_Banner-2-copia-2048x827.png 2048w\" sizes=\"(max-width: 1024px) 100vw, 1024px\" \/><\/figure>\n\n\n\n<div style=\"height:34px\" aria-hidden=\"true\" class=\"wp-block-spacer\"><\/div>\n\n\n\n<p>22 de setembro de 2025<\/p>\n\n\n\n<div style=\"height:34px\" aria-hidden=\"true\" class=\"wp-block-spacer\"><\/div>\n\n\n\n<figure class=\"wp-block-embed is-type-rich is-provider-spotify wp-block-embed-spotify wp-embed-aspect-21-9 wp-has-aspect-ratio\"><div class=\"wp-block-embed__wrapper\">\n<iframe title=\"Spotify Embed: #2 - Papo em Pauta [3\u00aa]: Perspectivas da carreira em astrof\u00edsica (Profa. Bonnie Zaire)\" style=\"border-radius: 12px\" width=\"100%\" height=\"152\" frameborder=\"0\" allowfullscreen allow=\"autoplay; clipboard-write; encrypted-media; fullscreen; picture-in-picture\" loading=\"lazy\" src=\"https:\/\/open.spotify.com\/embed\/episode\/5cdyFwS2fKFjs117ujC5ZV?si=tUcoLXuSQoCvKVdhBEa4yg&#038;utm_source=oembed\"><\/iframe>\n<\/div><\/figure>\n\n\n\n<div style=\"height:34px\" aria-hidden=\"true\" class=\"wp-block-spacer\"><\/div>\n\n\n\n<p>Investigar os mist\u00e9rios do universo e encontrar um novo planeta podem parecer sonhos distantes, dignos de um filme de fic\u00e7\u00e3o cient\u00edfica. Entretanto, no caso da carreira em astrof\u00edsica, essa jornada pode se tornar real, a partir de muitos desafios e oportunidades surpreendentes. Para discutir as perspectivas do trabalho de pesquisa e a presen\u00e7a das mulheres na produ\u00e7\u00e3o das ci\u00eancias exatas, o Espa\u00e7o do Conhecimento UFMG lan\u00e7a um novo epis\u00f3dio (<a href=\"https:\/\/open.spotify.com\/episode\/5cdyFwS2fKFjs117ujC5ZV?si=3neubmAfT46ovo52LbN3fA\" target=\"_blank\" rel=\"noreferrer noopener\">j\u00e1 dispon\u00edvel<\/a>) do podcast \u201cPapo em Pauta\u201d, com Bonnie Zaire \u2014 professora e pesquisadora que detectou pela primeira vez o planeta GM Aurigae b.<\/p>\n\n\n\n<p>Ao longo da conversa, Bonnie compartilha sua trajet\u00f3ria desde o ensino m\u00e9dio at\u00e9 a pesquisa cient\u00edfica que resultou em uma descoberta exoplanet\u00e1ria. O epis\u00f3dio tamb\u00e9m destaca a import\u00e2ncia da representatividade e a for\u00e7a da perseveran\u00e7a para provocar mudan\u00e7as e tornar o sonho de ser cientista cada vez mais poss\u00edvel, mesmo em uma \u00e1rea ainda marcada por profundas disparidades.&nbsp;&nbsp;&nbsp;<\/p>\n\n\n\n<p>\u201c\u00c0s vezes, ao olhar para o meio em que estamos, surge o pensamento \u2018ser\u00e1 que eu perten\u00e7o mesmo aqui?\u2019 porque n\u00e3o tem quase ningu\u00e9m que \u00e9 igual a gente. Ent\u00e3o, a representatividade \u00e9 muito importante para que possamos nos imaginar pertencentes tamb\u00e9m. \u00c9 claro que ter exemplos de pessoas que atingiram o pr\u00eamio Nobel, por exemplo, \u00e9 maravilhoso. Mas eu acho que a influ\u00eancia da diversidade, mais pr\u00f3xima e cotidiana ao nosso redor, tamb\u00e9m faz muita diferen\u00e7a\u201d, reitera Bonnie.<\/p>\n\n\n\n<div style=\"height:34px\" aria-hidden=\"true\" class=\"wp-block-spacer\"><\/div>\n\n\n\n<p><strong>Bonnie Zaire<\/strong><\/p>\n\n\n\n<p>Professora Adjunta do departamento de f\u00edsica da Universidade Federal de Minas Gerais. Doutora em astrof\u00edsica pela Universidade Paul-Sabatier (2021), mestre em F\u00edsica pela Universidade Federal de Minas Gerais (2018) e graduada em F\u00edsica pela Universidade Federal de Minas Gerais (2015). Seus principais interesses de pesquisa incluem a reconstru\u00e7\u00e3o de campos magn\u00e9ticos em grande escala na superf\u00edcie estelar, o estudo de indicadores de atividade magn\u00e9tica e, recentemente, a busca de exoplanetas ao redor de estrelas jovens.<\/p>\n\n\n\n<div style=\"height:34px\" aria-hidden=\"true\" class=\"wp-block-spacer\"><\/div>\n\n\n\n<p><\/p>\n","protected":false},"excerpt":{"rendered":"<p>22 de setembro de 2025 Investigar os mist\u00e9rios do universo e encontrar um novo planeta podem parecer sonhos distantes, dignos de um filme de fic\u00e7\u00e3o cient\u00edfica. Entretanto, no caso da carreira em astrof\u00edsica, essa jornada pode se tornar real, a partir de muitos desafios e oportunidades surpreendentes. Para discutir as perspectivas do trabalho de pesquisa [&hellip;]<\/p>\n","protected":false},"author":3,"featured_media":0,"parent":2069,"menu_order":0,"comment_status":"closed","ping_status":"closed","template":"","meta":{"_acf_changed":false,"footnotes":""},"class_list":["post-7339","page","type-page","status-publish","hentry"],"acf":[],"_links":{"self":[{"href":"https:\/\/www.ufmg.br\/espacodoconhecimento\/wp-json\/wp\/v2\/pages\/7339"}],"collection":[{"href":"https:\/\/www.ufmg.br\/espacodoconhecimento\/wp-json\/wp\/v2\/pages"}],"about":[{"href":"https:\/\/www.ufmg.br\/espacodoconhecimento\/wp-json\/wp\/v2\/types\/page"}],"author":[{"embeddable":true,"href":"https:\/\/www.ufmg.br\/espacodoconhecimento\/wp-json\/wp\/v2\/users\/3"}],"replies":[{"embeddable":true,"href":"https:\/\/www.ufmg.br\/espacodoconhecimento\/wp-json\/wp\/v2\/comments?post=7339"}],"version-history":[{"count":3,"href":"https:\/\/www.ufmg.br\/espacodoconhecimento\/wp-json\/wp\/v2\/pages\/7339\/revisions"}],"predecessor-version":[{"id":7479,"href":"https:\/\/www.ufmg.br\/espacodoconhecimento\/wp-json\/wp\/v2\/pages\/7339\/revisions\/7479"}],"up":[{"embeddable":true,"href":"https:\/\/www.ufmg.br\/espacodoconhecimento\/wp-json\/wp\/v2\/pages\/2069"}],"wp:attachment":[{"href":"https:\/\/www.ufmg.br\/espacodoconhecimento\/wp-json\/wp\/v2\/media?parent=7339"}],"curies":[{"name":"wp","href":"https:\/\/api.w.org\/{rel}","templated":true}]}}