{"id":7343,"date":"2025-12-02T13:32:26","date_gmt":"2025-12-02T16:32:26","guid":{"rendered":"https:\/\/www.ufmg.br\/espacodoconhecimento\/?page_id=7343"},"modified":"2026-03-25T21:00:11","modified_gmt":"2026-03-26T00:00:11","slug":"metodologias-ativas-e-criativas-na-educacao","status":"publish","type":"page","link":"https:\/\/www.ufmg.br\/espacodoconhecimento\/podcasts\/metodologias-ativas-e-criativas-na-educacao\/","title":{"rendered":"Metodologias ativas e criativas na educa\u00e7\u00e3o"},"content":{"rendered":"\n<div style=\"height:34px\" aria-hidden=\"true\" class=\"wp-block-spacer\"><\/div>\n\n\n\n<figure class=\"wp-block-image size-large\"><img loading=\"lazy\" decoding=\"async\" width=\"1024\" height=\"412\" src=\"https:\/\/www.ufmg.br\/espacodoconhecimento\/wp-content\/uploads\/2025\/09\/Papo-em-Pauta-com-Lavinia-Rocha-banner-1024x412.png\" alt=\"\" class=\"wp-image-4075\" srcset=\"https:\/\/www.ufmg.br\/espacodoconhecimento\/wp-content\/uploads\/2025\/09\/Papo-em-Pauta-com-Lavinia-Rocha-banner-1024x412.png 1024w, https:\/\/www.ufmg.br\/espacodoconhecimento\/wp-content\/uploads\/2025\/09\/Papo-em-Pauta-com-Lavinia-Rocha-banner-300x121.png 300w, https:\/\/www.ufmg.br\/espacodoconhecimento\/wp-content\/uploads\/2025\/09\/Papo-em-Pauta-com-Lavinia-Rocha-banner-768x309.png 768w, https:\/\/www.ufmg.br\/espacodoconhecimento\/wp-content\/uploads\/2025\/09\/Papo-em-Pauta-com-Lavinia-Rocha-banner-1536x618.png 1536w, https:\/\/www.ufmg.br\/espacodoconhecimento\/wp-content\/uploads\/2025\/09\/Papo-em-Pauta-com-Lavinia-Rocha-banner.png 2048w\" sizes=\"(max-width: 1024px) 100vw, 1024px\" \/><\/figure>\n\n\n\n<p><\/p>\n\n\n\n<div style=\"height:34px\" aria-hidden=\"true\" class=\"wp-block-spacer\"><\/div>\n\n\n\n<p>23 de outubro de 2024<\/p>\n\n\n\n<div style=\"height:34px\" aria-hidden=\"true\" class=\"wp-block-spacer\"><\/div>\n\n\n\n<figure class=\"wp-block-embed is-type-rich is-provider-spotify wp-block-embed-spotify wp-embed-aspect-21-9 wp-has-aspect-ratio\"><div class=\"wp-block-embed__wrapper\">\n<iframe title=\"Spotify Embed: #3 - Papo em Pauta [2\u00aa]: Metodologias ativas e criativas na educa\u00e7\u00e3o (Profa. Lav\u00ednia Rocha - PT I)\" style=\"border-radius: 12px\" width=\"100%\" height=\"152\" frameborder=\"0\" allowfullscreen allow=\"autoplay; clipboard-write; encrypted-media; fullscreen; picture-in-picture\" loading=\"lazy\" src=\"https:\/\/open.spotify.com\/embed\/episode\/2erQDAQUGKSlutUQFOtO2s?si=bb7POsqkQLKKBNzwS1Q17Q&amp;utm_source=oembed\"><\/iframe>\n<\/div><figcaption class=\"wp-element-caption\"><em><mark style=\"background-color:rgba(0, 0, 0, 0)\" class=\"has-inline-color has-black-color\">Parte I<\/mark><\/em><\/figcaption><\/figure>\n\n\n\n<figure class=\"wp-block-embed is-type-rich is-provider-spotify wp-block-embed-spotify wp-embed-aspect-21-9 wp-has-aspect-ratio\"><div class=\"wp-block-embed__wrapper\">\n<iframe title=\"Spotify Embed: #4 - Papo em Pauta [2\u00aa]: Metodologias ativas e criativas na educa\u00e7\u00e3o (Profa. Lav\u00ednia Rocha - PT II)\" style=\"border-radius: 12px\" width=\"100%\" height=\"152\" frameborder=\"0\" allowfullscreen allow=\"autoplay; clipboard-write; encrypted-media; fullscreen; picture-in-picture\" loading=\"lazy\" src=\"https:\/\/open.spotify.com\/embed\/episode\/3WGMsTwvmd8AXvDhPjWBUS?utm_source=oembed\"><\/iframe>\n<\/div><figcaption class=\"wp-element-caption\"><em><mark style=\"background-color:rgba(0, 0, 0, 0)\" class=\"has-inline-color has-black-color\">Parte II<\/mark><\/em><\/figcaption><\/figure>\n\n\n\n<div style=\"height:34px\" aria-hidden=\"true\" class=\"wp-block-spacer\"><\/div>\n\n\n\n<p>Existem conex\u00f5es entre a literatura e o ensino? Como os v\u00ednculos estabelecidos entre essas duas \u00e1reas podem ampliar e fortalecer o desenvolvimento da educa\u00e7\u00e3o antirracista? Quais s\u00e3o os benef\u00edcios proporcionados por pr\u00e1ticas pedag\u00f3gicas mais criativas e inovadoras? Com o objetivo de dialogar sobre tais questionamentos e celebrar o m\u00eas dos professores, o Espa\u00e7o do Conhecimento UFMG lan\u00e7a um novo epis\u00f3dio (j\u00e1 dispon\u00edvel, em <a href=\"https:\/\/open.spotify.com\/episode\/2erQDAQUGKSlutUQFOtO2s?si=321y_CONRg6J20AzLvyeXQ\" target=\"_blank\" rel=\"noreferrer noopener\"><mark style=\"background-color:rgba(0, 0, 0, 0);color:#810e13\" class=\"has-inline-color\">parte I<\/mark><\/a> e <a href=\"https:\/\/open.spotify.com\/episode\/3WGMsTwvmd8AXvDhPjWBUS?si=a5kOKuoCTxKQxRI5l2aVrw\" target=\"_blank\" rel=\"noreferrer noopener\"><mark style=\"background-color:rgba(0, 0, 0, 0);color:#810e13\" class=\"has-inline-color\">parte II<\/mark><\/a>) do podcast \u201cPapo em Pauta\u201d, com Lav\u00ednia Rocha \u2014 professora, escritora, influenciadora digital e vencedora do 1\u00b0 Pr\u00eamio Perestroika para professores criativos do Brasil, na categoria de Educa\u00e7\u00e3o B\u00e1sica.&nbsp;<\/p>\n\n\n\n<p>Segundo dados de <a href=\"https:\/\/novaescola.org.br\/conteudo\/21409\/pesquisa-revela-realidade-e-desafios-dos-educadores-para-levar-a-perspectiva-antirracista-para-o-cotidiano-escolar\" target=\"_blank\" rel=\"noreferrer noopener\"><mark style=\"background-color:rgba(0, 0, 0, 0);color:#810e13\" class=\"has-inline-color\">pesquisa<\/mark><\/a> sobre Educa\u00e7\u00e3o Antirracista, realizada em 2022 pela Associa\u00e7\u00e3o Nova Escola, metade dos 1.847 profissionais de educa\u00e7\u00e3o entrevistados relataram terem presenciado situa\u00e7\u00f5es de racismo nos \u00faltimos cinco anos, na escola onde trabalham. Sete em cada dez professores respondentes tamb\u00e9m desconhecem ou afirmaram n\u00e3o haver autores pretos entre os trabalhados na grade curricular do ano que lecionam. Tais informa\u00e7\u00f5es refor\u00e7am a relev\u00e2ncia da criatividade e da inova\u00e7\u00e3o em pr\u00e1ticas pedag\u00f3gicas, aliadas \u00e0s discuss\u00f5es e a\u00e7\u00f5es sobre identidades e categorias sociais diversas, que possam contribuir para a constru\u00e7\u00e3o de uma sociedade mais justa e equitativa.<\/p>\n\n\n\n<p>\u201cPensar uma educa\u00e7\u00e3o antirracista \u00e9 a raz\u00e3o de tudo que eu fa\u00e7o e a gente precisa da literatura para criar sentimentos e subjetividades por meio da empatia. Eu n\u00e3o vejo sa\u00edda para uma educa\u00e7\u00e3o antirracista que n\u00e3o esteja de m\u00e3os dadas com uma literatura antirracista, capaz de guiar as nossas estrat\u00e9gias <em>[pedag\u00f3gicas] <\/em>de maneira interseccional e transversal\u201d, enfatiza Lav\u00ednia.<\/p>\n\n\n\n<div style=\"height:35px\" aria-hidden=\"true\" class=\"wp-block-spacer\"><\/div>\n\n\n\n<p><strong>Lav\u00ednia Rocha<\/strong><\/p>\n\n\n\n<p>Nascida em Belo Horizonte (MG), Lav\u00ednia \u00e9 licenciada em Hist\u00f3ria pela Universidade Federal de Minas Gerais (UFMG) e p\u00f3s-graduada em Doc\u00eancia e Pr\u00e1tica de Ensino em Hist\u00f3ria. Em 2022, come\u00e7ou a lecionar e a compartilhar sua metodologia criativa nas redes sociais. No mesmo ano, recebeu o pr\u00eamio Perestroika para professores criativos e viu uma de suas publica\u00e7\u00f5es viralizar na internet: um v\u00eddeo em que confronta estere\u00f3tipos negativos sobre a \u00c1frica e que destaca como seus alunos, ap\u00f3s as aulas de Hist\u00f3ria, passaram a ter perspectivas mais ricas e diversas sobre a cultura africana. Lav\u00ednia \u00e9 autora da trilogia \u201cEntre 3 mundos\u201d e dos livros \u201cUm amor em Barcelona\u201d, \u201cO mist\u00e9rio da Sala Secreta\u201d, \u201cCoisas incr\u00edveis acontecem\u201d (sob o pseud\u00f4nimo Lia Rocha, voltado para o p\u00fablico jovem e adulto), entre outras obras.<\/p>\n","protected":false},"excerpt":{"rendered":"<p>23 de outubro de 2024 Existem conex\u00f5es entre a literatura e o ensino? Como os v\u00ednculos estabelecidos entre essas duas \u00e1reas podem ampliar e fortalecer o desenvolvimento da educa\u00e7\u00e3o antirracista? Quais s\u00e3o os benef\u00edcios proporcionados por pr\u00e1ticas pedag\u00f3gicas mais criativas e inovadoras? Com o objetivo de dialogar sobre tais questionamentos e celebrar o m\u00eas dos [&hellip;]<\/p>\n","protected":false},"author":3,"featured_media":0,"parent":2069,"menu_order":0,"comment_status":"closed","ping_status":"closed","template":"","meta":{"_acf_changed":false,"footnotes":""},"class_list":["post-7343","page","type-page","status-publish","hentry"],"acf":[],"_links":{"self":[{"href":"https:\/\/www.ufmg.br\/espacodoconhecimento\/wp-json\/wp\/v2\/pages\/7343"}],"collection":[{"href":"https:\/\/www.ufmg.br\/espacodoconhecimento\/wp-json\/wp\/v2\/pages"}],"about":[{"href":"https:\/\/www.ufmg.br\/espacodoconhecimento\/wp-json\/wp\/v2\/types\/page"}],"author":[{"embeddable":true,"href":"https:\/\/www.ufmg.br\/espacodoconhecimento\/wp-json\/wp\/v2\/users\/3"}],"replies":[{"embeddable":true,"href":"https:\/\/www.ufmg.br\/espacodoconhecimento\/wp-json\/wp\/v2\/comments?post=7343"}],"version-history":[{"count":5,"href":"https:\/\/www.ufmg.br\/espacodoconhecimento\/wp-json\/wp\/v2\/pages\/7343\/revisions"}],"predecessor-version":[{"id":9435,"href":"https:\/\/www.ufmg.br\/espacodoconhecimento\/wp-json\/wp\/v2\/pages\/7343\/revisions\/9435"}],"up":[{"embeddable":true,"href":"https:\/\/www.ufmg.br\/espacodoconhecimento\/wp-json\/wp\/v2\/pages\/2069"}],"wp:attachment":[{"href":"https:\/\/www.ufmg.br\/espacodoconhecimento\/wp-json\/wp\/v2\/media?parent=7343"}],"curies":[{"name":"wp","href":"https:\/\/api.w.org\/{rel}","templated":true}]}}