{"id":830,"date":"2025-07-29T14:21:46","date_gmt":"2025-07-29T17:21:46","guid":{"rendered":"https:\/\/www.ufmg.br\/espacodoconhecimento\/novo\/?page_id=830"},"modified":"2025-07-29T14:29:32","modified_gmt":"2025-07-29T17:29:32","slug":"audioguia-exposicao-demasiado-humano","status":"publish","type":"page","link":"https:\/\/www.ufmg.br\/espacodoconhecimento\/audioguia-exposicao-demasiado-humano\/","title":{"rendered":"Audioguia | exposi\u00e7\u00e3o demasiado humano"},"content":{"rendered":"\n<div style=\"height:35px\" aria-hidden=\"true\" class=\"wp-block-spacer\"><\/div>\n\n\n\n<p>Confira o audioguia da exposi\u00e7\u00e3o <em>demasiado humano<\/em>, em cartaz no Espa\u00e7o do Conhecimento UFMG, e se aventure pela fascinante jornada do conhecimento e da cultura.<\/p>\n\n\n\n<div style=\"height:35px\" aria-hidden=\"true\" class=\"wp-block-spacer\"><\/div>\n\n\n\n<h3 class=\"wp-block-heading\"><a href=\"https:\/\/www.ufmg.br\/espacodoconhecimento\/novo\/audioguia-exposicao-demasiado-humano-5o-andar\/\" target=\"_blank\" rel=\"noreferrer noopener\"><mark style=\"background-color:rgba(0, 0, 0, 0);color:#003366\" class=\"has-inline-color\">5\u00ba ANDAR &#8211; M\u00d3DULO &#8220;O ALEPH&#8221; | CLIQUE AQUI<\/mark><\/a><\/h3>\n\n\n\n<div style=\"height:35px\" aria-hidden=\"true\" class=\"wp-block-spacer\"><\/div>\n\n\n\n<hr class=\"wp-block-separator has-alpha-channel-opacity\"\/>\n\n\n\n<div style=\"height:35px\" aria-hidden=\"true\" class=\"wp-block-spacer\"><\/div>\n\n\n\n<h3 class=\"wp-block-heading\"><a href=\"https:\/\/www.ufmg.br\/espacodoconhecimento\/novo\/audioguia-exposicao-demasiado-humano-4o-andar-modulo-pensar-as-origens\/\" target=\"_blank\" rel=\"noreferrer noopener\"><mark style=\"background-color:rgba(0, 0, 0, 0);color:#003366\" class=\"has-inline-color\">4\u00ba ANDAR &#8211; M\u00d3DULO &#8220;PENSAR AS ORIGENS&#8221; | CLIQUE AQUI<\/mark><\/a><\/h3>\n\n\n\n<h3 class=\"wp-block-heading\"><a href=\"https:\/\/www.ufmg.br\/espacodoconhecimento\/novo\/audioguia-exposicao-demasiado-humano-4o-andar-extratos-do-tempo\/\" target=\"_blank\" rel=\"noreferrer noopener\"><mark style=\"background-color:rgba(0, 0, 0, 0);color:#003366\" class=\"has-inline-color\">4\u00ba ANDAR &#8211; INSTALA\u00c7\u00c3O EXTRATOS DO TEMPO | CLIQUE AQUI<\/mark><\/a><\/h3>\n\n\n\n<h3 class=\"wp-block-heading\"><a href=\"https:\/\/www.ufmg.br\/espacodoconhecimento\/novo\/audioguia-exposicao-demasiado-humano-4o-andar-a-origem-da-vida-na-atmosfera-primitiva-da-terra\/\" target=\"_blank\" rel=\"noreferrer noopener\"><mark style=\"background-color:rgba(0, 0, 0, 0);color:#003366\" class=\"has-inline-color\">4\u00ba ANDAR &#8211; INSTALA\u00c7\u00c3O A ORIGEM DA VIDA NA ATMOSFERA PRIMITIVA DA TERRA | CLIQUE AQUI<\/mark><\/a><\/h3>\n\n\n\n<h3 class=\"wp-block-heading\"><a href=\"https:\/\/www.ufmg.br\/espacodoconhecimento\/novo\/audioguia-exposicao-demasiado-humano-4o-andar-paisagens-geologicas\/\" target=\"_blank\" rel=\"noreferrer noopener\"><mark style=\"background-color:rgba(0, 0, 0, 0);color:#003366\" class=\"has-inline-color\">4\u00ba ANDAR &#8211; INSTALA\u00c7\u00c3O PAISAGENS GEOL\u00d3GICAS | CLIQUE AQUI<\/mark><\/a><\/h3>\n\n\n\n<h3 class=\"wp-block-heading\"><a href=\"https:\/\/www.ufmg.br\/espacodoconhecimento\/novo\/audioguia-exposicao-demasiado-humano-4o-andar-pangeia\/\" target=\"_blank\" rel=\"noreferrer noopener\"><mark style=\"background-color:rgba(0, 0, 0, 0);color:#003366\" class=\"has-inline-color\">4\u00ba ANDAR &#8211; INSTALA\u00c7\u00c3O PANGEIA | CLIQUE AQUI<\/mark><\/a><\/h3>\n\n\n\n<div style=\"height:35px\" aria-hidden=\"true\" class=\"wp-block-spacer\"><\/div>\n\n\n\n<hr class=\"wp-block-separator has-alpha-channel-opacity\"\/>\n\n\n\n<div style=\"height:35px\" aria-hidden=\"true\" class=\"wp-block-spacer\"><\/div>\n\n\n\n<h3 class=\"wp-block-heading\"><a href=\"https:\/\/www.ufmg.br\/espacodoconhecimento\/novo\/audioguia-exposicao-demasiado-humano-3o-andar-modulo-modos-de-existir\/\" target=\"_blank\" rel=\"noreferrer noopener\"><mark style=\"background-color:rgba(0, 0, 0, 0);color:#003366\" class=\"has-inline-color\">3\u00ba ANDAR &#8211; M\u00d3DULO MODOS DE EXISTIR | CLIQUE AQUI<\/mark><\/a><\/h3>\n\n\n\n<h3 class=\"wp-block-heading\"><a href=\"https:\/\/www.ufmg.br\/espacodoconhecimento\/novo\/audioguia-exposicao-demasiado-humano-3o-andar-modulo-sonhar-a-terra\/\" target=\"_blank\" rel=\"noreferrer noopener\"><mark style=\"background-color:rgba(0, 0, 0, 0);color:#003366\" class=\"has-inline-color\">3\u00ba ANDAR &#8211; M\u00d3DULO SONHAR A TERRA | CLIQUE AQUI<\/mark><\/a><\/h3>\n\n\n\n<h3 class=\"wp-block-heading\"><a href=\"https:\/\/www.ufmg.br\/espacodoconhecimento\/novo\/audioguia-exposicao-demasiado-humano-3o-andar-por-um-memorial-da-confluencia-afro-indigena\/\" target=\"_blank\" rel=\"noreferrer noopener\"><mark style=\"background-color:rgba(0, 0, 0, 0);color:#003366\" class=\"has-inline-color\">3\u00ba ANDAR &#8211; INSTALA\u00c7\u00c3O POR UM MEMORIAL DA CONFLU\u00caNCIA AFRO-IND\u00cdGENA | CLIQUE AQUI<\/mark><\/a><\/h3>\n\n\n\n<h3 class=\"wp-block-heading\"><a href=\"https:\/\/www.ufmg.br\/espacodoconhecimento\/novo\/audioguia-exposicao-demasiado-humano-3o-andar-cosmologias\/\" target=\"_blank\" rel=\"noreferrer noopener\"><mark style=\"background-color:rgba(0, 0, 0, 0);color:#003366\" class=\"has-inline-color\">3\u00ba ANDAR &#8211; INSTALA\u00c7\u00c3O COSMOLOGIAS | CLIQUE AQUI<\/mark><\/a><\/h3>\n\n\n\n<h3 class=\"wp-block-heading\"><a href=\"https:\/\/www.ufmg.br\/espacodoconhecimento\/novo\/audioguia-exposicao-demasiado-humano-3o-andar-mundos\/\" target=\"_blank\" rel=\"noreferrer noopener\"><mark style=\"background-color:rgba(0, 0, 0, 0);color:#003366\" class=\"has-inline-color\">3\u00ba ANDAR &#8211; INSTALA\u00c7\u00c3O MUNDOS | CLIQUE AQUI<\/mark><\/a><\/h3>\n\n\n\n<div style=\"height:35px\" aria-hidden=\"true\" class=\"wp-block-spacer\"><\/div>\n\n\n\n<h3 class=\"wp-block-heading\">____________<\/h3>\n\n\n\n<div style=\"height:35px\" aria-hidden=\"true\" class=\"wp-block-spacer\"><\/div>\n\n\n\n<h3 class=\"wp-block-heading\"><em>demasiado humano<\/em><\/h3>\n\n\n\n<div style=\"height:16px\" aria-hidden=\"true\" class=\"wp-block-spacer\"><\/div>\n\n\n\n<p>Exibi\u00e7\u00e3o principal do museu, <em>demasiado humano<\/em> trata da aventura do conhecimento, abordando a origem da vida, a evolu\u00e7\u00e3o e a trajet\u00f3ria humana na Terra. Dividida em quatro m\u00f3dulos \u2013 O Aleph, Pensar as Origens, Modos de Existir e Sonhar a Terra \u2013 a exposi\u00e7\u00e3o convida os visitantes a compreender a ci\u00eancia e a cultura como processos vivos, marcados por d\u00favidas, incertezas e descobertas cont\u00ednuas. <em>demasiado humano<\/em> conta com patroc\u00ednio CEMIG via Lei Estadual de Incentivo a Cultura.<\/p>\n","protected":false},"excerpt":{"rendered":"<p>Confira o audioguia da exposi\u00e7\u00e3o demasiado humano, em cartaz no Espa\u00e7o do Conhecimento UFMG, e se aventure pela fascinante jornada do conhecimento e da cultura. 5\u00ba ANDAR &#8211; M\u00d3DULO &#8220;O ALEPH&#8221; | CLIQUE AQUI 4\u00ba ANDAR &#8211; M\u00d3DULO &#8220;PENSAR AS ORIGENS&#8221; | CLIQUE AQUI 4\u00ba ANDAR &#8211; INSTALA\u00c7\u00c3O EXTRATOS DO TEMPO | CLIQUE AQUI 4\u00ba [&hellip;]<\/p>\n","protected":false},"author":3,"featured_media":0,"parent":0,"menu_order":0,"comment_status":"closed","ping_status":"closed","template":"","meta":{"_acf_changed":false,"footnotes":""},"class_list":["post-830","page","type-page","status-publish","hentry"],"acf":[],"_links":{"self":[{"href":"https:\/\/www.ufmg.br\/espacodoconhecimento\/wp-json\/wp\/v2\/pages\/830"}],"collection":[{"href":"https:\/\/www.ufmg.br\/espacodoconhecimento\/wp-json\/wp\/v2\/pages"}],"about":[{"href":"https:\/\/www.ufmg.br\/espacodoconhecimento\/wp-json\/wp\/v2\/types\/page"}],"author":[{"embeddable":true,"href":"https:\/\/www.ufmg.br\/espacodoconhecimento\/wp-json\/wp\/v2\/users\/3"}],"replies":[{"embeddable":true,"href":"https:\/\/www.ufmg.br\/espacodoconhecimento\/wp-json\/wp\/v2\/comments?post=830"}],"version-history":[{"count":7,"href":"https:\/\/www.ufmg.br\/espacodoconhecimento\/wp-json\/wp\/v2\/pages\/830\/revisions"}],"predecessor-version":[{"id":837,"href":"https:\/\/www.ufmg.br\/espacodoconhecimento\/wp-json\/wp\/v2\/pages\/830\/revisions\/837"}],"wp:attachment":[{"href":"https:\/\/www.ufmg.br\/espacodoconhecimento\/wp-json\/wp\/v2\/media?parent=830"}],"curies":[{"name":"wp","href":"https:\/\/api.w.org\/{rel}","templated":true}]}}