{"id":8381,"date":"2026-01-29T11:00:57","date_gmt":"2026-01-29T14:00:57","guid":{"rendered":"https:\/\/www.ufmg.br\/espacodoconhecimento\/?page_id=8381"},"modified":"2026-01-29T11:01:24","modified_gmt":"2026-01-29T14:01:24","slug":"extratos-do-tempo","status":"publish","type":"page","link":"https:\/\/www.ufmg.br\/espacodoconhecimento\/exposicoes\/demasiado-humano\/extratos-do-tempo\/","title":{"rendered":"Extratos do Tempo"},"content":{"rendered":"\n<figure class=\"wp-block-image size-full\"><img loading=\"lazy\" decoding=\"async\" width=\"1024\" height=\"412\" src=\"https:\/\/www.ufmg.br\/espacodoconhecimento\/novo\/wp-content\/uploads\/2025\/07\/extratos-do-tempo-julia-lobato-divulgacao-espaco-do-conhecimento-ufmg-1024x412-1.png\" alt=\"\" class=\"wp-image-649\" srcset=\"https:\/\/www.ufmg.br\/espacodoconhecimento\/wp-content\/uploads\/2025\/07\/extratos-do-tempo-julia-lobato-divulgacao-espaco-do-conhecimento-ufmg-1024x412-1.png 1024w, https:\/\/www.ufmg.br\/espacodoconhecimento\/wp-content\/uploads\/2025\/07\/extratos-do-tempo-julia-lobato-divulgacao-espaco-do-conhecimento-ufmg-1024x412-1-300x121.png 300w, https:\/\/www.ufmg.br\/espacodoconhecimento\/wp-content\/uploads\/2025\/07\/extratos-do-tempo-julia-lobato-divulgacao-espaco-do-conhecimento-ufmg-1024x412-1-768x309.png 768w\" sizes=\"(max-width: 1024px) 100vw, 1024px\" \/><\/figure>\n\n\n\n<div style=\"height:35px\" aria-hidden=\"true\" class=\"wp-block-spacer\"><\/div>\n\n\n\n<p>A instala\u00e7\u00e3o, que se inicia com um grande painel ilustrado com uma linha do tempo, expande-se por todo o andar apresentando uma retrospectiva de eventos que marcaram etapas do desenvolvimento do universo, demonstrando as transforma\u00e7\u00f5es ao longo de 13,8 bilh\u00f5es de anos: o Big Bang, a forma\u00e7\u00e3o das gal\u00e1xias, o surgimento da vida, a evolu\u00e7\u00e3o dos organismos multicelulares, a extin\u00e7\u00e3o dos dinossauros e outros acontecimentos.<\/p>\n\n\n\n<div style=\"height:35px\" aria-hidden=\"true\" class=\"wp-block-spacer\"><\/div>\n\n\n\n<figure class=\"wp-block-embed is-type-rich is-provider-incorporar-manipulador wp-block-embed-incorporar-manipulador wp-embed-aspect-16-9 wp-has-aspect-ratio\"><div class=\"wp-block-embed__wrapper\">\n<iframe loading=\"lazy\" title=\"extratos do tempo | demasiado humano\" width=\"500\" height=\"281\" src=\"https:\/\/www.youtube.com\/embed\/KfniJcKGSJs?feature=oembed\" frameborder=\"0\" allow=\"accelerometer; autoplay; clipboard-write; encrypted-media; gyroscope; picture-in-picture; web-share\" referrerpolicy=\"strict-origin-when-cross-origin\" allowfullscreen><\/iframe>\n<\/div><\/figure>\n\n\n\n<p><\/p>\n\n\n\n<p><strong>Projeto Inaugural (2010):&nbsp;<\/strong><\/p>\n\n\n\n<p>Consultoria e concep\u00e7\u00e3o: Patr\u00edcia Kauark Leite e Ronaldo Penna Neves<\/p>\n\n\n\n<p>Design e redesenho digital: Maurizio Manzo<\/p>\n\n\n\n<p><\/p>\n\n\n\n<p><strong>Projeto de Renova\u00e7\u00e3o (2024):&nbsp;<\/strong><\/p>\n\n\n\n<p>Curadoria: Nathalia Nazareth Junqueira Fonseca e Fernanda Silva de Oliveira<\/p>\n\n\n\n<p>Consultoria: Alexandre Liparini Campos, Andrei Isnardis Horta e Mediadores &#8211; Espa\u00e7o do Conhecimento UFMG<\/p>\n\n\n\n<p>Design e redesenho digital: Olganelise M\u00f6ller Ferreira de Gouv\u00eaa e Maria Lu\u00edsa Almeida<\/p>\n","protected":false},"excerpt":{"rendered":"<p>A instala\u00e7\u00e3o, que se inicia com um grande painel ilustrado com uma linha do tempo, expande-se por todo o andar apresentando uma retrospectiva de eventos que marcaram etapas do desenvolvimento do universo, demonstrando as transforma\u00e7\u00f5es ao longo de 13,8 bilh\u00f5es de anos: o Big Bang, a forma\u00e7\u00e3o das gal\u00e1xias, o surgimento da vida, a evolu\u00e7\u00e3o [&hellip;]<\/p>\n","protected":false},"author":3,"featured_media":0,"parent":254,"menu_order":0,"comment_status":"closed","ping_status":"closed","template":"","meta":{"_acf_changed":false,"footnotes":""},"class_list":["post-8381","page","type-page","status-publish","hentry"],"acf":[],"_links":{"self":[{"href":"https:\/\/www.ufmg.br\/espacodoconhecimento\/wp-json\/wp\/v2\/pages\/8381"}],"collection":[{"href":"https:\/\/www.ufmg.br\/espacodoconhecimento\/wp-json\/wp\/v2\/pages"}],"about":[{"href":"https:\/\/www.ufmg.br\/espacodoconhecimento\/wp-json\/wp\/v2\/types\/page"}],"author":[{"embeddable":true,"href":"https:\/\/www.ufmg.br\/espacodoconhecimento\/wp-json\/wp\/v2\/users\/3"}],"replies":[{"embeddable":true,"href":"https:\/\/www.ufmg.br\/espacodoconhecimento\/wp-json\/wp\/v2\/comments?post=8381"}],"version-history":[{"count":3,"href":"https:\/\/www.ufmg.br\/espacodoconhecimento\/wp-json\/wp\/v2\/pages\/8381\/revisions"}],"predecessor-version":[{"id":8432,"href":"https:\/\/www.ufmg.br\/espacodoconhecimento\/wp-json\/wp\/v2\/pages\/8381\/revisions\/8432"}],"up":[{"embeddable":true,"href":"https:\/\/www.ufmg.br\/espacodoconhecimento\/wp-json\/wp\/v2\/pages\/254"}],"wp:attachment":[{"href":"https:\/\/www.ufmg.br\/espacodoconhecimento\/wp-json\/wp\/v2\/media?parent=8381"}],"curies":[{"name":"wp","href":"https:\/\/api.w.org\/{rel}","templated":true}]}}