{"id":9145,"date":"2026-03-11T12:23:34","date_gmt":"2026-03-11T15:23:34","guid":{"rendered":"https:\/\/www.ufmg.br\/espacodoconhecimento\/?page_id=9145"},"modified":"2026-03-11T12:23:34","modified_gmt":"2026-03-11T15:23:34","slug":"retificacao-edital-vaga-de-estagio-nucleo-audiovisual","status":"publish","type":"page","link":"https:\/\/www.ufmg.br\/espacodoconhecimento\/trabalhe-conosco\/retificacao-edital-vaga-de-estagio-nucleo-audiovisual\/","title":{"rendered":"Retifica\u00e7\u00e3o Edital Vaga de Est\u00e1gio (N\u00facleo Audiovisual)"},"content":{"rendered":"\n<div style=\"height:34px\" aria-hidden=\"true\" class=\"wp-block-spacer\"><\/div>\n\n\n\n<figure class=\"wp-block-gallery has-nested-images columns-default is-cropped wp-block-gallery-1 is-layout-flex wp-block-gallery-is-layout-flex\">\n<figure class=\"wp-block-image size-large\"><img loading=\"lazy\" decoding=\"async\" width=\"1024\" height=\"512\" data-id=\"8771\" src=\"https:\/\/www.ufmg.br\/espacodoconhecimento\/wp-content\/uploads\/2026\/02\/capa-noticias-5-1-1024x512.png\" alt=\"\" class=\"wp-image-8771\" srcset=\"https:\/\/www.ufmg.br\/espacodoconhecimento\/wp-content\/uploads\/2026\/02\/capa-noticias-5-1-1024x512.png 1024w, https:\/\/www.ufmg.br\/espacodoconhecimento\/wp-content\/uploads\/2026\/02\/capa-noticias-5-1-300x150.png 300w, https:\/\/www.ufmg.br\/espacodoconhecimento\/wp-content\/uploads\/2026\/02\/capa-noticias-5-1-768x384.png 768w, https:\/\/www.ufmg.br\/espacodoconhecimento\/wp-content\/uploads\/2026\/02\/capa-noticias-5-1-1536x768.png 1536w, https:\/\/www.ufmg.br\/espacodoconhecimento\/wp-content\/uploads\/2026\/02\/capa-noticias-5-1.png 2048w\" sizes=\"(max-width: 1024px) 100vw, 1024px\" \/><\/figure>\n<\/figure>\n\n\n\n<p><em>13 de janeiro de 2025<\/em><\/p>\n\n\n\n<div style=\"height:34px\" aria-hidden=\"true\" class=\"wp-block-spacer\"><\/div>\n\n\n\n<p>O Espa\u00e7o do Conhecimento UFMG, por meio deste, retifica o&nbsp;<strong><mark style=\"background-color:rgba(0, 0, 0, 0);color:#692d99\" class=\"has-inline-color\">EDITAL VAGA DE EST\u00c1GIO\/AUDIOVISUAL 2025<\/mark><\/strong>, publicado no dia 20 de dezembro de 2024, que oferta 1 (uma) vaga para sele\u00e7\u00e3o de estagi\u00e1rio para atuar no N\u00facleo de Audiovisual do museu. Informamos que o per\u00edodo de inscri\u00e7\u00e3o para a vaga foi <strong>prorrogado<\/strong>.&nbsp;As inscri\u00e7\u00f5es ser\u00e3o realizadas at\u00e9 \u00e0s 23h59 do dia <strong>15 de janeiro de 2025,<\/strong>&nbsp;via formul\u00e1rio <em>online<\/em>:&nbsp;<strong><a href=\"https:\/\/forms.gle\/PYPipcKrt1QKVpAP8\" target=\"_blank\" rel=\"noreferrer noopener\"><mark style=\"background-color:rgba(0, 0, 0, 0);color:#692d99\" class=\"has-inline-color\">forms.gle\/PYPipcKrt1QKVpAP8<\/mark><\/a><\/strong>.<\/p>\n\n\n\n<div style=\"height:34px\" aria-hidden=\"true\" class=\"wp-block-spacer\"><\/div>\n\n\n\n<p><\/p>\n","protected":false},"excerpt":{"rendered":"<p>13 de janeiro de 2025 O Espa\u00e7o do Conhecimento UFMG, por meio deste, retifica o&nbsp;EDITAL VAGA DE EST\u00c1GIO\/AUDIOVISUAL 2025, publicado no dia 20 de dezembro de 2024, que oferta 1 (uma) vaga para sele\u00e7\u00e3o de estagi\u00e1rio para atuar no N\u00facleo de Audiovisual do museu. Informamos que o per\u00edodo de inscri\u00e7\u00e3o para a vaga foi prorrogado.&nbsp;As [&hellip;]<\/p>\n","protected":false},"author":3,"featured_media":0,"parent":243,"menu_order":0,"comment_status":"closed","ping_status":"closed","template":"","meta":{"_acf_changed":false,"footnotes":""},"class_list":["post-9145","page","type-page","status-publish","hentry"],"acf":[],"_links":{"self":[{"href":"https:\/\/www.ufmg.br\/espacodoconhecimento\/wp-json\/wp\/v2\/pages\/9145"}],"collection":[{"href":"https:\/\/www.ufmg.br\/espacodoconhecimento\/wp-json\/wp\/v2\/pages"}],"about":[{"href":"https:\/\/www.ufmg.br\/espacodoconhecimento\/wp-json\/wp\/v2\/types\/page"}],"author":[{"embeddable":true,"href":"https:\/\/www.ufmg.br\/espacodoconhecimento\/wp-json\/wp\/v2\/users\/3"}],"replies":[{"embeddable":true,"href":"https:\/\/www.ufmg.br\/espacodoconhecimento\/wp-json\/wp\/v2\/comments?post=9145"}],"version-history":[{"count":1,"href":"https:\/\/www.ufmg.br\/espacodoconhecimento\/wp-json\/wp\/v2\/pages\/9145\/revisions"}],"predecessor-version":[{"id":9146,"href":"https:\/\/www.ufmg.br\/espacodoconhecimento\/wp-json\/wp\/v2\/pages\/9145\/revisions\/9146"}],"up":[{"embeddable":true,"href":"https:\/\/www.ufmg.br\/espacodoconhecimento\/wp-json\/wp\/v2\/pages\/243"}],"wp:attachment":[{"href":"https:\/\/www.ufmg.br\/espacodoconhecimento\/wp-json\/wp\/v2\/media?parent=9145"}],"curies":[{"name":"wp","href":"https:\/\/api.w.org\/{rel}","templated":true}]}}