{"id":9148,"date":"2026-03-11T12:27:24","date_gmt":"2026-03-11T15:27:24","guid":{"rendered":"https:\/\/www.ufmg.br\/espacodoconhecimento\/?page_id=9148"},"modified":"2026-03-11T12:27:24","modified_gmt":"2026-03-11T15:27:24","slug":"bolsas-de-extensao-nucleo-de-expografia-do-espaco-do-conhecimento-ufmg","status":"publish","type":"page","link":"https:\/\/www.ufmg.br\/espacodoconhecimento\/bolsas-de-extensao-nucleo-de-expografia-do-espaco-do-conhecimento-ufmg\/","title":{"rendered":"Bolsas de Extens\u00e3o: N\u00facleo de Expografia do Espa\u00e7o do Conhecimento UFMG"},"content":{"rendered":"\n<p><\/p>\n\n\n\n<div style=\"height:34px\" aria-hidden=\"true\" class=\"wp-block-spacer\"><\/div>\n\n\n\n<figure class=\"wp-block-gallery has-nested-images columns-default is-cropped wp-block-gallery-1 is-layout-flex wp-block-gallery-is-layout-flex\">\n<figure class=\"wp-block-image size-large\"><img loading=\"lazy\" decoding=\"async\" width=\"1024\" height=\"512\" data-id=\"8798\" src=\"https:\/\/www.ufmg.br\/espacodoconhecimento\/wp-content\/uploads\/2026\/02\/capa-noticias-13-1024x512.png\" alt=\"\" class=\"wp-image-8798\" srcset=\"https:\/\/www.ufmg.br\/espacodoconhecimento\/wp-content\/uploads\/2026\/02\/capa-noticias-13-1024x512.png 1024w, https:\/\/www.ufmg.br\/espacodoconhecimento\/wp-content\/uploads\/2026\/02\/capa-noticias-13-300x150.png 300w, https:\/\/www.ufmg.br\/espacodoconhecimento\/wp-content\/uploads\/2026\/02\/capa-noticias-13-768x384.png 768w, https:\/\/www.ufmg.br\/espacodoconhecimento\/wp-content\/uploads\/2026\/02\/capa-noticias-13-1536x768.png 1536w, https:\/\/www.ufmg.br\/espacodoconhecimento\/wp-content\/uploads\/2026\/02\/capa-noticias-13.png 2048w\" sizes=\"(max-width: 1024px) 100vw, 1024px\" \/><\/figure>\n<\/figure>\n\n\n\n<p><em>20 de janeiro de 2025<\/em><\/p>\n\n\n\n<div style=\"height:34px\" aria-hidden=\"true\" class=\"wp-block-spacer\"><\/div>\n\n\n\n<p>Est\u00e3o abertas as inscri\u00e7\u00f5es para sele\u00e7\u00e3o de bolsistas de extens\u00e3o no N\u00facleo de Expografia do Espa\u00e7o do Conhecimento UFMG.<\/p>\n\n\n\n<div style=\"height:34px\" aria-hidden=\"true\" class=\"wp-block-spacer\"><\/div>\n\n\n\n<p><strong>Vagas:&nbsp;<\/strong><\/p>\n\n\n\n<p>O programa tem <strong>02 (duas) vagas<\/strong> para atuar no N\u00facleo de Expografia, sendo:<\/p>\n\n\n\n<p>\u2013 01 (uma) vaga para bolsa <strong>PBEXT<\/strong>;<\/p>\n\n\n\n<p>\u2013 01 (uma) vaga para bolsa <strong>PBEXT A\u00e7\u00e3o Afirmativa<\/strong>.<\/p>\n\n\n\n<div style=\"height:34px\" aria-hidden=\"true\" class=\"wp-block-spacer\"><\/div>\n\n\n\n<p>As bolsas&nbsp;<strong>PBEXT A\u00e7\u00e3o Afirmativa<\/strong>&nbsp;s\u00e3o destinadas, exclusivamente, a estudantes que ingressaram na UFMG pelo sistema de cotas e\/ou classificados socioeconomicamente no n\u00edvel I, II ou III pela Funda\u00e7\u00e3o Universit\u00e1ria Mendes Pimentel (FUMP), estudantes m\u00e3es com crian\u00e7a cursando o Ensino Infantil ou Fundamental na rede p\u00fablica de ensino, estudantes travestis e transexuais, estudantes com defici\u00eancia, estudantes ind\u00edgenas e quilombolas, estudantes refugiados. O candidato a essa bolsa deve apresentar qualquer documento que comprove uma das condi\u00e7\u00f5es descritas acima no momento da inscri\u00e7\u00e3o.<\/p>\n\n\n\n<div style=\"height:34px\" aria-hidden=\"true\" class=\"wp-block-spacer\"><\/div>\n\n\n\n<p><strong>Atividades a serem desenvolvidas:<\/strong><\/p>\n\n\n\n<p>&#8211; Pesquisas aplicadas \u00e0 concep\u00e7\u00e3o de exposi\u00e7\u00f5es observando a dimens\u00e3o da acessibilidade de p\u00fablico com necessidades especiais;<\/p>\n\n\n\n<p>&#8211; Conceitua\u00e7\u00e3o e elabora\u00e7\u00e3o de projeto expogr\u00e1fico;<\/p>\n\n\n\n<p>&#8211; Detalhamento de projetos expogr\u00e1ficos;<\/p>\n\n\n\n<p>&#8211; Concep\u00e7\u00e3o de identidade visual para as exposi\u00e7\u00f5es.<\/p>\n\n\n\n<div style=\"height:34px\" aria-hidden=\"true\" class=\"wp-block-spacer\"><\/div>\n\n\n\n<p><strong>Pr\u00e9-requisitos:<\/strong><\/p>\n\n\n\n<p>\u2013 Estar matriculado <em>preferencialmente<\/em> nos cursos de gradua\u00e7\u00e3o em Arquitetura e Urbanismo, Design, Comunica\u00e7\u00e3o, Artes visuais ou Museologia da UFMG;<\/p>\n\n\n\n<p>&#8211;&nbsp;Estudante com interesse em projeto de exposi\u00e7\u00f5es (pesquisas em curadoria, concep\u00e7\u00e3o espacial, projeto expogr\u00e1fico, elabora\u00e7\u00e3o de identidade visual, diagrama\u00e7\u00e3o de pe\u00e7as gr\u00e1ficas e acompanhamento de montagem). \u00c9 desej\u00e1vel o dom\u00ednio de ferramentas de detalhamento de desenho arquitet\u00f4nico, edi\u00e7\u00e3o de imagens, diagrama\u00e7\u00e3o, modelagem 3d e excel;<\/p>\n\n\n\n<p>\u2013 Ter disponibilidade de 20 horas semanais para dedica\u00e7\u00e3o \u00e0s atividades de extens\u00e3o;<\/p>\n\n\n\n<p>\u2013 N\u00e3o ter v\u00ednculo empregat\u00edcio ou ac\u00famulo de bolsas no per\u00edodo de desenvolvimento do projeto;<\/p>\n\n\n\n<p>\u2013 N\u00e3o ter v\u00ednculo empregat\u00edcio ou ac\u00famulo de bolsas no per\u00edodo de desenvolvimento do projeto;<\/p>\n\n\n\n<p>\u2013 Estar dispon\u00edvel para assumir a bolsa em <strong>mar\u00e7o de 2025<\/strong>;<\/p>\n\n\n\n<p>\u2013 Caso seja selecionado para a bolsa, possuir conta banc\u00e1ria ativa, do tipo conta-corrente, da qual seja o \u00fanico titular.<\/p>\n\n\n\n<div style=\"height:34px\" aria-hidden=\"true\" class=\"wp-block-spacer\"><\/div>\n\n\n\n<p><strong>Inscri\u00e7\u00f5es:<\/strong><\/p>\n\n\n\n<p>As inscri\u00e7\u00f5es dever\u00e3o ser realizadas no per\u00edodo de <strong>20\/01\/2025 a 31\/01\/2025<\/strong>, por meio do link: <a href=\"https:\/\/forms.gle\/fJbBhmxyuACA7qdu8\" target=\"_blank\" rel=\"noreferrer noopener\"><mark style=\"background-color:rgba(0, 0, 0, 0);color:#0cc0df\" class=\"has-inline-color\">forms.gle\/fJbBhmxyuACA7qdu8<\/mark><\/a>.<\/p>\n\n\n\n<div style=\"height:34px\" aria-hidden=\"true\" class=\"wp-block-spacer\"><\/div>\n\n\n\n<p><strong>Per\u00edodo de vig\u00eancia da bolsa:<\/strong> at\u00e9 28\/02\/2026<\/p>\n\n\n\n<p><strong>Valor da bolsa:<\/strong> R$ 700,00<\/p>\n\n\n\n<p><strong>Carga-hor\u00e1ria:<\/strong> 20 horas semanais<\/p>\n\n\n\n<div style=\"height:34px\" aria-hidden=\"true\" class=\"wp-block-spacer\"><\/div>\n\n\n\n<p><strong>Resultados:<\/strong><\/p>\n\n\n\n<p>Os resultados finais ser\u00e3o divulgados at\u00e9 o dia&nbsp;<strong>10&nbsp;de mar\u00e7o de 2025<\/strong>, <strong>no&nbsp;<\/strong><mark style=\"background-color:rgba(0, 0, 0, 0)\" class=\"has-inline-color has-black-color\"><strong>site<\/strong>&nbsp;<\/mark>do Espa\u00e7o do Conhecimento UFMG.<\/p>\n\n\n\n<div style=\"height:34px\" aria-hidden=\"true\" class=\"wp-block-spacer\"><\/div>\n\n\n\n<p><strong>Acesse as informa\u00e7\u00f5es completas no Edital:<mark style=\"background-color:rgba(0, 0, 0, 0);color:#0cc0df\" class=\"has-inline-color\">&nbsp;<\/mark><\/strong><\/p>\n\n\n\n<div style=\"height:34px\" aria-hidden=\"true\" class=\"wp-block-spacer\"><\/div>\n\n\n\n<div data-wp-interactive=\"core\/file\" class=\"wp-block-file\"><object data-wp-bind--hidden=\"!state.hasPdfPreview\"  class=\"wp-block-file__embed\" data=\"https:\/\/www.ufmg.br\/espacodoconhecimento\/wp-content\/uploads\/2025\/08\/Edital-001-2025-Expografia-1.pdf\" type=\"application\/pdf\" style=\"width:100%;height:600px\" aria-label=\"Incorporado de Edital-001-2025-Expografia (1).\"><\/object><a id=\"wp-block-file--media-c7fb5326-a679-4020-94f9-89e38c1443b0\" href=\"https:\/\/www.ufmg.br\/espacodoconhecimento\/wp-content\/uploads\/2025\/08\/Edital-001-2025-Expografia-1.pdf\">Edital-001-2025-Expografia (1)<\/a><a href=\"https:\/\/www.ufmg.br\/espacodoconhecimento\/wp-content\/uploads\/2025\/08\/Edital-001-2025-Expografia-1.pdf\" class=\"wp-block-file__button wp-element-button\" download aria-describedby=\"wp-block-file--media-c7fb5326-a679-4020-94f9-89e38c1443b0\">Baixar<\/a><\/div>\n\n\n\n<div style=\"height:34px\" aria-hidden=\"true\" class=\"wp-block-spacer\"><\/div>\n\n\n\n<hr class=\"wp-block-separator has-alpha-channel-opacity\"\/>\n","protected":false},"excerpt":{"rendered":"<p>20 de janeiro de 2025 Est\u00e3o abertas as inscri\u00e7\u00f5es para sele\u00e7\u00e3o de bolsistas de extens\u00e3o no N\u00facleo de Expografia do Espa\u00e7o do Conhecimento UFMG. Vagas:&nbsp; O programa tem 02 (duas) vagas para atuar no N\u00facleo de Expografia, sendo: \u2013 01 (uma) vaga para bolsa PBEXT; \u2013 01 (uma) vaga para bolsa PBEXT A\u00e7\u00e3o Afirmativa. As [&hellip;]<\/p>\n","protected":false},"author":3,"featured_media":0,"parent":0,"menu_order":0,"comment_status":"closed","ping_status":"closed","template":"","meta":{"_acf_changed":false,"footnotes":""},"class_list":["post-9148","page","type-page","status-publish","hentry"],"acf":[],"_links":{"self":[{"href":"https:\/\/www.ufmg.br\/espacodoconhecimento\/wp-json\/wp\/v2\/pages\/9148"}],"collection":[{"href":"https:\/\/www.ufmg.br\/espacodoconhecimento\/wp-json\/wp\/v2\/pages"}],"about":[{"href":"https:\/\/www.ufmg.br\/espacodoconhecimento\/wp-json\/wp\/v2\/types\/page"}],"author":[{"embeddable":true,"href":"https:\/\/www.ufmg.br\/espacodoconhecimento\/wp-json\/wp\/v2\/users\/3"}],"replies":[{"embeddable":true,"href":"https:\/\/www.ufmg.br\/espacodoconhecimento\/wp-json\/wp\/v2\/comments?post=9148"}],"version-history":[{"count":1,"href":"https:\/\/www.ufmg.br\/espacodoconhecimento\/wp-json\/wp\/v2\/pages\/9148\/revisions"}],"predecessor-version":[{"id":9149,"href":"https:\/\/www.ufmg.br\/espacodoconhecimento\/wp-json\/wp\/v2\/pages\/9148\/revisions\/9149"}],"wp:attachment":[{"href":"https:\/\/www.ufmg.br\/espacodoconhecimento\/wp-json\/wp\/v2\/media?parent=9148"}],"curies":[{"name":"wp","href":"https:\/\/api.w.org\/{rel}","templated":true}]}}