{"id":9150,"date":"2026-03-11T12:30:16","date_gmt":"2026-03-11T15:30:16","guid":{"rendered":"https:\/\/www.ufmg.br\/espacodoconhecimento\/?page_id=9150"},"modified":"2026-03-11T12:30:16","modified_gmt":"2026-03-11T15:30:16","slug":"bolsa-de-extensao-nucleo-de-audiovisual-do-espaco-do-conhecimento-ufmg","status":"publish","type":"page","link":"https:\/\/www.ufmg.br\/espacodoconhecimento\/bolsa-de-extensao-nucleo-de-audiovisual-do-espaco-do-conhecimento-ufmg\/","title":{"rendered":"Bolsa de Extens\u00e3o: N\u00facleo de Audiovisual do Espa\u00e7o do Conhecimento UFMG"},"content":{"rendered":"\n<p><\/p>\n\n\n\n<div style=\"height:34px\" aria-hidden=\"true\" class=\"wp-block-spacer\"><\/div>\n\n\n\n<h3 class=\"wp-block-heading\"><\/h3>\n\n\n\n<figure class=\"wp-block-gallery has-nested-images columns-default is-cropped wp-block-gallery-1 is-layout-flex wp-block-gallery-is-layout-flex\">\n<figure class=\"wp-block-image size-large\"><img loading=\"lazy\" decoding=\"async\" width=\"1024\" height=\"512\" data-id=\"8771\" src=\"https:\/\/www.ufmg.br\/espacodoconhecimento\/wp-content\/uploads\/2026\/02\/capa-noticias-5-1-1024x512.png\" alt=\"\" class=\"wp-image-8771\" srcset=\"https:\/\/www.ufmg.br\/espacodoconhecimento\/wp-content\/uploads\/2026\/02\/capa-noticias-5-1-1024x512.png 1024w, https:\/\/www.ufmg.br\/espacodoconhecimento\/wp-content\/uploads\/2026\/02\/capa-noticias-5-1-300x150.png 300w, https:\/\/www.ufmg.br\/espacodoconhecimento\/wp-content\/uploads\/2026\/02\/capa-noticias-5-1-768x384.png 768w, https:\/\/www.ufmg.br\/espacodoconhecimento\/wp-content\/uploads\/2026\/02\/capa-noticias-5-1-1536x768.png 1536w, https:\/\/www.ufmg.br\/espacodoconhecimento\/wp-content\/uploads\/2026\/02\/capa-noticias-5-1.png 2048w\" sizes=\"(max-width: 1024px) 100vw, 1024px\" \/><\/figure>\n<\/figure>\n\n\n\n<p><\/p>\n\n\n\n<p><em>20 de janeiro de 2025<\/em><\/p>\n\n\n\n<div style=\"height:34px\" aria-hidden=\"true\" class=\"wp-block-spacer\"><\/div>\n\n\n\n<p>Est\u00e3o abertas as inscri\u00e7\u00f5es para sele\u00e7\u00e3o de bolsista de extens\u00e3o no N\u00facleo de Audiovisual do Espa\u00e7o do Conhecimento UFMG.<\/p>\n\n\n\n<div style=\"height:34px\" aria-hidden=\"true\" class=\"wp-block-spacer\"><\/div>\n\n\n\n<p><strong>Vagas:&nbsp;<\/strong><\/p>\n\n\n\n<p><strong>01 (uma) vaga<\/strong> para atuar no N\u00facleo de Audiovisual.<\/p>\n\n\n\n<div style=\"height:34px\" aria-hidden=\"true\" class=\"wp-block-spacer\"><\/div>\n\n\n\n<p><strong>Pr\u00e9-requisitos:<\/strong><\/p>\n\n\n\n<p>\u2013 Estar matriculado <em>preferencialmente<\/em> nos cursos de gradua\u00e7\u00e3o da \u00e1rea de Cinema de Anima\u00e7\u00e3o, Design, Artes Visuais ou Comunica\u00e7\u00e3o Social da UFMG;<\/p>\n\n\n\n<p>\u2013 Ter <em>preferencialmente<\/em> experi\u00eancias pr\u00e9vias em atividades com capta\u00e7\u00e3o e edi\u00e7\u00e3o de \u00e1udio e v\u00eddeo, anima\u00e7\u00e3o e anima\u00e7\u00e3o gr\u00e1fica;<\/p>\n\n\n\n<p>\u2013 Ter disponibilidade de <strong>20 horas semanais<\/strong> para dedica\u00e7\u00e3o \u00e0s atividades de extens\u00e3o (produ\u00e7\u00e3o de conte\u00fado audiovisual para exposi\u00e7\u00f5es, Fachada Digital e Planet\u00e1rio, e outras atividades presenciais e remotas);<\/p>\n\n\n\n<p>\u2013 N\u00e3o ter v\u00ednculo empregat\u00edcio ou ac\u00famulo de bolsas no per\u00edodo de desenvolvimento do projeto;<\/p>\n\n\n\n<p>\u2013 Estar dispon\u00edvel para assumir a bolsa em&nbsp;<strong>mar\u00e7o de 2025<\/strong>;<\/p>\n\n\n\n<p>\u2013 Caso seja selecionado para a bolsa, possuir conta banc\u00e1ria ativa, do tipo conta-corrente, da qual seja o \u00fanico titular<\/p>\n\n\n\n<div style=\"height:34px\" aria-hidden=\"true\" class=\"wp-block-spacer\"><\/div>\n\n\n\n<p><strong>Inscri\u00e7\u00f5es:<\/strong><\/p>\n\n\n\n<p>As inscri\u00e7\u00f5es ser\u00e3o realizadas de <strong>20\/01\/2025 a 31\/01\/2025<\/strong>, por meio do link:<br><a href=\"https:\/\/docs.google.com\/forms\/d\/e\/1FAIpQLSfd-PPEo4mxWJXdAQXB8jr9buF6gee73o1-RpDfJIog8823pQ\/viewform?usp=dialog\" target=\"_blank\" rel=\"noreferrer noopener\"><mark style=\"background-color:rgba(0, 0, 0, 0);color:#692d99\" class=\"has-inline-color\">docs.google.com\/forms\/d\/e\/1FAIpQLSfd-PPEo4mxWJXdAQXB8jr9buF6gee73o1<\/mark><\/a><\/p>\n\n\n\n<div style=\"height:34px\" aria-hidden=\"true\" class=\"wp-block-spacer\"><\/div>\n\n\n\n<p><strong>Per\u00edodo de vig\u00eancia da bolsa:<\/strong> at\u00e9 28\/02\/2026<\/p>\n\n\n\n<p><strong>Valor da bolsa:<\/strong> R$ 700,00<\/p>\n\n\n\n<p><strong>Carga-hor\u00e1ria:<\/strong> 20 horas semanais<\/p>\n\n\n\n<div style=\"height:34px\" aria-hidden=\"true\" class=\"wp-block-spacer\"><\/div>\n\n\n\n<p><strong>Resultados:<\/strong><\/p>\n\n\n\n<p>Os resultados finais ser\u00e3o divulgados at\u00e9 o dia&nbsp;<strong>15 de mar\u00e7o de 2025<\/strong>, <strong>no&nbsp;<\/strong><mark style=\"background-color:rgba(0, 0, 0, 0)\" class=\"has-inline-color has-black-color\"><strong>site<\/strong>&nbsp;<\/mark>do Espa\u00e7o do Conhecimento UFMG.<\/p>\n\n\n\n<div style=\"height:34px\" aria-hidden=\"true\" class=\"wp-block-spacer\"><\/div>\n\n\n\n<p><strong>Acesse as informa\u00e7\u00f5es completas no Edital:<\/strong><\/p>\n\n\n\n<div style=\"height:34px\" aria-hidden=\"true\" class=\"wp-block-spacer\"><\/div>\n\n\n\n<div data-wp-interactive=\"core\/file\" class=\"wp-block-file\"><object data-wp-bind--hidden=\"!state.hasPdfPreview\"  class=\"wp-block-file__embed\" data=\"https:\/\/www.ufmg.br\/espacodoconhecimento\/wp-content\/uploads\/2025\/08\/Edital-002-2025-Nucleo-de-Audiovisual-1.pdf\" type=\"application\/pdf\" style=\"width:100%;height:600px\" aria-label=\"Incorporado de Edital-002-2025-N\u00facleo-de-Audiovisual (1).\"><\/object><a id=\"wp-block-file--media-e6ea8153-1913-4d34-a399-cd4eb17383d8\" href=\"https:\/\/www.ufmg.br\/espacodoconhecimento\/wp-content\/uploads\/2025\/08\/Edital-002-2025-Nucleo-de-Audiovisual-1.pdf\">Edital-002-2025-N\u00facleo-de-Audiovisual (1)<\/a><a href=\"https:\/\/www.ufmg.br\/espacodoconhecimento\/wp-content\/uploads\/2025\/08\/Edital-002-2025-Nucleo-de-Audiovisual-1.pdf\" class=\"wp-block-file__button wp-element-button\" download aria-describedby=\"wp-block-file--media-e6ea8153-1913-4d34-a399-cd4eb17383d8\">Baixar<\/a><\/div>\n\n\n\n<div style=\"height:34px\" aria-hidden=\"true\" class=\"wp-block-spacer\"><\/div>\n\n\n\n<hr class=\"wp-block-separator has-alpha-channel-opacity\"\/>\n\n\n\n<div style=\"height:34px\" aria-hidden=\"true\" class=\"wp-block-spacer\"><\/div>\n","protected":false},"excerpt":{"rendered":"<p>20 de janeiro de 2025 Est\u00e3o abertas as inscri\u00e7\u00f5es para sele\u00e7\u00e3o de bolsista de extens\u00e3o no N\u00facleo de Audiovisual do Espa\u00e7o do Conhecimento UFMG. Vagas:&nbsp; 01 (uma) vaga para atuar no N\u00facleo de Audiovisual. Pr\u00e9-requisitos: \u2013 Estar matriculado preferencialmente nos cursos de gradua\u00e7\u00e3o da \u00e1rea de Cinema de Anima\u00e7\u00e3o, Design, Artes Visuais ou Comunica\u00e7\u00e3o Social [&hellip;]<\/p>\n","protected":false},"author":3,"featured_media":0,"parent":0,"menu_order":0,"comment_status":"closed","ping_status":"closed","template":"","meta":{"_acf_changed":false,"footnotes":""},"class_list":["post-9150","page","type-page","status-publish","hentry"],"acf":[],"_links":{"self":[{"href":"https:\/\/www.ufmg.br\/espacodoconhecimento\/wp-json\/wp\/v2\/pages\/9150"}],"collection":[{"href":"https:\/\/www.ufmg.br\/espacodoconhecimento\/wp-json\/wp\/v2\/pages"}],"about":[{"href":"https:\/\/www.ufmg.br\/espacodoconhecimento\/wp-json\/wp\/v2\/types\/page"}],"author":[{"embeddable":true,"href":"https:\/\/www.ufmg.br\/espacodoconhecimento\/wp-json\/wp\/v2\/users\/3"}],"replies":[{"embeddable":true,"href":"https:\/\/www.ufmg.br\/espacodoconhecimento\/wp-json\/wp\/v2\/comments?post=9150"}],"version-history":[{"count":1,"href":"https:\/\/www.ufmg.br\/espacodoconhecimento\/wp-json\/wp\/v2\/pages\/9150\/revisions"}],"predecessor-version":[{"id":9151,"href":"https:\/\/www.ufmg.br\/espacodoconhecimento\/wp-json\/wp\/v2\/pages\/9150\/revisions\/9151"}],"wp:attachment":[{"href":"https:\/\/www.ufmg.br\/espacodoconhecimento\/wp-json\/wp\/v2\/media?parent=9150"}],"curies":[{"name":"wp","href":"https:\/\/api.w.org\/{rel}","templated":true}]}}