{"id":9190,"date":"2026-03-11T15:10:03","date_gmt":"2026-03-11T18:10:03","guid":{"rendered":"https:\/\/www.ufmg.br\/espacodoconhecimento\/?page_id=9190"},"modified":"2026-03-11T15:10:03","modified_gmt":"2026-03-11T18:10:03","slug":"resultado-selecao-de-bolsistas-pipa","status":"publish","type":"page","link":"https:\/\/www.ufmg.br\/espacodoconhecimento\/resultado-selecao-de-bolsistas-pipa\/","title":{"rendered":"Resultado &#8211; Sele\u00e7\u00e3o de bolsistas PIPA"},"content":{"rendered":"\n<p><\/p>\n\n\n\n<div style=\"height:34px\" aria-hidden=\"true\" class=\"wp-block-spacer\"><\/div>\n\n\n\n<h3 class=\"wp-block-heading\"><\/h3>\n\n\n\n<figure class=\"wp-block-gallery has-nested-images columns-default is-cropped wp-block-gallery-1 is-layout-flex wp-block-gallery-is-layout-flex\">\n<figure class=\"wp-block-image size-large\"><img loading=\"lazy\" decoding=\"async\" width=\"1024\" height=\"412\" data-id=\"8653\" src=\"https:\/\/www.ufmg.br\/espacodoconhecimento\/wp-content\/uploads\/2026\/02\/educativo-noticia-1024x412-1.png\" alt=\"\" class=\"wp-image-8653\" srcset=\"https:\/\/www.ufmg.br\/espacodoconhecimento\/wp-content\/uploads\/2026\/02\/educativo-noticia-1024x412-1.png 1024w, https:\/\/www.ufmg.br\/espacodoconhecimento\/wp-content\/uploads\/2026\/02\/educativo-noticia-1024x412-1-300x121.png 300w, https:\/\/www.ufmg.br\/espacodoconhecimento\/wp-content\/uploads\/2026\/02\/educativo-noticia-1024x412-1-768x309.png 768w\" sizes=\"(max-width: 1024px) 100vw, 1024px\" \/><\/figure>\n<\/figure>\n\n\n\n<div style=\"height:34px\" aria-hidden=\"true\" class=\"wp-block-spacer\"><\/div>\n\n\n\n<h3 class=\"wp-block-heading\"><mark style=\"background-color:rgba(0, 0, 0, 0);color:#ff914d\" class=\"has-inline-color\">(Programa de Apoio \u00e0 Inclus\u00e3o e Promo\u00e7\u00e3o \u00e0 Acessibilidade da UFMG)<\/mark><\/h3>\n\n\n\n<p><\/p>\n\n\n\n<p><em>04 de abril de 2025<\/em><\/p>\n\n\n\n<div style=\"height:34px\" aria-hidden=\"true\" class=\"wp-block-spacer\"><\/div>\n\n\n\n<p>O N\u00facleo de A\u00e7\u00f5es Educativas e Acessibilidade do Espa\u00e7o do Conhecimento UFMG informa o resultado da sele\u00e7\u00e3o de bolsas de extens\u00e3o:<\/p>\n\n\n\n<div style=\"height:34px\" aria-hidden=\"true\" class=\"wp-block-spacer\"><\/div>\n\n\n\n<p><strong>Selecionada<\/strong><\/p>\n\n\n\n<p>Yasmin Dias Soares<\/p>\n\n\n\n<div style=\"height:34px\" aria-hidden=\"true\" class=\"wp-block-spacer\"><\/div>\n\n\n\n<p><strong>Cadastro de Reserva (Lista de espera)<br><\/strong><\/p>\n\n\n\n<p>Camila Velasquez Santos Porto<br>Ana Gabriela Arraes de Amorim<br>Nicolly Perroni Maia Tavares<br>Gabriel Ot\u00e1vio Rocha Benfica<br>Ana Luiza de Paula Costa<br>Beatriz Oliveira Reis<br>Lav\u00ednia Yasmine Cardoso Brand\u00e3o<br>Adriana Maria Augusta de Oliveira<br>Mateus Carvalho Gomes<br>Christel Appolon Souffrant<\/p>\n\n\n\n<div style=\"height:34px\" aria-hidden=\"true\" class=\"wp-block-spacer\"><\/div>\n\n\n\n<p><strong>Verifique no Edital completo:&nbsp;<\/strong><\/p>\n\n\n\n<div style=\"height:34px\" aria-hidden=\"true\" class=\"wp-block-spacer\"><\/div>\n\n\n\n<div data-wp-interactive=\"core\/file\" class=\"wp-block-file\"><object data-wp-bind--hidden=\"!state.hasPdfPreview\"  class=\"wp-block-file__embed\" data=\"https:\/\/www.ufmg.br\/espacodoconhecimento\/wp-content\/uploads\/2025\/08\/Edital-selecao-bolsistas-PIPA-2025-1.pdf\" type=\"application\/pdf\" style=\"width:100%;height:600px\" aria-label=\"Incorporado de Edital-sele\u00e7\u00e3o-bolsistas-PIPA-2025.\"><\/object><a id=\"wp-block-file--media-15841996-2f67-4d46-8095-8fc208306e37\" href=\"https:\/\/www.ufmg.br\/espacodoconhecimento\/wp-content\/uploads\/2025\/08\/Edital-selecao-bolsistas-PIPA-2025-1.pdf\">Edital-sele\u00e7\u00e3o-bolsistas-PIPA-2025<\/a><a href=\"https:\/\/www.ufmg.br\/espacodoconhecimento\/wp-content\/uploads\/2025\/08\/Edital-selecao-bolsistas-PIPA-2025-1.pdf\" class=\"wp-block-file__button wp-element-button\" download aria-describedby=\"wp-block-file--media-15841996-2f67-4d46-8095-8fc208306e37\">Baixar<\/a><\/div>\n\n\n\n<div style=\"height:34px\" aria-hidden=\"true\" class=\"wp-block-spacer\"><\/div>\n\n\n\n<hr class=\"wp-block-separator has-alpha-channel-opacity\"\/>\n","protected":false},"excerpt":{"rendered":"<p>(Programa de Apoio \u00e0 Inclus\u00e3o e Promo\u00e7\u00e3o \u00e0 Acessibilidade da UFMG) 04 de abril de 2025 O N\u00facleo de A\u00e7\u00f5es Educativas e Acessibilidade do Espa\u00e7o do Conhecimento UFMG informa o resultado da sele\u00e7\u00e3o de bolsas de extens\u00e3o: Selecionada Yasmin Dias Soares Cadastro de Reserva (Lista de espera) Camila Velasquez Santos PortoAna Gabriela Arraes de AmorimNicolly [&hellip;]<\/p>\n","protected":false},"author":3,"featured_media":0,"parent":0,"menu_order":0,"comment_status":"closed","ping_status":"closed","template":"","meta":{"_acf_changed":false,"footnotes":""},"class_list":["post-9190","page","type-page","status-publish","hentry"],"acf":[],"_links":{"self":[{"href":"https:\/\/www.ufmg.br\/espacodoconhecimento\/wp-json\/wp\/v2\/pages\/9190"}],"collection":[{"href":"https:\/\/www.ufmg.br\/espacodoconhecimento\/wp-json\/wp\/v2\/pages"}],"about":[{"href":"https:\/\/www.ufmg.br\/espacodoconhecimento\/wp-json\/wp\/v2\/types\/page"}],"author":[{"embeddable":true,"href":"https:\/\/www.ufmg.br\/espacodoconhecimento\/wp-json\/wp\/v2\/users\/3"}],"replies":[{"embeddable":true,"href":"https:\/\/www.ufmg.br\/espacodoconhecimento\/wp-json\/wp\/v2\/comments?post=9190"}],"version-history":[{"count":1,"href":"https:\/\/www.ufmg.br\/espacodoconhecimento\/wp-json\/wp\/v2\/pages\/9190\/revisions"}],"predecessor-version":[{"id":9191,"href":"https:\/\/www.ufmg.br\/espacodoconhecimento\/wp-json\/wp\/v2\/pages\/9190\/revisions\/9191"}],"wp:attachment":[{"href":"https:\/\/www.ufmg.br\/espacodoconhecimento\/wp-json\/wp\/v2\/media?parent=9190"}],"curies":[{"name":"wp","href":"https:\/\/api.w.org\/{rel}","templated":true}]}}

Resultado &#8211; Seleção de bolsistas PIPA

<p></p>



<div style="height:34px" aria-hidden="true" class="wp-block-spacer"></div>



<h3 class="wp-block-heading"></h3>



<figure class="wp-block-gallery has-nested-images columns-default is-cropped wp-block-gallery-1 is-layout-flex wp-block-gallery-is-layout-flex">
<figure class="wp-block-image size-large"><img loading="lazy" decoding="async" width="1024" height="412" data-id="8653" src="https://www.ufmg.br/espacodoconhecimento/wp-content/uploads/2026/02/educativo-noticia-1024x412-1.png" alt="" class="wp-image-8653" srcset="https://www.ufmg.br/espacodoconhecimento/wp-content/uploads/2026/02/educativo-noticia-1024x412-1.png 1024w, https://www.ufmg.br/espacodoconhecimento/wp-content/uploads/2026/02/educativo-noticia-1024x412-1-300x121.png 300w, https://www.ufmg.br/espacodoconhecimento/wp-content/uploads/2026/02/educativo-noticia-1024x412-1-768x309.png 768w" sizes="(max-width: 1024px) 100vw, 1024px" /></figure>
</figure>



<div style="height:34px" aria-hidden="true" class="wp-block-spacer"></div>



<h3 class="wp-block-heading"><mark style="background-color:rgba(0, 0, 0, 0);color:#ff914d" class="has-inline-color">(Programa de Apoio à Inclusão e Promoção à Acessibilidade da UFMG)</mark></h3>



<p></p>



<p><em>04 de abril de 2025</em></p>



<div style="height:34px" aria-hidden="true" class="wp-block-spacer"></div>



<p>O Núcleo de Ações Educativas e Acessibilidade do Espaço do Conhecimento UFMG informa o resultado da seleção de bolsas de extensão:</p>



<div style="height:34px" aria-hidden="true" class="wp-block-spacer"></div>



<p><strong>Selecionada</strong></p>



<p>Yasmin Dias Soares</p>



<div style="height:34px" aria-hidden="true" class="wp-block-spacer"></div>



<p><strong>Cadastro de Reserva (Lista de espera)<br></strong></p>



<p>Camila Velasquez Santos Porto<br>Ana Gabriela Arraes de Amorim<br>Nicolly Perroni Maia Tavares<br>Gabriel Otávio Rocha Benfica<br>Ana Luiza de Paula Costa<br>Beatriz Oliveira Reis<br>Lavínia Yasmine Cardoso Brandão<br>Adriana Maria Augusta de Oliveira<br>Mateus Carvalho Gomes<br>Christel Appolon Souffrant</p>



<div style="height:34px" aria-hidden="true" class="wp-block-spacer"></div>



<p><strong>Verifique no Edital completo:&nbsp;</strong></p>



<div style="height:34px" aria-hidden="true" class="wp-block-spacer"></div>



<div data-wp-interactive="core/file" class="wp-block-file"><object data-wp-bind--hidden="!state.hasPdfPreview"  class="wp-block-file__embed" data="https://www.ufmg.br/espacodoconhecimento/wp-content/uploads/2025/08/Edital-selecao-bolsistas-PIPA-2025-1.pdf" type="application/pdf" style="width:100%;height:600px" aria-label="Incorporado de Edital-seleção-bolsistas-PIPA-2025."></object><a id="wp-block-file--media-15841996-2f67-4d46-8095-8fc208306e37" href="https://www.ufmg.br/espacodoconhecimento/wp-content/uploads/2025/08/Edital-selecao-bolsistas-PIPA-2025-1.pdf">Edital-seleção-bolsistas-PIPA-2025</a><a href="https://www.ufmg.br/espacodoconhecimento/wp-content/uploads/2025/08/Edital-selecao-bolsistas-PIPA-2025-1.pdf" class="wp-block-file__button wp-element-button" download aria-describedby="wp-block-file--media-15841996-2f67-4d46-8095-8fc208306e37">Baixar</a></div>



<div style="height:34px" aria-hidden="true" class="wp-block-spacer"></div>



<hr class="wp-block-separator has-alpha-channel-opacity"/>

<p>(Programa de Apoio à Inclusão e Promoção à Acessibilidade da UFMG) 04 de abril de 2025 O Núcleo de Ações Educativas e Acessibilidade do Espaço do Conhecimento UFMG informa o resultado da seleção de bolsas de extensão: Selecionada Yasmin Dias Soares Cadastro de Reserva (Lista de espera) Camila Velasquez Santos PortoAna Gabriela Arraes de AmorimNicolly [&hellip;]</p>
