{"id":20962,"date":"2025-07-03T10:24:51","date_gmt":"2025-07-03T13:24:51","guid":{"rendered":"https:\/\/www.ufmg.br\/estacaoecologica\/?page_id=20962"},"modified":"2026-02-12T15:59:54","modified_gmt":"2026-02-12T18:59:54","slug":"21a-semana-nacional-de-ciencia-e-tecnologia","status":"publish","type":"page","link":"https:\/\/www.ufmg.br\/estacaoecologica\/21a-semana-nacional-de-ciencia-e-tecnologia\/","title":{"rendered":"21\u00aa Semana Nacional de Ci\u00eancia e Tecnologia"},"content":{"rendered":"[vc_row][vc_column]<nav class=\"vcex-breadcrumbs\"><span><span><a href=\"https:\/\/www.ufmg.br\/estacaoecologica\/\">In\u00edcio<\/a><\/span><\/span><\/nav>[\/vc_column][\/vc_row][vc_row][vc_column]<div class=\"vcex-heading vcex-module wpex-text-2xl wpex-font-normal wpex-m-auto wpex-max-w-100 vcex-heading-plain wpex-block wpex-text-center\"><span class=\"vcex-heading-inner wpex-inline-block wpex-clr\">Esta\u00e7\u00e3o Ecol\u00f3gica da UFMG participa da<\/span><\/div>[\/vc_column][\/vc_row][vc_row][vc_column]<h1 class=\"vcex-heading vcex-module wpex-text-2xl wpex-font-normal wpex-m-auto wpex-max-w-100 vcex-heading-plain wpex-block wpex-italic\" style=\"color:#254151;font-family:Merriweather;font-size:32px;letter-spacing:-1px;font-weight:800;line-height:48px;\"><span class=\"vcex-heading-inner wpex-inline-block wpex-clr\">21\u00aa Semana Nacional de Ci\u00eancia e Tecnologia<\/span><\/h1>[vc_separator][\/vc_column][\/vc_row][vc_row][vc_column]<h1 class=\"vcex-heading vcex-module wpex-text-2xl wpex-font-normal wpex-m-auto wpex-max-w-100 vcex-heading-plain wpex-block wpex-italic\" style=\"color:#254151;font-family:Merriweather;font-size:24px;letter-spacing:-1px;font-weight:600;line-height:34px;\"><span class=\"vcex-heading-inner wpex-inline-block wpex-clr\">Programa\u00e7\u00e3o gratuita tem oficinas, trilhas, mesas, feira agroecol\u00f3gica e outras atividades<\/span><\/h1>[vc_separator]<div class=\"vcex-spacing wpex-w-100 wpex-clear\" style=\"height:30px;\"><\/div>[vc_column_text]\n<div class=\"widget\">\n<p>A Esta\u00e7\u00e3o Ecol\u00f3gica da UFMG integra a\u00a0<em class=\"redactor-inline-converted\">Semana Nacional de Ci\u00eancia e Tecnologia (SNCT),\u00a0<\/em>que est\u00e1 em sua 21\u00aa edi\u00e7\u00e3o. A programa\u00e7\u00e3o, em conjunto com o\u00a0<em class=\"redactor-inline-converted\">2\u00ba Semin\u00e1rio de Pesquisa e Extens\u00e3o<\/em>, tem oficinas, trilhas, mesas, feira agroecol\u00f3gica e outras atividades abertas \u00e0 participa\u00e7\u00e3o de escolas e popula\u00e7\u00e3o de Belo Horizonte. As\u00a0<u><a href=\"https:\/\/www.even3.com.br\/semana-de-ciencia-e-tecnologia-na-estacao-ecologica-495266\/\" target=\"_blank\" rel=\"noopener\">inscri\u00e7\u00f5es<\/a>\u00a0<\/u>s\u00e3o gratuitas.<\/p>\n<p>A programa\u00e7\u00e3o foi aberta no dia 15 e ter\u00e1 continuidade na quinta-feira, dia 17, \u00e0s 14h, com a mesa<em class=\"redactor-inline-converted\">\u00a0Mosaico de \u00e1reas protegidas da Pampulha,\u00a0<\/em>que receber\u00e1 como convidados Clair Jos\u00e9 Benfica, Nadja Simbera, Maria Guadalupe Carvalho, Rafael Rangel, todos da Prefeitura de Belo Horizonte, e Gabriela Lelles e Dodora Drumond da UFMG.<\/p>\n<p>\u00c0s 15h, ocorrer\u00e1 a mesa<em class=\"redactor-inline-converted\">\u00a0Manejo Integrado do Fogo (MIF)<\/em>\u00a0com a presen\u00e7a de Jos\u00e9 Eug\u00eanio Figueira (UFMG), Gustavo Gouv\u00eaa (ICMBio) e Claudia Mayorga (Brigada Cip\u00f3). No mesmo dia, \u00e0s 17h, haver\u00e1 a apresenta\u00e7\u00e3o do projeto de extens\u00e3o Coral Cant\u00e1ridas, do Instituto de Ci\u00eancias Biol\u00f3gicas (ICB) da UFMG.<\/p>\n<p>O encerramento do evento, na sexta-feira, dia 18, ter\u00e1, \u00e0s 9h, a Trilha do Bambuzal e, \u00e0s 14h, a\u00a0<em class=\"redactor-inline-converted\">Trilha Hist\u00f3rico-Cultural,<\/em>\u00a0que contempla um percurso interativo pela Esta\u00e7\u00e3o Ecol\u00f3gica e observa\u00e7\u00e3o da arqueologia do espa\u00e7o.<\/p>\n<p>Em 2024, a Semana Nacional de Ci\u00eancia e Tecnologia tem como tema\u00a0<em>Biomas do Brasil: diversidade, saberes e tecnologias sociais<\/em>.\u00a0O evento \u00e9 realizado h\u00e1 20 anos pelo Minist\u00e9rio da Ci\u00eancia, Tecnologia e Inova\u00e7\u00e3o (MCTI), sendo considerado uma das principais atividades de divulga\u00e7\u00e3o e populariza\u00e7\u00e3o da ci\u00eancia do pa\u00eds.<\/p>\n<\/div>\n<div class=\"widget widget--small widget--text\">\n<footer>\n<p class=\"author\">(<strong>Assessoria de Imprensa UFMG<\/strong>)<\/p>\n<\/footer>\n<\/div>\n[\/vc_column_text]<div class=\"vcex-spacing wpex-w-100 wpex-clear\" style=\"height:50px;\"><\/div><h1 class=\"vcex-heading vcex-module wpex-text-2xl wpex-font-normal wpex-m-auto wpex-max-w-100 vcex-heading-plain wpex-block wpex-italic\" style=\"color:#254151;font-family:Merriweather;font-size:24px;letter-spacing:-1px;font-weight:600;line-height:34px;\"><span class=\"vcex-heading-inner wpex-inline-block wpex-clr\">V\u00eddeo Apresenta\u00e7\u00e3o<\/span><\/h1>[vc_separator]<div class=\"vcex-spacing wpex-w-100 wpex-clear\" style=\"height:30px;\"><\/div>[vc_column_text]\n<div style=\"width: 980px;\" class=\"wp-video\"><video class=\"wp-video-shortcode\" id=\"video-20962-1\" width=\"980\" height=\"551\" preload=\"metadata\" controls=\"controls\"><source type=\"video\/mp4\" src=\"https:\/\/www.ufmg.br\/estacaoecologica\/wp-content\/uploads\/2025\/07\/apres-21SNCT.mp4?_=1\" \/><a href=\"https:\/\/www.ufmg.br\/estacaoecologica\/wp-content\/uploads\/2025\/07\/apres-21SNCT.mp4\">https:\/\/www.ufmg.br\/estacaoecologica\/wp-content\/uploads\/2025\/07\/apres-21SNCT.mp4<\/a><\/video><\/div>\n[\/vc_column_text][\/vc_column][\/vc_row][vc_row][vc_column][\/vc_column][\/vc_row]\n","protected":false},"excerpt":{"rendered":"<p>[vc_row][vc_column][\/vc_column][\/vc_row][vc_row][vc_column][\/vc_column][\/vc_row][vc_row][vc_column][vc_separator][\/vc_column][\/vc_row][vc_row][vc_column][vc_separator][vc_column_text] A Esta\u00e7\u00e3o Ecol\u00f3gica da UFMG integra a\u00a0Semana Nacional de Ci\u00eancia e Tecnologia (SNCT),\u00a0que est\u00e1 em sua 21\u00aa edi\u00e7\u00e3o. A programa\u00e7\u00e3o, em conjunto com o\u00a02\u00ba Semin\u00e1rio de Pesquisa e Extens\u00e3o,&hellip;<\/p>\n","protected":false},"author":1,"featured_media":0,"parent":0,"menu_order":0,"comment_status":"closed","ping_status":"closed","template":"","meta":{"_EventAllDay":false,"_EventTimezone":"","_EventStartDate":"","_EventEndDate":"","_EventStartDateUTC":"","_EventEndDateUTC":"","_EventShowMap":false,"_EventShowMapLink":false,"_EventURL":"","_EventCost":"","_EventCostDescription":"","_EventCurrencySymbol":"","_EventCurrencyCode":"","_EventCurrencyPosition":"","_EventDateTimeSeparator":"","_EventTimeRangeSeparator":"","_EventOrganizerID":[],"_EventVenueID":[],"_OrganizerEmail":"","_OrganizerPhone":"","_OrganizerWebsite":"","_VenueAddress":"","_VenueCity":"","_VenueCountry":"","_VenueProvince":"","_VenueState":"","_VenueZip":"","_VenuePhone":"","_VenueURL":"","_VenueStateProvince":"","_VenueLat":"","_VenueLng":"","_VenueShowMap":false,"_VenueShowMapLink":false,"footnotes":""},"class_list":["post-20962","page","type-page","status-publish","hentry","entry","no-media"],"yoast_head":"<!-- This site is optimized with the Yoast SEO plugin v27.6 - https:\/\/yoast.com\/product\/yoast-seo-wordpress\/ -->\n<title>21\u00aa Semana Nacional de Ci\u00eancia e Tecnologia - Esta\u00e7\u00e3o Ecol\u00f3gica da UFMG<\/title>\n<meta name=\"robots\" content=\"index, follow, max-snippet:-1, max-image-preview:large, max-video-preview:-1\" \/>\n<link rel=\"canonical\" href=\"https:\/\/www.ufmg.br\/estacaoecologica\/21a-semana-nacional-de-ciencia-e-tecnologia\/\" \/>\n<meta property=\"og:locale\" content=\"pt_BR\" \/>\n<meta property=\"og:type\" content=\"article\" \/>\n<meta property=\"og:title\" content=\"21\u00aa Semana Nacional de Ci\u00eancia e Tecnologia - Esta\u00e7\u00e3o Ecol\u00f3gica da UFMG\" \/>\n<meta property=\"og:description\" content=\"[vc_row][vc_column][\/vc_column][\/vc_row][vc_row][vc_column][\/vc_column][\/vc_row][vc_row][vc_column][vc_separator][\/vc_column][\/vc_row][vc_row][vc_column][vc_separator][vc_column_text] A Esta\u00e7\u00e3o Ecol\u00f3gica da UFMG integra a\u00a0Semana Nacional de Ci\u00eancia e Tecnologia (SNCT),\u00a0que est\u00e1 em sua 21\u00aa edi\u00e7\u00e3o. A programa\u00e7\u00e3o, em conjunto com o\u00a02\u00ba Semin\u00e1rio de Pesquisa e Extens\u00e3o,&hellip;\" \/>\n<meta property=\"og:url\" content=\"https:\/\/www.ufmg.br\/estacaoecologica\/21a-semana-nacional-de-ciencia-e-tecnologia\/\" \/>\n<meta property=\"og:site_name\" content=\"Esta\u00e7\u00e3o Ecol\u00f3gica da UFMG\" \/>\n<meta property=\"article:modified_time\" content=\"2026-02-12T18:59:54+00:00\" \/>\n<meta name=\"twitter:card\" content=\"summary_large_image\" \/>\n<meta name=\"twitter:label1\" content=\"Est. tempo de leitura\" \/>\n\t<meta name=\"twitter:data1\" content=\"2 minutos\" \/>\n<script type=\"application\/ld+json\" class=\"yoast-schema-graph\">{\"@context\":\"https:\\\/\\\/schema.org\",\"@graph\":[{\"@type\":\"WebPage\",\"@id\":\"https:\\\/\\\/www.ufmg.br\\\/estacaoecologica\\\/21a-semana-nacional-de-ciencia-e-tecnologia\\\/\",\"url\":\"https:\\\/\\\/www.ufmg.br\\\/estacaoecologica\\\/21a-semana-nacional-de-ciencia-e-tecnologia\\\/\",\"name\":\"21\u00aa Semana Nacional de Ci\u00eancia e Tecnologia - Esta\u00e7\u00e3o Ecol\u00f3gica da UFMG\",\"isPartOf\":{\"@id\":\"https:\\\/\\\/www.ufmg.br\\\/estacaoecologica\\\/#website\"},\"datePublished\":\"2025-07-03T13:24:51+00:00\",\"dateModified\":\"2026-02-12T18:59:54+00:00\",\"breadcrumb\":{\"@id\":\"https:\\\/\\\/www.ufmg.br\\\/estacaoecologica\\\/21a-semana-nacional-de-ciencia-e-tecnologia\\\/#breadcrumb\"},\"inLanguage\":\"pt-BR\",\"potentialAction\":[{\"@type\":\"ReadAction\",\"target\":[\"https:\\\/\\\/www.ufmg.br\\\/estacaoecologica\\\/21a-semana-nacional-de-ciencia-e-tecnologia\\\/\"]}]},{\"@type\":\"BreadcrumbList\",\"@id\":\"https:\\\/\\\/www.ufmg.br\\\/estacaoecologica\\\/21a-semana-nacional-de-ciencia-e-tecnologia\\\/#breadcrumb\",\"itemListElement\":[{\"@type\":\"ListItem\",\"position\":1,\"name\":\"In\u00edcio\",\"item\":\"https:\\\/\\\/www.ufmg.br\\\/estacaoecologica\\\/\"},{\"@type\":\"ListItem\",\"position\":2,\"name\":\"21\u00aa Semana Nacional de Ci\u00eancia e Tecnologia\"}]},{\"@type\":\"WebSite\",\"@id\":\"https:\\\/\\\/www.ufmg.br\\\/estacaoecologica\\\/#website\",\"url\":\"https:\\\/\\\/www.ufmg.br\\\/estacaoecologica\\\/\",\"name\":\"Esta\u00e7\u00e3o Ecol\u00f3gica da UFMG\",\"description\":\"Natureza, hist\u00f3ria e preserva\u00e7\u00e3o\",\"publisher\":{\"@id\":\"https:\\\/\\\/www.ufmg.br\\\/estacaoecologica\\\/#organization\"},\"potentialAction\":[{\"@type\":\"SearchAction\",\"target\":{\"@type\":\"EntryPoint\",\"urlTemplate\":\"https:\\\/\\\/www.ufmg.br\\\/estacaoecologica\\\/?s={search_term_string}\"},\"query-input\":{\"@type\":\"PropertyValueSpecification\",\"valueRequired\":true,\"valueName\":\"search_term_string\"}}],\"inLanguage\":\"pt-BR\"},{\"@type\":\"Organization\",\"@id\":\"https:\\\/\\\/www.ufmg.br\\\/estacaoecologica\\\/#organization\",\"name\":\"Esta\u00e7\u00e3o Ecol\u00f3gica da UFMG\",\"url\":\"https:\\\/\\\/www.ufmg.br\\\/estacaoecologica\\\/\",\"logo\":{\"@type\":\"ImageObject\",\"inLanguage\":\"pt-BR\",\"@id\":\"https:\\\/\\\/www.ufmg.br\\\/estacaoecologica\\\/#\\\/schema\\\/logo\\\/image\\\/\",\"url\":\"https:\\\/\\\/www.ufmg.br\\\/estacaoecologica\\\/wp-content\\\/uploads\\\/2020\\\/04\\\/logo-proex-v2.png\",\"contentUrl\":\"https:\\\/\\\/www.ufmg.br\\\/estacaoecologica\\\/wp-content\\\/uploads\\\/2020\\\/04\\\/logo-proex-v2.png\",\"width\":500,\"height\":104,\"caption\":\"Esta\u00e7\u00e3o Ecol\u00f3gica da UFMG\"},\"image\":{\"@id\":\"https:\\\/\\\/www.ufmg.br\\\/estacaoecologica\\\/#\\\/schema\\\/logo\\\/image\\\/\"}}]}<\/script>\n<!-- \/ Yoast SEO plugin. -->","yoast_head_json":{"title":"21\u00aa Semana Nacional de Ci\u00eancia e Tecnologia - Esta\u00e7\u00e3o Ecol\u00f3gica da UFMG","robots":{"index":"index","follow":"follow","max-snippet":"max-snippet:-1","max-image-preview":"max-image-preview:large","max-video-preview":"max-video-preview:-1"},"canonical":"https:\/\/www.ufmg.br\/estacaoecologica\/21a-semana-nacional-de-ciencia-e-tecnologia\/","og_locale":"pt_BR","og_type":"article","og_title":"21\u00aa Semana Nacional de Ci\u00eancia e Tecnologia - Esta\u00e7\u00e3o Ecol\u00f3gica da UFMG","og_description":"[vc_row][vc_column][\/vc_column][\/vc_row][vc_row][vc_column][\/vc_column][\/vc_row][vc_row][vc_column][vc_separator][\/vc_column][\/vc_row][vc_row][vc_column][vc_separator][vc_column_text] A Esta\u00e7\u00e3o Ecol\u00f3gica da UFMG integra a\u00a0Semana Nacional de Ci\u00eancia e Tecnologia (SNCT),\u00a0que est\u00e1 em sua 21\u00aa edi\u00e7\u00e3o. A programa\u00e7\u00e3o, em conjunto com o\u00a02\u00ba Semin\u00e1rio de Pesquisa e Extens\u00e3o,&hellip;","og_url":"https:\/\/www.ufmg.br\/estacaoecologica\/21a-semana-nacional-de-ciencia-e-tecnologia\/","og_site_name":"Esta\u00e7\u00e3o Ecol\u00f3gica da UFMG","article_modified_time":"2026-02-12T18:59:54+00:00","twitter_card":"summary_large_image","twitter_misc":{"Est. tempo de leitura":"2 minutos"},"schema":{"@context":"https:\/\/schema.org","@graph":[{"@type":"WebPage","@id":"https:\/\/www.ufmg.br\/estacaoecologica\/21a-semana-nacional-de-ciencia-e-tecnologia\/","url":"https:\/\/www.ufmg.br\/estacaoecologica\/21a-semana-nacional-de-ciencia-e-tecnologia\/","name":"21\u00aa Semana Nacional de Ci\u00eancia e Tecnologia - Esta\u00e7\u00e3o Ecol\u00f3gica da UFMG","isPartOf":{"@id":"https:\/\/www.ufmg.br\/estacaoecologica\/#website"},"datePublished":"2025-07-03T13:24:51+00:00","dateModified":"2026-02-12T18:59:54+00:00","breadcrumb":{"@id":"https:\/\/www.ufmg.br\/estacaoecologica\/21a-semana-nacional-de-ciencia-e-tecnologia\/#breadcrumb"},"inLanguage":"pt-BR","potentialAction":[{"@type":"ReadAction","target":["https:\/\/www.ufmg.br\/estacaoecologica\/21a-semana-nacional-de-ciencia-e-tecnologia\/"]}]},{"@type":"BreadcrumbList","@id":"https:\/\/www.ufmg.br\/estacaoecologica\/21a-semana-nacional-de-ciencia-e-tecnologia\/#breadcrumb","itemListElement":[{"@type":"ListItem","position":1,"name":"In\u00edcio","item":"https:\/\/www.ufmg.br\/estacaoecologica\/"},{"@type":"ListItem","position":2,"name":"21\u00aa Semana Nacional de Ci\u00eancia e Tecnologia"}]},{"@type":"WebSite","@id":"https:\/\/www.ufmg.br\/estacaoecologica\/#website","url":"https:\/\/www.ufmg.br\/estacaoecologica\/","name":"Esta\u00e7\u00e3o Ecol\u00f3gica da UFMG","description":"Natureza, hist\u00f3ria e preserva\u00e7\u00e3o","publisher":{"@id":"https:\/\/www.ufmg.br\/estacaoecologica\/#organization"},"potentialAction":[{"@type":"SearchAction","target":{"@type":"EntryPoint","urlTemplate":"https:\/\/www.ufmg.br\/estacaoecologica\/?s={search_term_string}"},"query-input":{"@type":"PropertyValueSpecification","valueRequired":true,"valueName":"search_term_string"}}],"inLanguage":"pt-BR"},{"@type":"Organization","@id":"https:\/\/www.ufmg.br\/estacaoecologica\/#organization","name":"Esta\u00e7\u00e3o Ecol\u00f3gica da UFMG","url":"https:\/\/www.ufmg.br\/estacaoecologica\/","logo":{"@type":"ImageObject","inLanguage":"pt-BR","@id":"https:\/\/www.ufmg.br\/estacaoecologica\/#\/schema\/logo\/image\/","url":"https:\/\/www.ufmg.br\/estacaoecologica\/wp-content\/uploads\/2020\/04\/logo-proex-v2.png","contentUrl":"https:\/\/www.ufmg.br\/estacaoecologica\/wp-content\/uploads\/2020\/04\/logo-proex-v2.png","width":500,"height":104,"caption":"Esta\u00e7\u00e3o Ecol\u00f3gica da UFMG"},"image":{"@id":"https:\/\/www.ufmg.br\/estacaoecologica\/#\/schema\/logo\/image\/"}}]}},"_links":{"self":[{"href":"https:\/\/www.ufmg.br\/estacaoecologica\/wp-json\/wp\/v2\/pages\/20962","targetHints":{"allow":["GET"]}}],"collection":[{"href":"https:\/\/www.ufmg.br\/estacaoecologica\/wp-json\/wp\/v2\/pages"}],"about":[{"href":"https:\/\/www.ufmg.br\/estacaoecologica\/wp-json\/wp\/v2\/types\/page"}],"author":[{"embeddable":true,"href":"https:\/\/www.ufmg.br\/estacaoecologica\/wp-json\/wp\/v2\/users\/1"}],"replies":[{"embeddable":true,"href":"https:\/\/www.ufmg.br\/estacaoecologica\/wp-json\/wp\/v2\/comments?post=20962"}],"version-history":[{"count":17,"href":"https:\/\/www.ufmg.br\/estacaoecologica\/wp-json\/wp\/v2\/pages\/20962\/revisions"}],"predecessor-version":[{"id":21257,"href":"https:\/\/www.ufmg.br\/estacaoecologica\/wp-json\/wp\/v2\/pages\/20962\/revisions\/21257"}],"wp:attachment":[{"href":"https:\/\/www.ufmg.br\/estacaoecologica\/wp-json\/wp\/v2\/media?parent=20962"}],"curies":[{"name":"wp","href":"https:\/\/api.w.org\/{rel}","templated":true}]}}