{"id":187,"date":"2025-06-26T15:19:29","date_gmt":"2025-06-26T18:19:29","guid":{"rendered":"https:\/\/www.ufmg.br\/festivaldeinverno\/?page_id=187"},"modified":"2025-08-19T14:54:21","modified_gmt":"2025-08-19T17:54:21","slug":"equipe","status":"publish","type":"page","link":"https:\/\/www.ufmg.br\/festivaldeinverno\/equipe\/","title":{"rendered":"Equipe"},"content":{"rendered":"\n<p><strong>Promo\u00e7\u00e3o: <\/strong>Universidade Federal de Minas Gerais<br><strong>Realiza\u00e7\u00e3o:<\/strong> Pr\u00f3-Reitoria de Cultura<br><strong>Reitora: <\/strong>Sandra Regina Goulart Almeida<br><strong>Vice-Reitor: <\/strong>Alessandro Moreira<br><strong>Pr\u00f3-Reitor de Cultura:<\/strong> Fernando Mencarelli<br><strong>Pr\u00f3-Reitora Adjunta de Cultura:<\/strong> M\u00f4nica Medeiros Ribeiro<\/p>\n\n\n\n<p><strong>Coordena\u00e7\u00e3o geral do 57\u00b0 Festival de Inverno UFMG: <\/strong>Fernando Mencarelli e M\u00f4nica Medeiros Ribeiro<br><strong>Curadores: <\/strong>Fernando Mencarelli, M\u00f4nica Medeiros Ribeiro, Fabr\u00edcio Fernandino, Fernando Rocha, Patr\u00edcia Franca-Huchet, Sibelle Corn\u00e9lio Diniz, Giulia Giovani<br><strong>Coordena\u00e7\u00e3o de Produ\u00e7\u00e3o: <\/strong>Ludmila Soares, Cristhine Lucena<br><strong>Coordenadora de Produ\u00e7\u00e3o Executiva:<\/strong> Ros\u00e2ngela Santos<br><strong>Bolsista de Produ\u00e7\u00e3o Executiva: <\/strong>Higor Henrique F\u00e9lix Santos<br><strong>Produ\u00e7\u00e3o Cultural: <\/strong>Ludmila Soares, Cristhine Lucena e S\u00e9rgio Diniz<br><strong>Infraestrutura e Log\u00edstica: <\/strong>Bruno do Carmo Assis Lanna<br><strong>Compras: <\/strong>Lucas Melo de Siqueira<br><strong>Comunica\u00e7\u00e3o:<\/strong> B\u00e1rbara Ester Profeta da Luz Siqueira e Filipe Sartoreto<br><strong>Bolsistas de design: <\/strong>Let\u00edcia de Almeida Alvarenga<br><strong>Bolsista de fotografia e audiovisual: <\/strong>Caio Marqz, Mateus Miranda e Victoria Correa<br><strong>Financeiro:<\/strong> Vera L\u00facia Magalh\u00e3es Silva e Mar\u00edlia da Concei\u00e7\u00e3o Fonseca<br><strong>Equipe de transmiss\u00e3o online:<\/strong> Naiara Pinheiro de Castilho, Cleomar Poletto, Ludmila Soares, Andr\u00e9 Luiz, Ronan Lopes.<br><strong>Suporte t\u00e9cnico:<\/strong> Jairo Silva Miranda<br><strong>Secretaria:<\/strong> Anderson Perdig\u00e3o Faleiro e Leocimar Marcos dos Santos<br><strong>Contratos:<\/strong> Andr\u00e9 Luiz<br><strong>Infraestrutura e Log\u00edstica:<\/strong> Bruno do Carmo Assis Lanna e Cleomar Poletto<\/p>\n\n\n\n<p><strong><em>CONSERVAT\u00d3RIO UFMG<\/em><\/strong><\/p>\n\n\n\n<p><strong>Diretor:<\/strong> Fernando de Oliveira Rocha<br><strong>Secretaria:<\/strong> Let\u00edcia Miranda<br><strong>Produ\u00e7\u00e3o:<\/strong> Bruna Ac\u00e1cio, Helena Azoubel (bolsista de extens\u00e3o), Guilherme Orzil (bolsista de extens\u00e3o), Patr\u00edcia Lindoso (bolsista de extens\u00e3o) e Guilherme Silva Santos (bolsista de extens\u00e3o)<br><strong>T\u00e9cnico de Som:<\/strong> Ivo Lucio dos Santos<br><strong>Apoio t\u00e9cnico:<\/strong> Rildo Siqueira<br><strong>Comunica\u00e7\u00e3o:<\/strong> Patr\u00edcia Ferreira da Silva e Cesar Ferreira Alves (bolsista de extens\u00e3o)<br><strong>Mem\u00f3ria:<\/strong> F\u00e1bio Henrique Barbosa<br><strong>Servi\u00e7os Gerais:<\/strong> Junio C\u00e9sar de Paula<br><strong>Auxiliares de Servi\u00e7os Gerais:<\/strong> Patr\u00edcia Emiliana Gomes e Sidelva Rodrigues da Silva&nbsp;<br><strong>Patrim\u00f4nio e Almoxarifado:<\/strong> Viviane dos Santos<\/p>\n\n\n\n<p><strong><em>CENTRO CULTURAL UFMG<\/em><\/strong><\/p>\n\n\n\n<p><strong>Diretor: <\/strong>Fabr\u00edcio Fernandino<br><strong>Diretor-adjunto:<\/strong> Marcos Domingos de Oliveira Ara\u00fajo<br><strong>Secretaria:<\/strong> Melissandra Bastida<br><strong>Comunica\u00e7\u00e3o:<\/strong> Camilla Borges<br><strong>Educativo<\/strong>: I\u00eada Rodrigues<br><strong>Expografia:<\/strong> Eliana Quaresma<br><strong>Produ\u00e7\u00e3o:<\/strong> Marcus de Queiroz e Ronan Lopes<br><strong>Programa\u00e7\u00e3o: <\/strong>Adriana Machado<br><strong>Bolsistas Proex: <\/strong>Ana Luiza Maia dos Santos, Bruna Safira de Sousa Silva, Caio Eduardo Ramos Novaes, Laura Gon\u00e7alves dos Santos, Rae Mielly Pinheiro Maciel e Rafael Ribeiro da Rocha<\/p>\n\n\n\n<p><strong><em>CAMPUS CULTURAL UFMG EM TIRADENTES<\/em><\/strong><\/p>\n\n\n\n<p><strong>Diretora: <\/strong>Patr\u00edcia Franca-Huchet<br><strong>Coordena\u00e7\u00e3o Administrativa: <\/strong>Elizur Rodrigues Pereira J\u00fanior<br><strong>Equipe: <\/strong>Alberto Machado dos Santos, Jackson Jardel dos Santos, Juliana de C\u00e1ssia dos Santos Magalh\u00e3es, Lorena Mello Martins, Magda Aparecida Medeiros<br><strong>Estagi\u00e1rios:<\/strong> Ana Clara Gon\u00e7alves Nogueira, Livia de Freitas Nunes, Lu\u00edsa Meinberg de Almeida Firmino, Marcelli Marcos de Oliveira, Maria J\u00falia Ara\u00fajo Rosa, Mariana Vict\u00f3ria Rocha, Pedro Henrique Lucas Moreira,&nbsp; Samantha Pinheiro dos Santos, Vict\u00f3ria Mel de Lima Brito<br><strong>Equipe de apoio: <\/strong>Alex Vieira Pinheiro, Eliane Santos Zanitti, Eust\u00e1quio Garcia Santos, Fernando Marcelo Oliveira Magalh\u00e3es, Greice Fernanda Matias, Josiane de C\u00e1ssia Chitarra Cabral, Leandro Vieira, Luciana do Ros\u00e1rio Paix\u00e3o, Marlon Ramalho Gon\u00e7alves, Matheus do Esp\u00edrito Santo Vieira, Rita de C\u00e1ssia Veloso do Carmo&nbsp;<\/p>\n\n\n\n<p><strong><em>ESPA\u00c7O DO CONHECIMENTO UFMG<\/em><\/strong><\/p>\n\n\n\n<p><strong>Diretora:<\/strong> Sibelle Corn\u00e9lio Diniz<br><strong>Diretora Adjunta e Coordenadora de Comunica\u00e7\u00e3o e Design:<\/strong> Camila Maciel Campolina Alves Mantovani<br><strong>A\u00e7\u00f5es Educativas e Acessibilidade:<\/strong> Karenina Vieira Andrade, Wellington Luiz Silva, Jonathan Philippe Fernandes Barboza dos Santos, Priscila Gabriele Martins Silva, Aleilton Lima Monteiro, Kayke Vin\u00edcius Costa Silva, Rafaela das Neves Santana Vieira e Dinalva Andrade Martins<br><strong>Astronomia:<\/strong> Carlos Eduardo Porto Villani, Nathalia Nazareth Junqueira Fonseca, Filipe Andrade Ferreira, Gabriela Costa e Silva e Jo\u00e3o Victor Lima Evangelista<br><strong>Audiovisual:<\/strong> Mauricio Silva Gino, J\u00falia Lobato Maciel, Ana Valvassori e Vanessa Lemos Cardoso<br><strong>Comunica\u00e7\u00e3o:<\/strong> Fernando J\u00fanio de Jesus Silva, Ana Carolyna Gon\u00e7alves Barboza e Maria Clara Ottoni<br><strong>Design:<\/strong> Olganelise M\u00f6ller Ferreira de Gouv\u00eaa, Ale Rosa de Pinho e&nbsp;Catarine de Oliveira Godoy<br><strong>Expografia:<\/strong> Gabriela Pires Machado, D\u00e2nia Lima e Marina Aravani<br><strong>Apoio Administrativo:<\/strong> Josilaine Alves Aran\u00e3, Francisco Novaes e Maria Luiza Liz Viana Melo<br><strong>Produ\u00e7\u00e3o:<\/strong> Fabiane Souza, L\u00edvia Dias Malta Lisboa e Luiz Fernando G\u00f3es Corr\u00eaa<br><strong>Secretaria e Projetos:<\/strong> Elisa Maria Silveira e Nina Fraiha de Faria<\/p>\n\n\n\n<p><strong><em>ESPA\u00c7O ACERVO ART\u00cdSTICO&nbsp;<\/em><\/strong><\/p>\n\n\n\n<p><strong>Diretora<\/strong>: Giulia Villela Giovani<br><strong>Bolsistas de extens\u00e3o: <\/strong>Nath\u00e1lia Pereira dos Santos Ferreira, Tha\u00eds de Souza Costa, Miguel de Ara\u00fajo Costa&nbsp; Miranda e Suzane Rodrigues Brito<\/p>\n\n\n\n<p><strong><em>COORDENADORIA DE PATRIM\u00d4NIO CULTURAL<\/em><\/strong><\/p>\n\n\n\n<p>Din\u00e1 Marques Pereira (Coordenadora)<br>Juliana Xavier de Castro<br>Bolsistas: Carine Luiza Freitas Magalh\u00e3es, Karine Rodrigues dos Santos<\/p>\n","protected":false},"excerpt":{"rendered":"<p>Promo\u00e7\u00e3o: Universidade Federal de Minas GeraisRealiza\u00e7\u00e3o: Pr\u00f3-Reitoria de CulturaReitora: Sandra Regina Goulart AlmeidaVice-Reitor: Alessandro MoreiraPr\u00f3-Reitor de Cultura: Fernando MencarelliPr\u00f3-Reitora Adjunta de Cultura: M\u00f4nica Medeiros Ribeiro Coordena\u00e7\u00e3o geral do 57\u00b0 Festival de Inverno UFMG: Fernando Mencarelli e M\u00f4nica Medeiros RibeiroCuradores: Fernando Mencarelli, M\u00f4nica Medeiros Ribeiro, Fabr\u00edcio Fernandino, Fernando Rocha, Patr\u00edcia Franca-Huchet, Sibelle Corn\u00e9lio Diniz, Giulia GiovaniCoordena\u00e7\u00e3o [&hellip;]<\/p>\n","protected":false},"author":1,"featured_media":0,"parent":0,"menu_order":0,"comment_status":"closed","ping_status":"closed","template":"","meta":{"_acf_changed":false,"footnotes":""},"class_list":["post-187","page","type-page","status-publish","hentry"],"acf":[],"_links":{"self":[{"href":"https:\/\/www.ufmg.br\/festivaldeinverno\/wp-json\/wp\/v2\/pages\/187"}],"collection":[{"href":"https:\/\/www.ufmg.br\/festivaldeinverno\/wp-json\/wp\/v2\/pages"}],"about":[{"href":"https:\/\/www.ufmg.br\/festivaldeinverno\/wp-json\/wp\/v2\/types\/page"}],"author":[{"embeddable":true,"href":"https:\/\/www.ufmg.br\/festivaldeinverno\/wp-json\/wp\/v2\/users\/1"}],"replies":[{"embeddable":true,"href":"https:\/\/www.ufmg.br\/festivaldeinverno\/wp-json\/wp\/v2\/comments?post=187"}],"version-history":[{"count":8,"href":"https:\/\/www.ufmg.br\/festivaldeinverno\/wp-json\/wp\/v2\/pages\/187\/revisions"}],"predecessor-version":[{"id":516,"href":"https:\/\/www.ufmg.br\/festivaldeinverno\/wp-json\/wp\/v2\/pages\/187\/revisions\/516"}],"wp:attachment":[{"href":"https:\/\/www.ufmg.br\/festivaldeinverno\/wp-json\/wp\/v2\/media?parent=187"}],"curies":[{"name":"wp","href":"https:\/\/api.w.org\/{rel}","templated":true}]}}