{"id":401,"date":"2025-07-02T09:56:07","date_gmt":"2025-07-02T12:56:07","guid":{"rendered":"https:\/\/www.ufmg.br\/festivaldeinverno\/?page_id=401"},"modified":"2025-07-02T10:10:15","modified_gmt":"2025-07-02T13:10:15","slug":"pompea-britto-vida-em-arte","status":"publish","type":"page","link":"https:\/\/www.ufmg.br\/festivaldeinverno\/pompea-britto-vida-em-arte\/","title":{"rendered":"Pomp\u00e9a Britto: vida em arte"},"content":{"rendered":"\n<figure class=\"wp-block-image size-large is-resized\"><img loading=\"lazy\" decoding=\"async\" width=\"768\" height=\"1024\" src=\"https:\/\/www.ufmg.br\/festivaldeinverno\/wp-content\/uploads\/2025\/07\/17088936-768x1024.jpg\" alt=\"\" class=\"wp-image-417\" style=\"width:323px;height:auto\" srcset=\"https:\/\/www.ufmg.br\/festivaldeinverno\/wp-content\/uploads\/2025\/07\/17088936-768x1024.jpg 768w, https:\/\/www.ufmg.br\/festivaldeinverno\/wp-content\/uploads\/2025\/07\/17088936-225x300.jpg 225w, https:\/\/www.ufmg.br\/festivaldeinverno\/wp-content\/uploads\/2025\/07\/17088936-1152x1536.jpg 1152w, https:\/\/www.ufmg.br\/festivaldeinverno\/wp-content\/uploads\/2025\/07\/17088936-1536x2048.jpg 1536w, https:\/\/www.ufmg.br\/festivaldeinverno\/wp-content\/uploads\/2025\/07\/17088936-scaled.jpg 1920w\" sizes=\"(max-width: 768px) 100vw, 768px\" \/><\/figure>\n\n\n\n<p><\/p>\n\n\n\n<p>Aos 98 anos de idade, Pomp\u00e9a Britto exp\u00f5e parte de seu acervo produzido desde quando foi aluna do curso de Belas Artes, em 1963, perpassando por sua atua\u00e7\u00e3o como docente da EBA\/UFMG e se prolongando at\u00e9 2018. S\u00e3o desenhos, pinturas, gravuras e tape\u00e7arias feitas com materiais e temas diversos, que propiciam um percurso de frui\u00e7\u00e3o intensa. Gestos precisos que por vezes indicam movimento e por vezes se fecham; tons vibrantes que se mant\u00eam ou que esmaeceram pelo tempo decorrido; poss\u00edveis hist\u00f3rias de pessoas agora ausentes; tra\u00e7os concisos que se ampliam em nosso pensamento. Tudo s\u00e3o possibilidades que se mostram aos nossos olhares atentos e sens\u00edveis: acontecimentos, conquistas, perdas e quereres, que agora se revelam e evidenciam uma trajet\u00f3ria plena de vida em arte.&nbsp;<\/p>\n\n\n\n<p><strong>Curadoria:<\/strong><\/p>\n\n\n\n<p><em><strong>Lucia Gouv\u00eaa Pimentel<\/strong> <\/em>&#8211; gravadora e professora Titular Em\u00e9rita do Departamento de Artes Pl\u00e1sticas da Escola de Belas Artes da UFMG. Graduada em Licenciatura e Gravura pela EBA\/UFMG, Mestre em Educa\u00e7\u00e3o pela FaE\/UFMG e Doutora em Artes pela ECA\/USP.<\/p>\n\n\n\n<p><strong><em>Fabr\u00edcio Fernandino<\/em><\/strong> &#8211; diretor do Centro Cultural UFMG (2018-2022\/2022-2026). Escultor. Professor da Escola de Belas Artes da UFMG. Primeiro Diretor de A\u00e7\u00e3o Cultural da UFMG (2002-2006). Diretor do Museu de Hist\u00f3ria Natural e Jardim Bot\u00e2nico da UFMG (2006-2013).<\/p>\n\n\n\n<p><strong>Abertura: <\/strong>11 de julho, \u00e0s 19h<br><strong>Local: <\/strong>Grande Galeria do <a href=\"https:\/\/www.ufmg.br\/festivaldeinverno\/local\/centrocultural\/\" target=\"_blank\" rel=\"noreferrer noopener\">Centro Cultural UFMG<\/a><br><strong>Visita\u00e7\u00e3o: <\/strong>at\u00e9 17 de agosto de 2025<br><strong>Hor\u00e1rio:<\/strong> ter\u00e7as a sextas das 9h \u00e0s 20h; s\u00e1bados, domingos e feriados das 9h \u00e0s 17h<\/p>\n","protected":false},"excerpt":{"rendered":"<p>Aos 98 anos de idade, Pomp\u00e9a Britto exp\u00f5e parte de seu acervo produzido desde quando foi aluna do curso de Belas Artes, em 1963, perpassando por sua atua\u00e7\u00e3o como docente da EBA\/UFMG e se prolongando at\u00e9 2018. S\u00e3o desenhos, pinturas, gravuras e tape\u00e7arias feitas com materiais e temas diversos, que propiciam um percurso de frui\u00e7\u00e3o [&hellip;]<\/p>\n","protected":false},"author":1,"featured_media":0,"parent":0,"menu_order":0,"comment_status":"closed","ping_status":"closed","template":"","meta":{"_acf_changed":false,"footnotes":""},"class_list":["post-401","page","type-page","status-publish","hentry"],"acf":[],"_links":{"self":[{"href":"https:\/\/www.ufmg.br\/festivaldeinverno\/wp-json\/wp\/v2\/pages\/401"}],"collection":[{"href":"https:\/\/www.ufmg.br\/festivaldeinverno\/wp-json\/wp\/v2\/pages"}],"about":[{"href":"https:\/\/www.ufmg.br\/festivaldeinverno\/wp-json\/wp\/v2\/types\/page"}],"author":[{"embeddable":true,"href":"https:\/\/www.ufmg.br\/festivaldeinverno\/wp-json\/wp\/v2\/users\/1"}],"replies":[{"embeddable":true,"href":"https:\/\/www.ufmg.br\/festivaldeinverno\/wp-json\/wp\/v2\/comments?post=401"}],"version-history":[{"count":5,"href":"https:\/\/www.ufmg.br\/festivaldeinverno\/wp-json\/wp\/v2\/pages\/401\/revisions"}],"predecessor-version":[{"id":421,"href":"https:\/\/www.ufmg.br\/festivaldeinverno\/wp-json\/wp\/v2\/pages\/401\/revisions\/421"}],"wp:attachment":[{"href":"https:\/\/www.ufmg.br\/festivaldeinverno\/wp-json\/wp\/v2\/media?parent=401"}],"curies":[{"name":"wp","href":"https:\/\/api.w.org\/{rel}","templated":true}]}}

Pompéa Britto: vida em arte

<figure class="wp-block-image size-large is-resized"><img loading="lazy" decoding="async" width="768" height="1024" src="https://www.ufmg.br/festivaldeinverno/wp-content/uploads/2025/07/17088936-768x1024.jpg" alt="" class="wp-image-417" style="width:323px;height:auto" srcset="https://www.ufmg.br/festivaldeinverno/wp-content/uploads/2025/07/17088936-768x1024.jpg 768w, https://www.ufmg.br/festivaldeinverno/wp-content/uploads/2025/07/17088936-225x300.jpg 225w, https://www.ufmg.br/festivaldeinverno/wp-content/uploads/2025/07/17088936-1152x1536.jpg 1152w, https://www.ufmg.br/festivaldeinverno/wp-content/uploads/2025/07/17088936-1536x2048.jpg 1536w, https://www.ufmg.br/festivaldeinverno/wp-content/uploads/2025/07/17088936-scaled.jpg 1920w" sizes="(max-width: 768px) 100vw, 768px" /></figure>



<p></p>



<p>Aos 98 anos de idade, Pompéa Britto expõe parte de seu acervo produzido desde quando foi aluna do curso de Belas Artes, em 1963, perpassando por sua atuação como docente da EBA/UFMG e se prolongando até 2018. São desenhos, pinturas, gravuras e tapeçarias feitas com materiais e temas diversos, que propiciam um percurso de fruição intensa. Gestos precisos que por vezes indicam movimento e por vezes se fecham; tons vibrantes que se mantêm ou que esmaeceram pelo tempo decorrido; possíveis histórias de pessoas agora ausentes; traços concisos que se ampliam em nosso pensamento. Tudo são possibilidades que se mostram aos nossos olhares atentos e sensíveis: acontecimentos, conquistas, perdas e quereres, que agora se revelam e evidenciam uma trajetória plena de vida em arte.&nbsp;</p>



<p><strong>Curadoria:</strong></p>



<p><em><strong>Lucia Gouvêa Pimentel</strong> </em>&#8211; gravadora e professora Titular Emérita do Departamento de Artes Plásticas da Escola de Belas Artes da UFMG. Graduada em Licenciatura e Gravura pela EBA/UFMG, Mestre em Educação pela FaE/UFMG e Doutora em Artes pela ECA/USP.</p>



<p><strong><em>Fabrício Fernandino</em></strong> &#8211; diretor do Centro Cultural UFMG (2018-2022/2022-2026). Escultor. Professor da Escola de Belas Artes da UFMG. Primeiro Diretor de Ação Cultural da UFMG (2002-2006). Diretor do Museu de História Natural e Jardim Botânico da UFMG (2006-2013).</p>



<p><strong>Abertura: </strong>11 de julho, às 19h<br><strong>Local: </strong>Grande Galeria do <a href="https://www.ufmg.br/festivaldeinverno/local/centrocultural/" target="_blank" rel="noreferrer noopener">Centro Cultural UFMG</a><br><strong>Visitação: </strong>até 17 de agosto de 2025<br><strong>Horário:</strong> terças a sextas das 9h às 20h; sábados, domingos e feriados das 9h às 17h</p>

<p>Aos 98 anos de idade, Pompéa Britto expõe parte de seu acervo produzido desde quando foi aluna do curso de Belas Artes, em 1963, perpassando por sua atuação como docente da EBA/UFMG e se prolongando até 2018. São desenhos, pinturas, gravuras e tapeçarias feitas com materiais e temas diversos, que propiciam um percurso de fruição [&hellip;]</p>
