{"id":404,"date":"2025-07-02T09:56:56","date_gmt":"2025-07-02T12:56:56","guid":{"rendered":"https:\/\/www.ufmg.br\/festivaldeinverno\/?page_id=404"},"modified":"2025-07-02T10:25:40","modified_gmt":"2025-07-02T13:25:40","slug":"mundos-indigenas","status":"publish","type":"page","link":"https:\/\/www.ufmg.br\/festivaldeinverno\/mundos-indigenas\/","title":{"rendered":"Mundos Ind\u00edgenas"},"content":{"rendered":"\n<figure class=\"wp-block-image size-full is-resized\"><img loading=\"lazy\" decoding=\"async\" width=\"712\" height=\"474\" src=\"https:\/\/www.ufmg.br\/festivaldeinverno\/wp-content\/uploads\/2025\/07\/mundos.jpg\" alt=\"\" class=\"wp-image-431\" style=\"width:542px;height:auto\" srcset=\"https:\/\/www.ufmg.br\/festivaldeinverno\/wp-content\/uploads\/2025\/07\/mundos.jpg 712w, https:\/\/www.ufmg.br\/festivaldeinverno\/wp-content\/uploads\/2025\/07\/mundos-300x200.jpg 300w\" sizes=\"(max-width: 712px) 100vw, 712px\" \/><\/figure>\n\n\n\n<p><\/p>\n\n\n\n<p>Montada em 2019, no Espa\u00e7o do Conhecimento UFMG, a mostra agora itinerante \u00e9 exibida no mezanino da Reitoria da UFMG, numa remontagem feita pelo projeto de extens\u00e3o <em>Mundos Ind\u00edgenas: projeto para um programa cont\u00ednuo na UFMG<\/em> e a Pr\u00f3-reitoria de Cultura da UFMG, com recursos advindos da Emenda Parlamentar C\u00e9lia Xakriab\u00e1. Nesta exposi\u00e7\u00e3o, curadoras e curadores ind\u00edgenas de cinco povos nos convidam a conhecer seus mundos. Mundos que criam e envolvem exist\u00eancias humanas e outras \u2013 como plantas, animais e esp\u00edritos \u2013 com quem convivem efetivamente. Em comum, mostram respeito e amor \u00e0 Terra.<\/p>\n\n\n\n<p><strong>Curadoria:<\/strong> Davi Kopenawa e Joseca Yanomami, J\u00falio Magalh\u00e3es Ye\u2019kwana e Viviane Rocha Ye\u2019kwana, Vicente Xakriab\u00e1 (in memoriam), Edvaldo Xakriab\u00e1 e C\u00e9lia Xakriab\u00e1, Isael Maxakali e Sueli Maxakali, Kanatyo Pataxoop e Li\u00e7a Pataxoop<br><strong>Local: <\/strong>Mezanino da <a href=\"https:\/\/www.ufmg.br\/festivaldeinverno\/local\/reitoria-da-ufmg\/\" target=\"_blank\" rel=\"noreferrer noopener\">Reitoria da UFMG<\/a><br><strong>Visita\u00e7\u00e3o:<\/strong> at\u00e9 15 de dezembro de 2025<br><strong>Hor\u00e1rio: <\/strong>segunda a sexta das 8h \u00e0s 18h<\/p>\n","protected":false},"excerpt":{"rendered":"<p>Montada em 2019, no Espa\u00e7o do Conhecimento UFMG, a mostra agora itinerante \u00e9 exibida no mezanino da Reitoria da UFMG, numa remontagem feita pelo projeto de extens\u00e3o Mundos Ind\u00edgenas: projeto para um programa cont\u00ednuo na UFMG e a Pr\u00f3-reitoria de Cultura da UFMG, com recursos advindos da Emenda Parlamentar C\u00e9lia Xakriab\u00e1. Nesta exposi\u00e7\u00e3o, curadoras e [&hellip;]<\/p>\n","protected":false},"author":1,"featured_media":0,"parent":0,"menu_order":0,"comment_status":"closed","ping_status":"closed","template":"","meta":{"_acf_changed":false,"footnotes":""},"class_list":["post-404","page","type-page","status-publish","hentry"],"acf":[],"_links":{"self":[{"href":"https:\/\/www.ufmg.br\/festivaldeinverno\/wp-json\/wp\/v2\/pages\/404"}],"collection":[{"href":"https:\/\/www.ufmg.br\/festivaldeinverno\/wp-json\/wp\/v2\/pages"}],"about":[{"href":"https:\/\/www.ufmg.br\/festivaldeinverno\/wp-json\/wp\/v2\/types\/page"}],"author":[{"embeddable":true,"href":"https:\/\/www.ufmg.br\/festivaldeinverno\/wp-json\/wp\/v2\/users\/1"}],"replies":[{"embeddable":true,"href":"https:\/\/www.ufmg.br\/festivaldeinverno\/wp-json\/wp\/v2\/comments?post=404"}],"version-history":[{"count":6,"href":"https:\/\/www.ufmg.br\/festivaldeinverno\/wp-json\/wp\/v2\/pages\/404\/revisions"}],"predecessor-version":[{"id":434,"href":"https:\/\/www.ufmg.br\/festivaldeinverno\/wp-json\/wp\/v2\/pages\/404\/revisions\/434"}],"wp:attachment":[{"href":"https:\/\/www.ufmg.br\/festivaldeinverno\/wp-json\/wp\/v2\/media?parent=404"}],"curies":[{"name":"wp","href":"https:\/\/api.w.org\/{rel}","templated":true}]}}