{"id":1645,"date":"2025-08-05T17:10:17","date_gmt":"2025-08-05T20:10:17","guid":{"rendered":"https:\/\/www.ufmg.br\/giz\/?post_type=event_listing&#038;p=1645"},"modified":"2025-08-15T01:01:46","modified_gmt":"2025-08-15T04:01:46","slug":"integracao-docente-2025_2","status":"expired","type":"event_listing","link":"https:\/\/www.ufmg.br\/giz\/evento\/integracao-docente-2025_2\/","title":{"rendered":"Integra\u00e7\u00e3o Docente 2025_2"},"content":{"rendered":"\n<p>A a\u00e7\u00e3o constitui-se como espa\u00e7o para o fortalecimento da cultura de auto avalia\u00e7\u00e3o, planejamento e trabalho coletivo na institui\u00e7\u00e3o. Tem como objetivo contribuir para a articula\u00e7\u00e3o de professores, estudantes e t\u00e9cnico- administrativos em educa\u00e7\u00e3o nas estruturas j\u00e1 existentes (Departamento, Colegiado, N\u00facleo Docente Estruturante e outros setores) ou criando outras organiza\u00e7\u00f5es que sejam potenciais para o aprimoramento do ensino de gradua\u00e7\u00e3o na UFMG.<br><br>Transmiss\u00e3o pelo canal do Youtube: https:\/\/www.youtube.com\/@CACUFMG<\/p>\n","protected":false},"featured_media":1643,"template":"","meta":[],"event_listing_category":[41],"event_listing_type":[],"acf":[],"_links":{"self":[{"href":"https:\/\/www.ufmg.br\/giz\/wp-json\/wp\/v2\/event_listing\/1645"}],"collection":[{"href":"https:\/\/www.ufmg.br\/giz\/wp-json\/wp\/v2\/event_listing"}],"about":[{"href":"https:\/\/www.ufmg.br\/giz\/wp-json\/wp\/v2\/types\/event_listing"}],"wp:featuredmedia":[{"embeddable":true,"href":"https:\/\/www.ufmg.br\/giz\/wp-json\/wp\/v2\/media\/1643"}],"wp:attachment":[{"href":"https:\/\/www.ufmg.br\/giz\/wp-json\/wp\/v2\/media?parent=1645"}],"wp:term":[{"taxonomy":"event_listing_category","embeddable":true,"href":"https:\/\/www.ufmg.br\/giz\/wp-json\/wp\/v2\/event_listing_category?post=1645"},{"taxonomy":"event_listing_type","embeddable":true,"href":"https:\/\/www.ufmg.br\/giz\/wp-json\/wp\/v2\/event_listing_type?post=1645"}],"curies":[{"name":"wp","href":"https:\/\/api.w.org\/{rel}","templated":true}]}}

Integração Docente 2025_2

<p>A ação constitui-se como espaço para o fortalecimento da cultura de auto avaliação, planejamento e trabalho coletivo na instituição. Tem como objetivo contribuir para a articulação de professores, estudantes e técnico- administrativos em educação nas estruturas já existentes (Departamento, Colegiado, Núcleo Docente Estruturante e outros setores) ou criando outras organizações que sejam potenciais para o aprimoramento do ensino de graduação na UFMG.<br><br>Transmissão pelo canal do Youtube: https://www.youtube.com/@CACUFMG</p>
