{"id":1325,"date":"2024-12-04T14:43:04","date_gmt":"2024-12-04T17:43:04","guid":{"rendered":"https:\/\/www.ufmg.br\/giz\/?page_id=1325"},"modified":"2024-12-04T14:43:04","modified_gmt":"2024-12-04T17:43:04","slug":"galeria-minicurso-cultura-do-atalhamento-estudar-para-que-impactos-das-tecnologias-digitais-na-educacao","status":"publish","type":"page","link":"https:\/\/www.ufmg.br\/giz\/galeria-minicurso-cultura-do-atalhamento-estudar-para-que-impactos-das-tecnologias-digitais-na-educacao\/","title":{"rendered":"Galeria Minicurso &#8220;Cultura do atalhamento: estudar para qu\u00ea? Impactos das tecnologias digitais na educa\u00e7\u00e3o&#8221;."},"content":{"rendered":"\n<p>Minicurso promovido pela Diretoria de Inova\u00e7\u00e3o e Metodologias de Ensino da Pr\u00f3-Reitoria de Gradua\u00e7\u00e3o (Giz\/Prograd) em 29\/11\/2024<\/p>\n","protected":false},"excerpt":{"rendered":"<p>Minicurso promovido pela Diretoria de Inova\u00e7\u00e3o e Metodologias de Ensino [&hellip;]<\/p>\n","protected":false},"author":3,"featured_media":0,"parent":0,"menu_order":0,"comment_status":"closed","ping_status":"closed","template":"","meta":[],"acf":[],"_links":{"self":[{"href":"https:\/\/www.ufmg.br\/giz\/wp-json\/wp\/v2\/pages\/1325"}],"collection":[{"href":"https:\/\/www.ufmg.br\/giz\/wp-json\/wp\/v2\/pages"}],"about":[{"href":"https:\/\/www.ufmg.br\/giz\/wp-json\/wp\/v2\/types\/page"}],"author":[{"embeddable":true,"href":"https:\/\/www.ufmg.br\/giz\/wp-json\/wp\/v2\/users\/3"}],"replies":[{"embeddable":true,"href":"https:\/\/www.ufmg.br\/giz\/wp-json\/wp\/v2\/comments?post=1325"}],"version-history":[{"count":1,"href":"https:\/\/www.ufmg.br\/giz\/wp-json\/wp\/v2\/pages\/1325\/revisions"}],"predecessor-version":[{"id":1331,"href":"https:\/\/www.ufmg.br\/giz\/wp-json\/wp\/v2\/pages\/1325\/revisions\/1331"}],"wp:attachment":[{"href":"https:\/\/www.ufmg.br\/giz\/wp-json\/wp\/v2\/media?parent=1325"}],"curies":[{"name":"wp","href":"https:\/\/api.w.org\/{rel}","templated":true}]}}

Galeria Minicurso &#8220;Cultura do atalhamento: estudar para quê? Impactos das tecnologias digitais na educação&#8221;.

<p>Minicurso promovido pela Diretoria de Inovação e Metodologias de Ensino da Pró-Reitoria de Graduação (Giz/Prograd) em 29/11/2024</p>

<p>Minicurso promovido pela Diretoria de Inovação e Metodologias de Ensino [&hellip;]</p>
