{"id":1430,"date":"2025-03-11T15:58:10","date_gmt":"2025-03-11T18:58:10","guid":{"rendered":"https:\/\/www.ufmg.br\/giz\/?page_id=1430"},"modified":"2025-03-11T15:58:10","modified_gmt":"2025-03-11T18:58:10","slug":"integracao-docente-2024","status":"publish","type":"page","link":"https:\/\/www.ufmg.br\/giz\/integracao-docente-2024\/","title":{"rendered":"Integra\u00e7\u00e3o Docente \u2013 2024"},"content":{"rendered":"\n<p><br><strong>Primeiro Semestre<\/strong><\/p>\n\n\n\n<figure class=\"wp-block-image size-large\"><img loading=\"lazy\" width=\"819\" height=\"1024\" src=\"https:\/\/www.ufmg.br\/giz\/wp-content\/uploads\/2024\/03\/Integrac\u0327a\u0303o-Docente-2024-arte-final-redes-819x1024.jpg\" alt=\"\" class=\"wp-image-896\" srcset=\"https:\/\/www.ufmg.br\/giz\/wp-content\/uploads\/2024\/03\/Integrac\u0327a\u0303o-Docente-2024-arte-final-redes-819x1024.jpg 819w, https:\/\/www.ufmg.br\/giz\/wp-content\/uploads\/2024\/03\/Integrac\u0327a\u0303o-Docente-2024-arte-final-redes-240x300.jpg 240w, https:\/\/www.ufmg.br\/giz\/wp-content\/uploads\/2024\/03\/Integrac\u0327a\u0303o-Docente-2024-arte-final-redes-768x960.jpg 768w, https:\/\/www.ufmg.br\/giz\/wp-content\/uploads\/2024\/03\/Integrac\u0327a\u0303o-Docente-2024-arte-final-redes.jpg 1080w\" sizes=\"(max-width: 819px) 100vw, 819px\" \/><\/figure>\n\n\n\n<p>Link: <a rel=\"noreferrer noopener\" href=\"https:\/\/www.youtube.com\/watch?v=HxnCO_4CqFs\" data-type=\"URL\" data-id=\"https:\/\/www.youtube.com\/watch?v=HxnCO_4CqFs\" target=\"_blank\">Integra\u00e7\u00e3o Docente: &#8220;Outra Universidade \u00e9 poss\u00edvel&#8221;<\/a><br><br><strong>Segundo Semestre<\/strong><\/p>\n\n\n\n<figure class=\"wp-block-image size-large\"><img loading=\"lazy\" width=\"819\" height=\"1024\" src=\"https:\/\/www.ufmg.br\/giz\/wp-content\/uploads\/2024\/09\/Integracao-docente-folder-819x1024.png\" alt=\"\" class=\"wp-image-1154\" srcset=\"https:\/\/www.ufmg.br\/giz\/wp-content\/uploads\/2024\/09\/Integracao-docente-folder-819x1024.png 819w, https:\/\/www.ufmg.br\/giz\/wp-content\/uploads\/2024\/09\/Integracao-docente-folder-240x300.png 240w, https:\/\/www.ufmg.br\/giz\/wp-content\/uploads\/2024\/09\/Integracao-docente-folder-768x960.png 768w, https:\/\/www.ufmg.br\/giz\/wp-content\/uploads\/2024\/09\/Integracao-docente-folder.png 1080w\" sizes=\"(max-width: 819px) 100vw, 819px\" \/><\/figure>\n\n\n\n<p>Link: Integra\u00e7\u00e3o Docente: &#8220;<a rel=\"noreferrer noopener\" href=\"https:\/\/www.youtube.com\/watch?v=tmeqFdHcLxc\" target=\"_blank\">Universidade p\u00f3s-pand\u00eamica? Poss\u00edveis efeitos nos processos de ensino-aprendizagem<\/a>&#8220;<\/p>\n","protected":false},"excerpt":{"rendered":"<p>Primeiro Semestre Link: Integra\u00e7\u00e3o Docente: &#8220;Outra Universidade \u00e9 poss\u00edvel&#8221; Segundo [&hellip;]<\/p>\n","protected":false},"author":17,"featured_media":0,"parent":0,"menu_order":0,"comment_status":"closed","ping_status":"closed","template":"","meta":[],"acf":[],"_links":{"self":[{"href":"https:\/\/www.ufmg.br\/giz\/wp-json\/wp\/v2\/pages\/1430"}],"collection":[{"href":"https:\/\/www.ufmg.br\/giz\/wp-json\/wp\/v2\/pages"}],"about":[{"href":"https:\/\/www.ufmg.br\/giz\/wp-json\/wp\/v2\/types\/page"}],"author":[{"embeddable":true,"href":"https:\/\/www.ufmg.br\/giz\/wp-json\/wp\/v2\/users\/17"}],"replies":[{"embeddable":true,"href":"https:\/\/www.ufmg.br\/giz\/wp-json\/wp\/v2\/comments?post=1430"}],"version-history":[{"count":1,"href":"https:\/\/www.ufmg.br\/giz\/wp-json\/wp\/v2\/pages\/1430\/revisions"}],"predecessor-version":[{"id":1431,"href":"https:\/\/www.ufmg.br\/giz\/wp-json\/wp\/v2\/pages\/1430\/revisions\/1431"}],"wp:attachment":[{"href":"https:\/\/www.ufmg.br\/giz\/wp-json\/wp\/v2\/media?parent=1430"}],"curies":[{"name":"wp","href":"https:\/\/api.w.org\/{rel}","templated":true}]}}