{"id":178,"date":"2022-09-23T14:00:31","date_gmt":"2022-09-23T17:00:31","guid":{"rendered":"https:\/\/www.ufmg.br\/giz?page_id=178"},"modified":"2024-03-05T11:17:59","modified_gmt":"2024-03-05T14:17:59","slug":"percurso-discente-universitario","status":"publish","type":"page","link":"https:\/\/www.ufmg.br\/giz\/percurso-discente-universitario\/","title":{"rendered":"PerCurso Discente Universit\u00e1rio"},"content":{"rendered":"<p align=\"justify\"><img loading=\"lazy\" class=\"alignnone wp-image-680 \" src=\"https:\/\/www.ufmg.br\/giz\/wp-content\/uploads\/2023\/07\/LogoPDU-ai-1.jpg\" alt=\"\" width=\"531\" height=\"285\" data-wp-editing=\"1\" srcset=\"https:\/\/www.ufmg.br\/giz\/wp-content\/uploads\/2023\/07\/LogoPDU-ai-1.jpg 1080w, https:\/\/www.ufmg.br\/giz\/wp-content\/uploads\/2023\/07\/LogoPDU-ai-1-300x161.jpg 300w, https:\/\/www.ufmg.br\/giz\/wp-content\/uploads\/2023\/07\/LogoPDU-ai-1-1024x550.jpg 1024w, https:\/\/www.ufmg.br\/giz\/wp-content\/uploads\/2023\/07\/LogoPDU-ai-1-768x412.jpg 768w\" sizes=\"(max-width: 531px) 100vw, 531px\" \/><\/p>\n<h4><strong>Atividade suspensa &#8211; sem previs\u00e3o de novas ofertas a partir de 2024<\/strong><\/h4>\n<p>&nbsp;<\/p>\n<p>O Percurso Discente Universit\u00e1rio (PDU)\u00a0\u00e9\u00a0uma a\u00e7\u00e3o focada no desenvolvimento de habilidades e letramento cient\u00edfico, incentivando a constru\u00e7\u00e3o da\u00a0autonomia dos estudantes dentro do meio acad\u00eamico, por meio de diversas oficinas, como: oficinas introdut\u00f3rias de escrita acad\u00eamica, mapas conceituais, redes de aprendizagem, cuidados com a voz, planejamento de jogos digitais em contexto educativo e produ\u00e7\u00e3o de v\u00eddeos. Diante disso, a abertura e o encerramento do PDU s\u00e3o presenciais. Durante o PerCurso, cada aluno, al\u00e9m de atividades comuns, tamb\u00e9m cursa uma oficina a dist\u00e2ncia. Por fim, ao final do PerCurso,\u00a0o aluno apresenta uma proposta de trabalho a partir do seu aprendizado e compartilha no semin\u00e1rio de encerramento.<\/p>\n<p>O PDU\u00a0foi criado\u00a0em 2013 objetivando oferecer ferramentas que permitissem ao discente de gradua\u00e7\u00e3o trabalhar sua autonomia e independ\u00eancia durante seu percurso universit\u00e1rio.<\/p>\n<div id=\"sp-ea-312\" class=\"sp-ea-one sp-easy-accordion\" data-ex-icon=\"fa-minus\" data-col-icon=\"fa-plus\"  data-ea-active=\"ea-click\"  data-ea-mode=\"vertical\" data-preloader=\"\"><div class=\"ea-card  sp-ea-single\"><h3 class=\"ea-header\"><a class=\"collapsed\" data-sptoggle=\"spcollapse\" data-sptarget=#collapse3120 href=\"javascript:void(0)\" aria-expanded=\"false\"><i class=\"ea-expand-icon fa fa-plus\"><\/i> OBJETIVOS<\/a><\/h3><div class=\"sp-collapse spcollapse spcollapse\" id=\"collapse3120\" data-parent=#sp-ea-312><div class=\"ea-body\"><p>O PerCurso Discente\u00a0visa\u00a0identificar, promover e aprimorar as habilidades necess\u00e1rias ao estudante de gradua\u00e7\u00e3o no desenvolvimento da sua autonomia na vida acad\u00eamica,\u00a0incentivando a viv\u00eancia e conviv\u00eancia universit\u00e1ria, possibilitando a reflex\u00e3o sobre sua trajet\u00f3ria profissional.\u00a0Embora voltado para alunos dos per\u00edodos iniciais, o PDU cumpre tamb\u00e9m o objetivo de oferecer um espa\u00e7o de produ\u00e7\u00e3o discente para alunos de cursos, per\u00edodos, \u00e1reas, turnos e campi distintos, portanto tem car\u00e1ter interdisciplinar e eminentemente pr\u00e1tico.<\/p>\n<\/div><\/div><\/div><div class=\"ea-card  sp-ea-single\"><h3 class=\"ea-header\"><a class=\"collapsed\" data-sptoggle=\"spcollapse\" data-sptarget=#collapse3121 href=\"javascript:void(0)\" aria-expanded=\"false\"><i class=\"ea-expand-icon fa fa-plus\"><\/i> P\u00daBLICO-ALVO<\/a><\/h3><div class=\"sp-collapse spcollapse spcollapse\" id=\"collapse3121\" data-parent=#sp-ea-312><div class=\"ea-body\"><p>Estudantes de gradua\u00e7\u00e3o da UFMG.<\/p>\n<\/div><\/div><\/div><div class=\"ea-card  sp-ea-single\"><h3 class=\"ea-header\"><a class=\"collapsed\" data-sptoggle=\"spcollapse\" data-sptarget=#collapse3122 href=\"javascript:void(0)\" aria-expanded=\"false\"><i class=\"ea-expand-icon fa fa-plus\"><\/i> ORGANIZA\u00c7\u00c3O<\/a><\/h3><div class=\"sp-collapse spcollapse spcollapse\" id=\"collapse3122\" data-parent=#sp-ea-312><div class=\"ea-body\">No Content<\/div><\/div><\/div><div class=\"ea-card  sp-ea-single\"><h3 class=\"ea-header\"><a class=\"collapsed\" data-sptoggle=\"spcollapse\" data-sptarget=#collapse3123 href=\"javascript:void(0)\" aria-expanded=\"false\"><i class=\"ea-expand-icon fa fa-plus\"><\/i> COORDENA\u00c7\u00c3O<\/a><\/h3><div class=\"sp-collapse spcollapse spcollapse\" id=\"collapse3123\" data-parent=#sp-ea-312><div class=\"ea-body\"><p>Paulo Mariano Eul\u00e1lio Campos<br \/>\nPatr\u00edcia Carla O. Silva<br \/>\nZulmira Medeiros Roque<\/p>\n<\/div><\/div><\/div><div class=\"ea-card  sp-ea-single\"><h3 class=\"ea-header\"><a class=\"collapsed\" data-sptoggle=\"spcollapse\" data-sptarget=#collapse3124 href=\"javascript:void(0)\" aria-expanded=\"false\"><i class=\"ea-expand-icon fa fa-plus\"><\/i> COMO PARTICIPAR E CONTATOS<\/a><\/h3><div class=\"sp-collapse spcollapse spcollapse\" id=\"collapse3124\" data-parent=#sp-ea-312><div class=\"ea-body\"><p>As inscri\u00e7\u00f5es e informa\u00e7\u00f5es s\u00e3o divulgadas nas redes sociais e site do GIZ entre os meses de julho e agosto.<\/p>\n<p>E-mail: giz@prograd.ufmg.br<\/p>\n<\/div><\/div><\/div><div class=\"ea-card  sp-ea-single\"><h3 class=\"ea-header\"><a class=\"collapsed\" data-sptoggle=\"spcollapse\" data-sptarget=#collapse3125 href=\"javascript:void(0)\" aria-expanded=\"false\"><i class=\"ea-expand-icon fa fa-plus\"><\/i> GALERIA<\/a><\/h3><div class=\"sp-collapse spcollapse spcollapse\" id=\"collapse3125\" data-parent=#sp-ea-312><div class=\"ea-body\"><p><a href=\"https:\/\/www.ufmg.br\/giz\/fotos-percurso-discente-universitario\/\">Galeria PerCurso Discente Universit\u00e1rio<\/a><\/p>\n<\/div><\/div><\/div><\/div>\n","protected":false},"excerpt":{"rendered":"<p>Atividade suspensa &#8211; sem previs\u00e3o de novas ofertas a partir [&hellip;]<\/p>\n","protected":false},"author":7,"featured_media":0,"parent":0,"menu_order":0,"comment_status":"closed","ping_status":"closed","template":"","meta":[],"acf":[],"_links":{"self":[{"href":"https:\/\/www.ufmg.br\/giz\/wp-json\/wp\/v2\/pages\/178"}],"collection":[{"href":"https:\/\/www.ufmg.br\/giz\/wp-json\/wp\/v2\/pages"}],"about":[{"href":"https:\/\/www.ufmg.br\/giz\/wp-json\/wp\/v2\/types\/page"}],"author":[{"embeddable":true,"href":"https:\/\/www.ufmg.br\/giz\/wp-json\/wp\/v2\/users\/7"}],"replies":[{"embeddable":true,"href":"https:\/\/www.ufmg.br\/giz\/wp-json\/wp\/v2\/comments?post=178"}],"version-history":[{"count":14,"href":"https:\/\/www.ufmg.br\/giz\/wp-json\/wp\/v2\/pages\/178\/revisions"}],"predecessor-version":[{"id":920,"href":"https:\/\/www.ufmg.br\/giz\/wp-json\/wp\/v2\/pages\/178\/revisions\/920"}],"wp:attachment":[{"href":"https:\/\/www.ufmg.br\/giz\/wp-json\/wp\/v2\/media?parent=178"}],"curies":[{"name":"wp","href":"https:\/\/api.w.org\/{rel}","templated":true}]}}