{"id":1842,"date":"2025-11-11T16:49:06","date_gmt":"2025-11-11T19:49:06","guid":{"rendered":"https:\/\/www.ufmg.br\/giz\/?page_id=1842"},"modified":"2026-03-26T11:00:59","modified_gmt":"2026-03-26T14:00:59","slug":"edital-giz-prograd-no-004-2025-2","status":"publish","type":"page","link":"https:\/\/www.ufmg.br\/giz\/edital-giz-prograd-no-004-2025-2\/","title":{"rendered":"EDITAL GIZ\/PROGRAD N\u00ba 004\/2025"},"content":{"rendered":"\r\n<p><strong>SELE\u00c7\u00c3O DO PROGRAMA DE INOVA\u00c7\u00c3O E METODOLOGIA DE ENSINO- PIME GRADUA\u00c7\u00c3O BOLSAS E ATIVIDADE VOLUNT\u00c1RIA \u2013 PERFIL M\u00cdDIAS\/EDUCA\u00c7\u00c3O MODALIDADE AMPLA CONCORR\u00caNCIA E ATIVIDADE VOLUNT\u00c1RIA \u2013 CAMPUS MONTES CLAROS \u2013 ICA<\/strong>\u00a0<br \/>A Diretora da Diretoria de Inova\u00e7\u00e3o e Metodologias de Ensino \u2013 GIZ, da Pr\u00f3-Reitoria de Gradua\u00e7\u00e3o da Universidade Federal de Minas Gerais \u2013 PROGRAD\/UFMG, Professora Br\u00e9scia Fran\u00e7a Nonato, faz saber que, no per\u00edodo 27\/02\/2025 at\u00e9 as 23h59min do dia 16\/03\/2025, esta Diretoria receber\u00e1 inscri\u00e7\u00f5es de candidatos(as) para o exame de sele\u00e7\u00e3o destinado ao preenchimento de vaga e \u00e0 forma\u00e7\u00e3o de cadastro reserva para o Programa de Inova\u00e7\u00e3o e Metodologia de Ensino (PIME \u2013 Gradua\u00e7\u00e3o) na modalidade ampla concorr\u00eancia e\u00a0 atividade volunt\u00e1ria \u2013 Perfil M\u00eddias\/Educa\u00e7\u00e3o, campus Montes Claros da UFMG, conforme\u00a0<a href=\"https:\/\/www.ufmg.br\/giz\/wp-content\/uploads\/2025\/02\/Edital-004-PIME-ICA-2025-MIDIAS-EDUCACAO-BOLSA-GRADUACAO-E-ATIVIDADE-VOLUNTARIA.pdf\">Edital 004\/2025.<\/a><\/p>\r\n\r\n\r\n\r\n<p>Para se inscrever, \u00e9 necess\u00e1rio preencher o\u00a0<a href=\"https:\/\/docs.google.com\/forms\/d\/e\/1FAIpQLSdATj9RfUqZm8NLVal4rHR7DM30nffWqgbvCZqggSqH9czXBQ\/viewform?usp=sf_link\" target=\"_blank\" rel=\"noreferrer noopener\">Formul\u00e1rio de inscri\u00e7\u00e3o.<\/a><\/p>\r\n\r\n\r\n\r\n<p>Resultado da primeira fase dispon\u00edvel,\u00a0<a href=\"https:\/\/www.ufmg.br\/giz\/wp-content\/uploads\/2025\/03\/Edital-004-2025-PIME-Midias-Educacao-ICA-Resultado-Primeira-Fase.pdf\">clique aqui.<\/a><\/p>\r\n\r\n\r\n\r\n<p>Resultado final dispon\u00edvel,\u00a0<a href=\"https:\/\/www.ufmg.br\/giz\/wp-content\/uploads\/2025\/03\/Edital-004-2025-PIME-Midias-Educacao-Resultado-Final.pdf\">clique aqui.<\/a><\/p>\r\n","protected":false},"excerpt":{"rendered":"<p>SELE\u00c7\u00c3O DO PROGRAMA DE INOVA\u00c7\u00c3O E METODOLOGIA DE ENSINO- PIME [&hellip;]<\/p>\n","protected":false},"author":17,"featured_media":0,"parent":0,"menu_order":0,"comment_status":"closed","ping_status":"closed","template":"","meta":[],"acf":[],"_links":{"self":[{"href":"https:\/\/www.ufmg.br\/giz\/wp-json\/wp\/v2\/pages\/1842"}],"collection":[{"href":"https:\/\/www.ufmg.br\/giz\/wp-json\/wp\/v2\/pages"}],"about":[{"href":"https:\/\/www.ufmg.br\/giz\/wp-json\/wp\/v2\/types\/page"}],"author":[{"embeddable":true,"href":"https:\/\/www.ufmg.br\/giz\/wp-json\/wp\/v2\/users\/17"}],"replies":[{"embeddable":true,"href":"https:\/\/www.ufmg.br\/giz\/wp-json\/wp\/v2\/comments?post=1842"}],"version-history":[{"count":3,"href":"https:\/\/www.ufmg.br\/giz\/wp-json\/wp\/v2\/pages\/1842\/revisions"}],"predecessor-version":[{"id":1984,"href":"https:\/\/www.ufmg.br\/giz\/wp-json\/wp\/v2\/pages\/1842\/revisions\/1984"}],"wp:attachment":[{"href":"https:\/\/www.ufmg.br\/giz\/wp-json\/wp\/v2\/media?parent=1842"}],"curies":[{"name":"wp","href":"https:\/\/api.w.org\/{rel}","templated":true}]}}