{"id":1917,"date":"2025-11-18T17:09:33","date_gmt":"2025-11-18T20:09:33","guid":{"rendered":"https:\/\/www.ufmg.br\/giz\/?page_id=1917"},"modified":"2025-11-18T17:12:26","modified_gmt":"2025-11-18T20:12:26","slug":"galeria-do-pre-congresso-des-encontros-com-a-inteligencia-artificial-ensinar-e-aprender-por-que-para-que-para-quem-e-como","status":"publish","type":"page","link":"https:\/\/www.ufmg.br\/giz\/galeria-do-pre-congresso-des-encontros-com-a-inteligencia-artificial-ensinar-e-aprender-por-que-para-que-para-quem-e-como\/","title":{"rendered":"Galeria do pr\u00e9-congresso: (Des) Encontros com a Intelig\u00eancia Artificial: ensinar e aprender por qu\u00ea, para qu\u00ea, para quem e como?  (Manh\u00e3)"},"content":{"rendered":"\n<p>Galeria do evento ministrado pela equipe da Diretoria de Inova\u00e7\u00e3o e Metodologias de Ensino (Giz) no dia 30\/10\/2025 em prepara\u00e7\u00e3o para a oitava edi\u00e7\u00e3o do Congresso de Inova\u00e7\u00e3o e Metodologias no Ensino Superior e Tecnol\u00f3gico.<\/p>\n","protected":false},"excerpt":{"rendered":"<p>Galeria do evento ministrado pela equipe da Diretoria de Inova\u00e7\u00e3o [&hellip;]<\/p>\n","protected":false},"author":17,"featured_media":0,"parent":0,"menu_order":0,"comment_status":"closed","ping_status":"closed","template":"","meta":[],"acf":[],"_links":{"self":[{"href":"https:\/\/www.ufmg.br\/giz\/wp-json\/wp\/v2\/pages\/1917"}],"collection":[{"href":"https:\/\/www.ufmg.br\/giz\/wp-json\/wp\/v2\/pages"}],"about":[{"href":"https:\/\/www.ufmg.br\/giz\/wp-json\/wp\/v2\/types\/page"}],"author":[{"embeddable":true,"href":"https:\/\/www.ufmg.br\/giz\/wp-json\/wp\/v2\/users\/17"}],"replies":[{"embeddable":true,"href":"https:\/\/www.ufmg.br\/giz\/wp-json\/wp\/v2\/comments?post=1917"}],"version-history":[{"count":2,"href":"https:\/\/www.ufmg.br\/giz\/wp-json\/wp\/v2\/pages\/1917\/revisions"}],"predecessor-version":[{"id":1943,"href":"https:\/\/www.ufmg.br\/giz\/wp-json\/wp\/v2\/pages\/1917\/revisions\/1943"}],"wp:attachment":[{"href":"https:\/\/www.ufmg.br\/giz\/wp-json\/wp\/v2\/media?parent=1917"}],"curies":[{"name":"wp","href":"https:\/\/api.w.org\/{rel}","templated":true}]}}