{"id":536,"date":"2023-06-20T08:39:27","date_gmt":"2023-06-20T11:39:27","guid":{"rendered":"https:\/\/www.ufmg.br\/giz?page_id=536"},"modified":"2023-06-20T08:39:28","modified_gmt":"2023-06-20T11:39:28","slug":"edital-001-2022-pime-midias-educacao","status":"publish","type":"page","link":"https:\/\/www.ufmg.br\/giz\/edital-001-2022-pime-midias-educacao\/","title":{"rendered":"Edital 001\/2022 \u2013 PIME M\u00eddias Educa\u00e7\u00e3o"},"content":{"rendered":"\n<p>A Diretoria de Inova\u00e7\u00e3o e Metodologias de Ensino \u2013 GIZ, da Pr\u00f3-Reitoria de Gradua\u00e7\u00e3o da Universidade Federal de Minas Gerais \u2013 PROGRAD\/UFMG torna p\u00fablica a divulga\u00e7\u00e3o do resultado final do Edital de Sele\u00e7\u00e3o do Programa de Bolsas da Gradua\u00e7\u00e3o da PROGRAD e Atividade Volunt\u00e1ria \u2013 perfil M\u00eddias\/Educa\u00e7\u00e3o.<\/p>\n\n\n\n<p><a href=\"https:\/\/drive.google.com\/file\/d\/1E1u74GxvGv_FkzPDmBzNbkC-iPorfMDc\/view?usp=sharing\" target=\"_blank\" rel=\"noreferrer noopener\">Resultado Final<\/a><\/p>\n\n\n\n<p><a href=\"https:\/\/drive.google.com\/file\/d\/11BVl9dO0ma5a0hXhU0f8L_rj-59yvXg7\/view?usp=sharing\" target=\"_blank\" rel=\"noreferrer noopener\">EDITAL GIZ\/PROGRAD N\u00ba 001 \/2022<\/a><\/p>\n\n\n\n<p>Em caso de d\u00favidas, envie um e-mail para giz@prograd.ufmg.br<\/p>\n","protected":false},"excerpt":{"rendered":"<p>A Diretoria de Inova\u00e7\u00e3o e Metodologias de Ensino \u2013 GIZ, [&hellip;]<\/p>\n","protected":false},"author":3,"featured_media":0,"parent":0,"menu_order":0,"comment_status":"closed","ping_status":"closed","template":"","meta":[],"acf":[],"_links":{"self":[{"href":"https:\/\/www.ufmg.br\/giz\/wp-json\/wp\/v2\/pages\/536"}],"collection":[{"href":"https:\/\/www.ufmg.br\/giz\/wp-json\/wp\/v2\/pages"}],"about":[{"href":"https:\/\/www.ufmg.br\/giz\/wp-json\/wp\/v2\/types\/page"}],"author":[{"embeddable":true,"href":"https:\/\/www.ufmg.br\/giz\/wp-json\/wp\/v2\/users\/3"}],"replies":[{"embeddable":true,"href":"https:\/\/www.ufmg.br\/giz\/wp-json\/wp\/v2\/comments?post=536"}],"version-history":[{"count":1,"href":"https:\/\/www.ufmg.br\/giz\/wp-json\/wp\/v2\/pages\/536\/revisions"}],"predecessor-version":[{"id":537,"href":"https:\/\/www.ufmg.br\/giz\/wp-json\/wp\/v2\/pages\/536\/revisions\/537"}],"wp:attachment":[{"href":"https:\/\/www.ufmg.br\/giz\/wp-json\/wp\/v2\/media?parent=536"}],"curies":[{"name":"wp","href":"https:\/\/api.w.org\/{rel}","templated":true}]}}