{"id":637,"date":"2023-07-11T10:07:07","date_gmt":"2023-07-11T13:07:07","guid":{"rendered":"https:\/\/www.ufmg.br\/giz?page_id=637"},"modified":"2023-07-11T10:20:09","modified_gmt":"2023-07-11T13:20:09","slug":"edital-de-selecao-003-2018-processo-seletivo-para-complementacao-de-bolsa-pifd","status":"publish","type":"page","link":"https:\/\/www.ufmg.br\/giz\/edital-de-selecao-003-2018-processo-seletivo-para-complementacao-de-bolsa-pifd\/","title":{"rendered":"Edital de Sele\u00e7\u00e3o 003\/2018 &#8211; Processo Seletivo para Complementa\u00e7\u00e3o de Bolsa PIFD"},"content":{"rendered":"\r\n<p>A Diretoria de Inova\u00e7\u00e3o e Metodologias de Ensino \u2013 GIZ, vinculada \u00e0 Pr\u00f3-Reitoria de Gradua\u00e7\u00e3o da UFMG, informa a publica\u00e7\u00e3o do <a href=\"https:\/\/www.ufmg.br\/giz\/wp-content\/uploads\/2023\/07\/RESULTADO-FINAL-CANDIDATOS-CLASSIFICADOS-E-NAO-CLASSIFICADOS-EDITAL-GIZ-PROGRAD-Nr-003-2018.pdf\">Resultado Final<\/a><br \/><br \/><a href=\"https:\/\/www.ufmg.br\/giz\/wp-content\/uploads\/2023\/07\/CANDIDATOS-CLASSIFICADOS-E-NAO-CLASSIFICADOS-EDITAL-GIZ-PROGRAD-Nr-003-2018.pdf\">Resultado Primeira Fase<\/a><br \/><br \/><a href=\"https:\/\/www.ufmg.br\/giz\/wp-content\/uploads\/2023\/07\/INSCRICOES-INDEFERIDAS-EDITAL-GIZ-PROGRAD-No-003-2018.pdf\">Inscri\u00e7\u00f5es indeferidas<\/a><br \/><br \/><a href=\"https:\/\/www.ufmg.br\/giz\/wp-content\/uploads\/2023\/07\/Escala-de-Entrevistas-Selecao-Complementacao-de-Bolsa-M-D-PIFD-GIZ-PROGRAD-Edital-GIZ-PROGRAD-No-003-2018.pdf\">Escala de entrevistas<\/a><br \/><br \/>do Processo Seletivo para Complementa\u00e7\u00e3o de Bolsa PIFD GIZ PROGRAD, conforme <a href=\"https:\/\/www.ufmg.br\/giz\/wp-content\/uploads\/2023\/07\/EDITAL-GIZ-PROGRAD-003-2018-Selecao-Complementacao-de-Bolsa-PIFD-Mestrado-e-Doutorado.pdf\">EDITAL GIZ-PROGRAD 003\/2018<\/a> e <a href=\"https:\/\/www.ufmg.br\/giz\/wp-content\/uploads\/2023\/07\/RETIFICACAO-No-002-EDITAL-GIZ-PROGRAD-003-2018.pdf\">Retifica\u00e7\u00e3o 002.<\/a><br \/><br \/><\/p>\r\n\r\n\r\n\r\n<p>Maiores informa\u00e7\u00f5es, atrav\u00e9s do telefone 3409 6451, no hor\u00e1rio de 08:00 \u00e0s 11:30 horas ou de 14:00 \u00e0s 16:30 horas.<\/p>\r\n","protected":false},"excerpt":{"rendered":"<p>A Diretoria de Inova\u00e7\u00e3o e Metodologias de Ensino \u2013 GIZ, [&hellip;]<\/p>\n","protected":false},"author":3,"featured_media":0,"parent":0,"menu_order":0,"comment_status":"closed","ping_status":"closed","template":"","meta":[],"acf":[],"_links":{"self":[{"href":"https:\/\/www.ufmg.br\/giz\/wp-json\/wp\/v2\/pages\/637"}],"collection":[{"href":"https:\/\/www.ufmg.br\/giz\/wp-json\/wp\/v2\/pages"}],"about":[{"href":"https:\/\/www.ufmg.br\/giz\/wp-json\/wp\/v2\/types\/page"}],"author":[{"embeddable":true,"href":"https:\/\/www.ufmg.br\/giz\/wp-json\/wp\/v2\/users\/3"}],"replies":[{"embeddable":true,"href":"https:\/\/www.ufmg.br\/giz\/wp-json\/wp\/v2\/comments?post=637"}],"version-history":[{"count":4,"href":"https:\/\/www.ufmg.br\/giz\/wp-json\/wp\/v2\/pages\/637\/revisions"}],"predecessor-version":[{"id":648,"href":"https:\/\/www.ufmg.br\/giz\/wp-json\/wp\/v2\/pages\/637\/revisions\/648"}],"wp:attachment":[{"href":"https:\/\/www.ufmg.br\/giz\/wp-json\/wp\/v2\/media?parent=637"}],"curies":[{"name":"wp","href":"https:\/\/api.w.org\/{rel}","templated":true}]}}